-- Table structure for table `ci_estimates_items`
--

CREATE TABLE IF NOT EXISTS `ci_estimates_items` (
  `estimate_item_id` int NOT NULL AUTO_INCREMENT,
  `estimate_id` int NOT NULL,
  `project_id` int NOT NULL,
  `item_name` varchar(255) NOT NULL,
  `item_qty` varchar(255) NOT NULL,
  `item_unit_price` decimal(65,2) NOT NULL DEFAULT '0.00',
  `item_sub_total` decimal(65,2) NOT NULL DEFAULT '0.00',
  `created_at` varchar(255) NOT NULL,
  PRIMARY KEY (`estimate_item_id`)
) ENGINE=InnoDB AUTO_INCREMENT=12 DEFAULT CHARSET=utf8mb3;

--
-- Dumping data for table `ci_estimates_items`
--

INSERT INTO `ci_estimates_items` (`estimate_item_id`, `estimate_id`, `project_id`, `item_name`, `item_qty`, `item_unit_price`, `item_sub_total`, `created_at`) VALUES
(1, 1, 1, 'Invest Management', '1', 512.00, 512.00, '15-05-2021 14:19:12'),
(2, 2, 2, '6 months premium support', '1', 500.00, 500.00, '15-05-2021 14:23:05'),
(3, 2, 2, 'Front-end Development', '1', 200.00, 200.00, '15-05-2021 14:23:05'),
(4, 3, 2, 'UX Research', '1', 150.00, 150.00, '15-05-2021 14:24:02'),
(5, 3, 2, 'UX Design', '1', 180.00, 180.00, '15-05-2021 14:24:02'),
(6, 4, 2, 'Search Engines Optimization', '1', 250.00, 250.00, '15-05-2021 15:20:10'),
(8, 5, 1, 'Test12', '1', 128.01, 128.01, '17-06-2021 17:04:24'),
(9, 2, 2, 'Development 2', '1', 14.00, 14.00, '17-06-2021 17:23:26'),
(10, 6, 1, 'asdasdsa', '1', 12.00, 12.00, '19-06-2021 18:46:11'),
(11, 7, 1, 'asdasdsa', '1', 20.00, 20.00, '22-06-2021 06:39:08');

-- --------------------------------------------------------

--
-- Table structure for table `ci_events`
--

CREATE TABLE IF NOT EXISTS `ci_events` (
  `event_id` int NOT NULL AUTO_INCREMENT,
  `company_id` int NOT NULL,
  `employee_id` varchar(255) DEFAULT NULL,
  `event_title` varchar(255) NOT NULL,
  `event_date` varchar(255) NOT NULL,
  `event_time` varchar(255) NOT NULL,
  `event_note` mediumtext NOT NULL,
  `event_color` varchar(200) NOT NULL,
  `is_show_calendar` int NOT NULL,
  `created_at` varchar(255) NOT NULL,
  PRIMARY KEY (`event_id`)
) ENGINE=InnoDB AUTO_INCREMENT=3 DEFAULT CHARSET=utf8mb3;

--
-- Dumping data for table `ci_events`
--

INSERT INTO `ci_events` (`event_id`, `company_id`, `employee_id`, `event_title`, `event_date`, `event_time`, `event_note`, `event_color`, `is_show_calendar`, `created_at`) VALUES
(1, 2, '0,3,5', 'asdsa', '2021-08-01', '02:15', 'sdfdsfd', '#7267EF', 0, '31-07-2021 05:15:34'),
(2, 142, '0,692', 'ترقية وتكريم', '2023-05-02', '00:02', 'ترقية وتكريم', '#7267EF', 1, '30-04-2023 05:48:19');

-- --------------------------------------------------------

--
-- Table structure for table `ci_finance_accounts`
--

CREATE TABLE IF NOT EXISTS `ci_finance_accounts` (
  `account_id` int NOT NULL AUTO_INCREMENT,
  `company_id` int NOT NULL,
  `account_name` varchar(255) NOT NULL,
  `account_balance` decimal(65,2) NOT NULL DEFAULT '0.00',
  `account_opening_balance` decimal(65,2) NOT NULL DEFAULT '0.00',
  `account_number` varchar(255) NOT NULL,
  `branch_code` varchar(255) NOT NULL,
  `bank_branch` text NOT NULL,
  `created_at` varchar(255) NOT NULL,
  PRIMARY KEY (`account_id`)
) ENGINE=InnoDB AUTO_INCREMENT=7 DEFAULT CHARSET=utf8mb3;

--
-- Dumping data for table `ci_finance_accounts`
--

INSERT INTO `ci_finance_accounts` (`account_id`, `company_id`, `account_name`, `account_balance`, `account_opening_balance`, `account_number`, `branch_code`, `bank_branch`, `created_at`) VALUES
(1, 2, 'Sberbank', 10000000.00, 10000000.00, 'RU89652373', 'R8526978', 'Moscow, Russia', '15-05-2021 04:40:24'),
(2, 2, 'PromSvyaz Bank', 10000000.00, 10000000.00, 'RU85963217', 'R785635', 'Moscow, Russia', '15-05-2021 04:41:11'),
(3, 2, 'UniCredit Bank', 10000000.00, 10000000.00, 'RU85296324', 'R8526391', 'Moscow, Russia', '15-05-2021 04:41:54'),
(4, 42, 'حميد', 5000.00, 5000.00, '44800', '1', 'الاهلي', '12-11-2022 02:14:51'),
(5, 24, 'بنك الراجحي', 2000000.00, 2000000.00, '1', '1', '', '16-02-2023 11:19:19'),
(6, 724, 'البنك الاهلي المصري', 20000000.00, 20000000.00, '159687432', '1', 'المهندسين', '05-11-2025 01:57:56');

-- --------------------------------------------------------

--
-- Table structure for table `ci_finance_entity`
--

CREATE TABLE IF NOT EXISTS `ci_finance_entity` (
  `entity_id` int NOT NULL AUTO_INCREMENT,
  `company_id` int NOT NULL,
  `name` varchar(100) NOT NULL,
  `contact_number` varchar(100) NOT NULL,
  `type` varchar(15) NOT NULL,
  `created_at` varchar(100) NOT NULL,
  PRIMARY KEY (`entity_id`)
) ENGINE=MyISAM DEFAULT CHARSET=utf8mb3;

-- --------------------------------------------------------

--
-- Table structure for table `ci_finance_membership_invoices`
--

CREATE TABLE IF NOT EXISTS `ci_finance_membership_invoices` (
  `membership_invoice_id` int NOT NULL AUTO_INCREMENT,
  `invoice_id` varchar(50) DEFAULT NULL,
  `company_id` int NOT NULL,
  `membership_id` int NOT NULL,
  `subscription_id` varchar(50) DEFAULT NULL,
  `membership_type` varchar(200) NOT NULL,
  `subscription` varchar(200) NOT NULL,
  `invoice_month` varchar(255) DEFAULT NULL,
  `membership_price` decimal(65,2) NOT NULL DEFAULT '0.00',
  `payment_method` varchar(200) NOT NULL,
  `transaction_date` varchar(200) NOT NULL,
  `description` mediumtext NOT NULL,
  `receipt_url` longtext,
  `source_info` varchar(10) DEFAULT NULL,
  `created_at` varchar(200) NOT NULL,
  PRIMARY KEY (`membership_invoice_id`)
) ENGINE=InnoDB AUTO_INCREMENT=39 DEFAULT CHARSET=utf8mb3;

--
-- Dumping data for table `ci_finance_membership_invoices`
--

INSERT INTO `ci_finance_membership_invoices` (`membership_invoice_id`, `invoice_id`, `company_id`, `membership_id`, `subscription_id`, `membership_type`, `subscription`, `invoice_month`, `membership_price`, `payment_method`, `transaction_date`, `description`, `receipt_url`, `source_info`, `created_at`) VALUES
(4, 'txn_1IrrDtJck1huBCXGA8vOl02B', 2, 6, '100585963', 'Pro Plan', '2', '2021-05', 29.55, 'Stripe', '2021-05-16 05:10:07', 'Free server unlimited approx 255k+ Premium collection', 'https://pay.stripe.com/receipts/acct_1IrqtWJck1huBCXG/ch_1IrrDtJck1huBCXGqfwL3dq1/rcpt_JUqvscRiEiwQefQT3A2WohxrEf7vOIx', 'visa', '2021-05-16 05:10:07'),
(6, 'WBXJXJ8893AY6', 2, 6, '100585963', 'Pro Plan', '2', '2021-05', 29.55, 'PayPal', '2021-05-17 04:07:01', 'Free server unlimited approx 255k+ Premium collection', 'paypal invoice', 'paypal', '2021-05-17 04:07:01'),
(21, 'pay_Hg4KYzYKLmCtsc', 2, 6, '100585963', 'Pro Plan', '2', '2021-08', 2167.79, 'Razorpay', '2021-08-01 04:40:12', 'Free server unlimited approx 255k+ Premium collection', 'razorpay invoice', 'razorpay', '2021-08-01 04:40:12'),
(27, 'txn_3JLZ7WJck1huBCXG0czFTGaT', 2, 6, '100585963', 'Pro Plan', '2', '2021-08', 34.55, 'Stripe', '2021-08-06 03:54:19', 'Free server unlimited approx 255k+ Premium collection', 'https://pay.stripe.com/receipts/acct_1IrqtWJck1huBCXG/ch_3JLZ7WJck1huBCXG0WBWgahw/rcpt_JzYDEFpfQnT5IbtgDYZzQqclUFXTht7', 'visa', '2021-08-06 03:54:19'),
(28, 'txn_3JLZ8lJck1huBCXG0jFdlOlk', 2, 2, '100142725', 'Silver Plan', '3', '2021-08', 109.88, 'Stripe', '2021-08-06 03:55:36', 'Free server unlimited approx 255k+', 'https://pay.stripe.com/receipts/acct_1IrqtWJck1huBCXG/ch_3JLZ8lJck1huBCXG0Tskxwc1/rcpt_JzYFbYHfrpdnF1ZzNDYxQDAHqLcJ0So', 'visa', '2021-08-06 03:55:36'),
(29, 'WBXJXJ8893AY6', 2, 6, '100585963', 'Pro Plan', '2', '2021-08', 32.51, 'PayPal', '2021-08-06 03:56:16', 'Free server unlimited approx 255k+ Premium collection', 'paypal invoice', 'paypal', '2021-08-06 03:56:16'),
(30, 'WBXJXJ8893AY6', 2, 2, '100142725', 'Silver Plan', '3', '2021-08', 109.88, 'PayPal', '2021-08-06 03:59:00', 'Free server unlimited approx 255k+', 'paypal invoice', 'paypal', '2021-08-06 03:59:00'),
(31, 'WBXJXJ8893AY6', 2, 6, '100585963', 'Pro Plan', '2', '2021-08', 34.55, 'PayPal', '2021-08-06 04:00:15', 'Free server unlimited approx 255k+ Premium collection', 'paypal invoice', 'paypal', '2021-08-06 04:00:15'),
(32, 'WBXJXJ8893AY6', 2, 2, '100142725', 'Silver Plan', '3', '2021-08', 3.30, 'PayPal', '2021-08-06 06:36:42', 'Free server unlimited approx 255k+', 'paypal invoice', 'paypal', '2021-08-06 06:36:42'),
(33, 'WBXJXJ8893AY6', 2, 6, '100585963', 'Pro Plan', '2', '2021-08', 2.20, 'PayPal', '2021-08-06 06:38:48', 'Free server unlimited approx 255k+ Premium collection', 'paypal invoice', 'paypal', '2021-08-06 06:38:48'),
(34, '919086271', 2, 2, '100142725', 'Silver Plan', '3', '2021-08', 1393.66, 'Paystack', '2021-08-08 11:21:09', 'Free server unlimited approx 255k+', 'paystack invoice', 'paystack', '2021-08-08 11:21:09'),
(35, '287471808', 2, 6, '100585963', 'Pro Plan', '2', '2021-09', 929.10, 'Paystack', '2021-08-08 11:21:31', 'Free server unlimited approx 255k+ Premium collection', 'paystack invoice', 'paystack', '2021-08-08 11:21:31'),
(36, '280226020', 2, 2, '100142725', 'Silver Plan', '3', '2021-09', 1393.66, 'Paystack', '2021-08-08 11:25:56', 'Free server unlimited approx 255k+', 'paystack invoice', 'paystack', '2021-08-08 11:25:56'),
(37, '541452556', 2, 6, '100585963', 'Pro Plan', '2', '2021-10', 844.64, 'Flutterwave', '2021-08-09 05:43:34', 'Free server unlimited approx 255k+ Premium collection', 'Flutterwave invoice', 'Flutterwav', '2021-08-09 05:43:34'),
(38, '53984043', 2, 2, '100142725', 'Silver Plan', '3', '2021-10', 1266.96, 'Flutterwave', '2021-08-09 05:44:44', 'Free server unlimited approx 255k+', 'Flutterwave invoice', 'Flutterwav', '2021-08-09 05:44:44');

-- --------------------------------------------------------

--
-- Table structure for table `ci_finance_transactions`
--

CREATE TABLE IF NOT EXISTS `ci_finance_transactions` (
  `transaction_id` int NOT NULL AUTO_INCREMENT,
  `account_id` int NOT NULL,
  `company_id` int NOT NULL,
  `staff_id` int NOT NULL,
  `transaction_date` varchar(255) NOT NULL,
  `transaction_type` varchar(100) NOT NULL,
  `entity_id` int NOT NULL,
  `entity_type` varchar(100) DEFAULT NULL,
  `entity_category_id` int NOT NULL,
  `description` mediumtext NOT NULL,
  `amount` decimal(65,2) NOT NULL DEFAULT '0.00',
  `dr_cr` enum('dr','cr') NOT NULL,
  `payment_method_id` int NOT NULL,
  `reference` varchar(100) DEFAULT NULL,
  `attachment_file` varchar(100) DEFAULT NULL,
  `created_at` varchar(255) NOT NULL,
  PRIMARY KEY (`transaction_id`)
) ENGINE=InnoDB AUTO_INCREMENT=7 DEFAULT CHARSET=utf8mb3;

--
-- Dumping data for table `ci_finance_transactions`
--

INSERT INTO `ci_finance_transactions` (`transaction_id`, `account_id`, `company_id`, `staff_id`, `transaction_date`, `transaction_type`, `entity_id`, `entity_type`, `entity_category_id`, `description`, `amount`, `dr_cr`, `payment_method_id`, `reference`, `attachment_file`, `created_at`) VALUES
(1, 2, 2, 2, '2021-05-16', 'income', 4, 'payer', 157, 'lorem ipsum dolor sit amet, consectetur adipisicing elit, sed do eiusmod tempor incididunt', 1500.00, 'cr', 93, 'R8596321', '1.png', '15-05-2021 06:17:14'),
(2, 2, 2, 2, '2021-05-16', 'expense', 5, 'payee', 152, 'lorem ipsum dolor sit amet, consectetur adipisicing elit, sed do eiusmod tempor incididunt', 1400.00, 'dr', 93, 'E8596324', '1.png', '15-05-2021 06:18:48'),
(3, 3, 2, 2, '2021-05-16', 'expense', 3, 'payee', 155, 'lorem ipsum dolor sit amet, consectetur adipisicing elit, sed do', 1200.00, 'dr', 95, 'B785925', '1.png', '15-05-2021 06:19:30'),
(4, 1, 2, 2, '2021-05-16', 'income', 7, 'payer', 158, 'lorem ipsum dolor sit amet, consectetur adipisicing elit', 1300.00, 'cr', 99, 'PY852963', '1.png', '15-05-2021 06:20:14'),
(5, 5, 24, 24, '2023-02-16', 'expense', 36, 'payee', 269, 'سلفه', 2000.00, 'dr', 93, '28th7', '1676579057_7e4e769d835a1764c385.jpg', '16-02-2023 11:24:17'),
(6, 6, 724, 724, '2025-11-05', 'income', 727, 'payer', 310, 'وصف الايداع', 400000.00, 'cr', 93, '1598746314', '1762340656_1a3dbd9d4fb6820bf117.pdf', '05-11-2025 02:04:16');

-- --------------------------------------------------------

--
-- Table structure for table `ci_forms`
--

CREATE TABLE IF NOT EXISTS `ci_forms` (
  `forms_id` int NOT NULL AUTO_INCREMENT,
  `company_id` int NOT NULL,
  `category_id` int NOT NULL,
  `supervisor_id` int NOT NULL,
  `form_name` varchar(255) DEFAULT NULL,
  `is_allow_attachment` tinyint NOT NULL DEFAULT '0',
  `is_attachment_mandatory` tinyint NOT NULL DEFAULT '0',
  `is_allow_fill` tinyint NOT NULL DEFAULT '0',
  `json_data` text,
  `assigned_to` text,
  `status` int NOT NULL,
  `notify_upon_submission` varchar(255) DEFAULT NULL,
  `notify_upon_approval` varchar(255) DEFAULT NULL,
  `notify_upon_rejection` varchar(255) DEFAULT NULL,
  `approval_method` varchar(255) DEFAULT NULL,
  `approval_levels` varchar(255) DEFAULT NULL,
  `approval_level01` varchar(155) DEFAULT NULL,
  `approval_level02` int DEFAULT NULL,
  `approval_level03` int DEFAULT NULL,
  `approval_level04` int DEFAULT NULL,
  `approval_level05` int DEFAULT NULL,
  `skip_specific_approval` varchar(155) DEFAULT NULL,
  `assign_departments` text,
  `created_at` varchar(255) NOT NULL,
  PRIMARY KEY (`forms_id`)
) ENGINE=InnoDB AUTO_INCREMENT=14 DEFAULT CHARSET=utf8mb3;

--
-- Dumping data for table `ci_forms`
--

INSERT INTO `ci_forms` (`forms_id`, `company_id`, `category_id`, `supervisor_id`, `form_name`, `is_allow_attachment`, `is_attachment_mandatory`, `is_allow_fill`, `json_data`, `assigned_to`, `status`, `notify_upon_submission`, `notify_upon_approval`, `notify_upon_rejection`, `approval_method`, `approval_levels`, `approval_level01`, `approval_level02`, `approval_level03`, `approval_level04`, `approval_level05`, `skip_specific_approval`, `assign_departments`, `created_at`) VALUES
(2, 24, 1, 28, 'Test Form', 0, 0, 0, '[{\"type\":\"text\",\"required\":true,\"label\":\"Text Field 1\",\"className\":\"form-control\",\"name\":\"text-1642442352227-0\",\"access\":false,\"subtype\":\"text\"},{\"type\":\"text\",\"required\":true,\"label\":\"Text Field 2\",\"className\":\"form-control\",\"name\":\"text-1642442359468-0\",\"access\":false,\"subtype\":\"text\"},{\"type\":\"text\",\"required\":true,\"label\":\"Text Field 3\",\"className\":\"form-control\",\"name\":\"text-1642442362054-0\",\"access\":false,\"subtype\":\"text\"}]', '0,25,26,27', 0, NULL, NULL, NULL, NULL, NULL, NULL, NULL, NULL, NULL, NULL, NULL, NULL, '17-01-2022'),
(3, 24, 1, 26, 'Off site work form TEST 2', 0, 0, 0, '[{\"type\":\"text\",\"required\":false,\"label\":\"Employee Name\",\"className\":\"form-control\",\"name\":\"text-1642443338900-0\",\"access\":false,\"subtype\":\"text\"},{\"type\":\"date\",\"required\":true,\"label\":\"Date Field\",\"className\":\"form-control\",\"name\":\"date-1642443373347-0\",\"access\":false},{\"type\":\"select\",\"required\":false,\"label\":\"Location Worked\",\"className\":\"form-control\",\"name\":\"select-1642443383677-0\",\"access\":false,\"multiple\":false,\"values\":[{\"label\":\"One\",\"value\":\"City 1\",\"selected\":true},{\"label\":\"Two\",\"value\":\"City 2\",\"selected\":false},{\"label\":\"Three\",\"value\":\"City 3\",\"selected\":false}]},{\"type\":\"checkbox-group\",\"required\":false,\"label\":\"How many hours did you work\",\"description\":\"Write number of hours\",\"toggle\":false,\"inline\":false,\"name\":\"checkbox-group-1642467614622-0\",\"access\":true,\"other\":true,\"role\":\"1\",\"values\":[{\"label\":\"One Hour\",\"value\":\"\",\"selected\":true},{\"label\":\"Two Hour\",\"value\":\"\",\"selected\":true}]},{\"type\":\"text\",\"required\":false,\"label\":\"Other Comment\",\"className\":\"form-control\",\"name\":\"text-1642520280298-0\",\"access\":false,\"subtype\":\"text\"}]', '0,25', 0, NULL, NULL, NULL, NULL, NULL, NULL, NULL, NULL, NULL, NULL, NULL, NULL, '17-01-2022'),
(4, 68, 0, 0, '1234', 0, 0, 0, NULL, '0', 1, '0', '0', '0', '0', '0', '0', 0, 0, 0, 0, '1', '0', '19-11-2022'),
(5, 24, 7, 0, 'مباشرة عمل', 0, 0, 0, NULL, '0', 1, '0', '0', '0', '1', '1', '36', 0, 0, 0, 0, '1', '0', '31-01-2023'),
(6, 63, 0, 0, 'طلب صيانة', 0, 0, 0, NULL, '0', 1, '0', '0', '0', '0', '0', '0', 0, 0, 0, 0, '1', '0', '20-03-2023'),
(7, 348, 0, 0, '1111', 0, 0, 0, NULL, '0', 1, '0', '0', '0', '0', '0', '0', 0, 0, 0, 0, '1', '0', '18-05-2023'),
(8, 24, 0, 0, 'خالد', 0, 0, 0, NULL, '0', 1, '0', '0', '0', '0', '0', '0', 0, 0, 0, 0, '1', '0', '01-06-2023'),
(9, 63, 1, 0, 'طلب توظيف', 1, 0, 0, NULL, '0,183,699', 1, '0,183,699', '0,self,183', '0,self,183', '1', '2', '183', 699, 0, 0, 0, '1', '0,36', '21-06-2023'),
(10, 24, 7, 0, 'emp', 1, 1, 0, NULL, '0,36', 1, '0,manager', '0,manager', '0,36', '1', '1', '36', 0, 0, 0, 0, '1', '0,8', '22-06-2023'),
(11, 24, 7, 0, 'سلفه', 1, 1, 0, NULL, '0,36', 1, '0,manager', '0,manager', '0,manager', '1', '1', '36', 0, 0, 0, 0, '1', '0,8,165', '22-06-2023'),
(12, 716, 0, 0, 'شركة ادنوك المتحدة للصيانة والتشغيل', 0, 0, 0, NULL, '0', 1, '0', '0', '0', '0', '0', '0', 0, 0, 0, 0, '1', '0', '18-12-2023'),
(13, 724, 1, 0, 'نوذج جديد', 1, 0, 1, NULL, '0,735', 1, '0,self', '0,self', '0,self', '1', '1', '727', 0, 0, 0, 0, '1', '0,172', '11-11-2025');

-- --------------------------------------------------------

--
-- Table structure for table `ci_form_completed_fields`
--

CREATE TABLE IF NOT EXISTS `ci_form_completed_fields` (
  `completed_field_id` int NOT NULL AUTO_INCREMENT,
  `company_id` int NOT NULL,
  `form_id` int NOT NULL,
  `staff_id` int NOT NULL,
  `field_key` varchar(255) DEFAULT NULL,
  `field_value` text NOT NULL,
  `status` int NOT NULL,
  `created_at` varchar(200) NOT NULL,
  PRIMARY KEY (`completed_field_id`)
) ENGINE=InnoDB AUTO_INCREMENT=7 DEFAULT CHARSET=utf8mb3;

--
-- Dumping data for table `ci_form_completed_fields`
--

INSERT INTO `ci_form_completed_fields` (`completed_field_id`, `company_id`, `form_id`, `staff_id`, `field_key`, `field_value`, `status`, `created_at`) VALUES
(1, 24, 3, 26, 'text-1642443338900-0', 'Mary Lisbon', 0, '17-01-2022'),
(2, 24, 3, 26, 'date-1642443373347-0', '2022-01-18', 0, '17-01-2022'),
(3, 24, 3, 26, 'select-1642443383677-0', 'City 3', 0, '17-01-2022'),
(4, 24, 3, 26, 'text-1642443338900-0', '', 0, '17-01-2022'),
(5, 24, 3, 26, 'date-1642443373347-0', '2022-01-17', 0, '17-01-2022'),
(6, 24, 3, 26, 'select-1642443383677-0', 'City 1', 0, '17-01-2022');

-- --------------------------------------------------------

--
-- Table structure for table `ci_form_fields`
--

CREATE TABLE IF NOT EXISTS `ci_form_fields` (
  `form_field_id` int NOT NULL AUTO_INCREMENT,
  `company_id` int NOT NULL,
  `form_id` int NOT NULL,
  `field_type` varchar(200) NOT NULL,
  `field_key` varchar(200) NOT NULL,
  `field_label` varchar(200) DEFAULT NULL,
  `sort_order` int NOT NULL,
  `json_data` text NOT NULL,
  `is_mandatory` int NOT NULL DEFAULT '0',
  `status` int NOT NULL,
  `created_at` varchar(200) NOT NULL,
  PRIMARY KEY (`form_field_id`)
) ENGINE=InnoDB AUTO_INCREMENT=32 DEFAULT CHARSET=utf8mb3;

--
-- Dumping data for table `ci_form_fields`
--

INSERT INTO `ci_form_fields` (`form_field_id`, `company_id`, `form_id`, `field_type`, `field_key`, `field_label`, `sort_order`, `json_data`, `is_mandatory`, `status`, `created_at`) VALUES
(1, 24, 2, 'text', 'text-1642442352227-0', 'Text Field 1', 0, '{\"type\":\"text\",\"required\":true,\"label\":\"Text Field 1\",\"className\":\"form-control\",\"name\":\"text-1642442352227-0\",\"access\":false,\"subtype\":\"text\"}', 0, 0, '17-01-2022'),
(2, 24, 2, 'text', 'text-1642442359468-0', 'Text Field 2', 1, '{\"type\":\"text\",\"required\":true,\"label\":\"Text Field 2\",\"className\":\"form-control\",\"name\":\"text-1642442359468-0\",\"access\":false,\"subtype\":\"text\"}', 0, 0, '17-01-2022'),
(3, 24, 2, 'text', 'text-1642442362054-0', 'Text Field 3', 2, '{\"type\":\"text\",\"required\":true,\"label\":\"Text Field 3\",\"className\":\"form-control\",\"name\":\"text-1642442362054-0\",\"access\":false,\"subtype\":\"text\"}', 0, 0, '17-01-2022'),
(20, 24, 3, 'text', 'text-1642443338900-0', 'Employee Name', 0, '{\"type\":\"text\",\"required\":false,\"label\":\"Employee Name\",\"className\":\"form-control\",\"name\":\"text-1642443338900-0\",\"access\":false,\"subtype\":\"text\"}', 0, 0, '18-01-2022'),
(21, 24, 3, 'date', 'date-1642443373347-0', 'Date Field', 1, '{\"type\":\"date\",\"required\":true,\"label\":\"Date Field\",\"className\":\"form-control\",\"name\":\"date-1642443373347-0\",\"access\":false}', 0, 0, '18-01-2022'),
(22, 24, 3, 'select', 'select-1642443383677-0', 'Location Worked', 2, '{\"type\":\"select\",\"required\":false,\"label\":\"Location Worked\",\"className\":\"form-control\",\"name\":\"select-1642443383677-0\",\"access\":false,\"multiple\":false,\"values\":[{\"label\":\"One\",\"value\":\"City 1\",\"selected\":true},{\"label\":\"Two\",\"value\":\"City 2\",\"selected\":false},{\"label\":\"Three\",\"value\":\"City 3\",\"selected\":false}]}', 0, 0, '18-01-2022'),
(23, 24, 3, 'checkbox-group', 'checkbox-group-1642467614622-0', 'How many hours did you work', 3, '{\"type\":\"checkbox-group\",\"required\":false,\"label\":\"How many hours did you work\",\"description\":\"Write number of hours\",\"toggle\":false,\"inline\":false,\"name\":\"checkbox-group-1642467614622-0\",\"access\":true,\"other\":true,\"role\":\"1\",\"values\":[{\"label\":\"One Hour\",\"value\":\"\",\"selected\":true},{\"label\":\"Two Hour\",\"value\":\"\",\"selected\":true}]}', 0, 0, '18-01-2022'),
(24, 24, 3, 'text', 'text-1642520280298-0', 'Other Comment', 4, '{\"type\":\"text\",\"required\":false,\"label\":\"Other Comment\",\"className\":\"form-control\",\"name\":\"text-1642520280298-0\",\"access\":false,\"subtype\":\"text\"}', 0, 0, '18-01-2022'),
(25, 24, 5, '1', '', 'emp', 0, '', 0, 0, '31-01-2023'),
(26, 24, 10, '1', '', 'الاسم', 0, '', 1, 0, '22-06-2023'),
(27, 24, 10, '3', 'نعم / لا', 'الحالة', 0, '', 0, 0, '22-06-2023'),
(28, 24, 11, '1', '', 'الاسم', 0, '', 1, 0, '22-06-2023'),
(29, 24, 11, '3', 'نعم/لا', 'الحاله', 0, '', 1, 0, '22-06-2023'),
(30, 63, 9, '1', '', 'الاسم', 0, '', 1, 0, '22-06-2023'),
(31, 63, 9, '3', 'نعم / لا', 'الحالة', 0, '', 0, 0, '22-06-2023');

-- --------------------------------------------------------

--
-- Table structure for table `ci_form_send`
--

CREATE TABLE IF NOT EXISTS `ci_form_send` (
  `form_send_id` int NOT NULL AUTO_INCREMENT,
  `company_id` int NOT NULL,
  `form_id` int NOT NULL,
  `assigned_to` varchar(255) NOT NULL,
  `form_deadline` text NOT NULL,
  `status` int NOT NULL DEFAULT '0',
  `created_at` varchar(255) DEFAULT NULL,
  PRIMARY KEY (`form_send_id`)
) ENGINE=InnoDB AUTO_INCREMENT=4 DEFAULT CHARSET=utf8mb4 COLLATE=utf8mb4_0900_ai_ci;

--
-- Dumping data for table `ci_form_send`
--

INSERT INTO `ci_form_send` (`form_send_id`, `company_id`, `form_id`, `assigned_to`, `form_deadline`, `status`, `created_at`) VALUES
(1, 24, 2, '0,25,26,27,28,29,30,31,33,34,35', '2022-11-04', 1, '04-11-2022'),
(2, 716, 12, '0', '2023-12-18', 0, '18-12-2023'),
(3, 724, 13, '0,727', '2025-11-11', 0, '11-11-2025');

-- --------------------------------------------------------

--
-- Table structure for table `ci_frontend_content`
--

CREATE TABLE IF NOT EXISTS `ci_frontend_content` (
  `frontend_id` int NOT NULL AUTO_INCREMENT,
  `youtube_url` varchar(255) DEFAULT NULL,
  `about_short` text,
  `fb_profile` text,
  `twitter_profile` text,
  `linkedin_profile` text,
  `updated_at` varchar(100) DEFAULT NULL,
  PRIMARY KEY (`frontend_id`)
) ENGINE=InnoDB AUTO_INCREMENT=2 DEFAULT CHARSET=utf8mb3;

--
-- Dumping data for table `ci_frontend_content`
--

INSERT INTO `ci_frontend_content` (`frontend_id`, `youtube_url`, `about_short`, `fb_profile`, `twitter_profile`, `linkedin_profile`, `updated_at`) VALUES
(1, 'https://vimeo.com/', 'المملكة العربية السعودية\r\nالرياض , العليا, عمارة الاميرة - مكتب 304 .\r\n\r\nالجوال: 966552456408+', 'https://www.facebook.com/', 'https://twitter.com/', 'https://www.linkedin.com/', '2021-10-14');

-- --------------------------------------------------------

--
-- Table structure for table `ci_holidays`
--

CREATE TABLE IF NOT EXISTS `ci_holidays` (
  `holiday_id` int NOT NULL AUTO_INCREMENT,
  `company_id` int NOT NULL,
  `event_name` varchar(200) NOT NULL,
  `description` mediumtext NOT NULL,
  `start_date` varchar(200) NOT NULL,
  `end_date` varchar(200) NOT NULL,
  `is_publish` tinyint(1) NOT NULL,
  `created_at` varchar(200) NOT NULL,
  PRIMARY KEY (`holiday_id`)
) ENGINE=InnoDB AUTO_INCREMENT=5 DEFAULT CHARSET=utf8mb3;

--
-- Dumping data for table `ci_holidays`
--

INSERT INTO `ci_holidays` (`holiday_id`, `company_id`, `event_name`, `description`, `start_date`, `end_date`, `is_publish`, `created_at`) VALUES
(1, 2, 'kljk', 'jkjkjklkl', '2021-08-01', '2021-08-01', 1, '31-07-2021 05:19:17'),
(2, 24, 'Christmas', 'Christmas', '2021-12-25', '2021-12-25', 1, '23-11-2021 03:46:09'),
(3, 24, 'New Years Eve', 'New Years Eve', '2021-12-31', '2021-12-31', 1, '09-12-2021 06:16:22'),
(4, 24, 'Christmas Eve', 'Christmas Eve', '2021-12-24', '2021-12-24', 1, '09-12-2021 06:20:25');

-- --------------------------------------------------------

--
-- Table structure for table `ci_incidents`
--

CREATE TABLE IF NOT EXISTS `ci_incidents` (
  `incident_id` int NOT NULL AUTO_INCREMENT,
  `company_id` int NOT NULL,
  `employee_id` int NOT NULL,
  `incident_type_id` int NOT NULL,
  `title` varchar(255) DEFAULT NULL,
  `incident_date` varchar(200) NOT NULL,
  `incident_time` varchar(200) NOT NULL,
  `incident_file` varchar(255) NOT NULL,
  `description` mediumtext NOT NULL,
  `notify_send_to` text,
  `created_at` varchar(200) NOT NULL,
  `status` varchar(22) DEFAULT '0',
  PRIMARY KEY (`incident_id`)
) ENGINE=InnoDB DEFAULT CHARSET=utf8mb3;

-- --------------------------------------------------------

--
-- Table structure for table `ci_invoices`
--

CREATE TABLE IF NOT EXISTS `ci_invoices` (
  `invoice_id` int NOT NULL AUTO_INCREMENT,
  `invoice_number` varchar(255) NOT NULL,
  `company_id` int NOT NULL,
  `client_id` int NOT NULL,
  `project_id` int NOT NULL,
  `invoice_month` varchar(255) DEFAULT NULL,
  `invoice_date` varchar(255) NOT NULL,
  `invoice_due_date` varchar(255) NOT NULL,
  `sub_total_amount` decimal(65,2) NOT NULL DEFAULT '0.00',
  `discount_type` varchar(11) NOT NULL,
  `discount_figure` decimal(65,2) NOT NULL DEFAULT '0.00',
  `total_tax` decimal(65,2) NOT NULL DEFAULT '0.00',
  `tax_type` varchar(100) DEFAULT NULL,
  `total_discount` decimal(65,2) NOT NULL DEFAULT '0.00',
  `grand_total` decimal(65,2) NOT NULL DEFAULT '0.00',
  `invoice_note` mediumtext NOT NULL,
  `status` tinyint(1) NOT NULL,
  `payment_method` int NOT NULL,
  `payment_date` varchar(100) DEFAULT NULL,
  `deposit_to` int NOT NULL,
  `with_holding_taxid` int NOT NULL,
  `with_holding_tax` decimal(65,2) NOT NULL,
  `pay_full` int NOT NULL,
  `total_amount` decimal(65,2) NOT NULL,
  `created_at` varchar(255) NOT NULL,
  PRIMARY KEY (`invoice_id`)
) ENGINE=InnoDB AUTO_INCREMENT=10 DEFAULT CHARSET=utf8mb3;

--
-- Dumping data for table `ci_invoices`
--

INSERT INTO `ci_invoices` (`invoice_id`, `invoice_number`, `company_id`, `client_id`, `project_id`, `invoice_month`, `invoice_date`, `invoice_due_date`, `sub_total_amount`, `discount_type`, `discount_figure`, `total_tax`, `tax_type`, `total_discount`, `grand_total`, `invoice_note`, `status`, `payment_method`, `payment_date`, `deposit_to`, `with_holding_taxid`, `with_holding_tax`, `pay_full`, `total_amount`, `created_at`) VALUES
(1, '546081', 2, 11, 1, '2021-05', '2021-05-26', '2021-06-04', 512.00, '1', 5.00, 40.96, '114', 5.00, 547.96, 'lorem ipsum dolor sit amet, consectetur adipisicing elit, sed do eiusmod tempor incididunt ut labore et dolore magna aliqua.', 1, 93, NULL, 0, 0, 0.00, 0, 0.00, '15-05-2021 02:19:12'),
(2, '140249', 2, 9, 2, '2021-05', '2021-05-30', '2021-06-04', 700.00, '2', 5.00, 12.00, '113', 35.00, 781.94, 'lorem ipsum dolor sit amet, consectetur adipisicing elit, sed do eiusmod tempor incididunt ut labore et dolore magna aliqua.', 0, 95, '2021-08-08', 2, 112, 37.24, 1, 781.94, '15-05-2021 02:23:05'),
(3, '236984', 2, 9, 2, '2021-06', '2021-06-04', '2021-06-15', 330.00, '1', 10.00, 26.40, '114', 10.00, 346.40, 'lorem ipsum dolor sit amet, consectetur adipisicing elit, sed do eiusmod tempor incididunt ut labore et dolore magna aliqua.', 1, 95, NULL, 0, 0, 0.00, 0, 0.00, '15-05-2021 02:24:02'),
(4, '195233', 2, 9, 2, '2021-06', '2021-06-10', '2021-06-23', 370.00, '2', 10.00, 12.00, '113', 37.00, 345.00, 'lorem ipsum dolor sit amet, consectetur adipisicing elit, sed do eiusmod tempor incididunt ut labore et dolore magna aliqua.', 0, 0, NULL, 0, 0, 0.00, 0, 0.00, '15-05-2021 03:20:10'),
(8, '652007', 2, 11, 1, '2021-06', '2021-06-18', '2021-06-18', 128.01, '2', 3.00, 10.24, '114', 3.84, 134.41, 'lorem ipsum dolor sit amet, consectetur adipisicing elit, sed do eiusmod tempor incididunt', 1, 93, NULL, 0, 0, 0.00, 0, 0.00, '19-06-2021 09:58:37'),
(9, '051872', 2, 11, 1, '2021-08', '2021-08-08', '2021-08-08', 125.00, '1', 5.00, 6.25, '112', 5.00, 126.25, 'jkhkjhkhk', 0, 0, '08-08-2021 02:12:12', 0, 0, 0.00, 0, 126.25, '08-08-2021 02:12:12');

-- --------------------------------------------------------

--
-- Table structure for table `ci_invoices_items`
--

CREATE TABLE IF NOT EXISTS `ci_invoices_items` (
  `invoice_item_id` int NOT NULL AUTO_INCREMENT,
  `invoice_id` int NOT NULL,
  `project_id` int NOT NULL,
  `item_name` varchar(255) NOT NULL,
  `item_qty` varchar(255) NOT NULL,
  `item_unit_price` decimal(65,2) NOT NULL DEFAULT '0.00',
  `item_sub_total` decimal(65,2) NOT NULL DEFAULT '0.00',
  `created_at` varchar(255) NOT NULL,
  PRIMARY KEY (`invoice_item_id`)
) ENGINE=InnoDB AUTO_INCREMENT=15 DEFAULT CHARSET=utf8mb3;

--
-- Dumping data for table `ci_invoices_items`
--

INSERT INTO `ci_invoices_items` (`invoice_item_id`, `invoice_id`, `project_id`, `item_name`, `item_qty`, `item_unit_price`, `item_sub_total`, `created_at`) VALUES
(1, 1, 1, 'Invest Management', '1', 512.00, 512.00, '15-05-2021 14:19:12'),
(2, 2, 2, '6 months premium support', '1', 500.00, 500.00, '15-05-2021 14:23:05'),
(3, 2, 2, 'Front-end Development', '1', 200.00, 200.00, '15-05-2021 14:23:05'),
(4, 3, 2, 'UX Research', '1', 150.00, 150.00, '15-05-2021 14:24:02'),
(5, 3, 2, 'UX Design', '1', 180.00, 180.00, '15-05-2021 14:24:02'),
(6, 4, 2, 'Search Engines Optimization', '1', 250.00, 250.00, '15-05-2021 15:20:10'),
(7, 4, 2, 'Website Development', '1', 120.00, 120.00, '15-05-2021 15:20:10'),
(12, 7, 1, 'Test12', '1', 128.01, 128.01, '19-06-2021 08:31:49'),
(13, 8, 1, 'Test12', '1', 128.01, 128.01, '19-06-2021 09:58:37'),
(14, 9, 1, 'jkhkj', '1', 125.00, 125.00, '08-08-2021 14:12:12');

-- --------------------------------------------------------

--
-- Table structure for table `ci_kiosk`
--

CREATE TABLE IF NOT EXISTS `ci_kiosk` (
  `id` int NOT NULL AUTO_INCREMENT,
  `user_id` int DEFAULT NULL,
  `date` date DEFAULT NULL,
  `sign_in_time` varchar(20) DEFAULT NULL,
  `sign_out_time` varchar(20) DEFAULT NULL,
  `created_at` datetime NOT NULL DEFAULT CURRENT_TIMESTAMP,
  `updated_at` datetime NOT NULL DEFAULT CURRENT_TIMESTAMP ON UPDATE CURRENT_TIMESTAMP,
  PRIMARY KEY (`id`)
) ENGINE=InnoDB AUTO_INCREMENT=2 DEFAULT CHARSET=utf8mb4 COLLATE=utf8mb4_0900_ai_ci;

--
-- Dumping data for table `ci_kiosk`
--

INSERT INTO `ci_kiosk` (`id`, `user_id`, `date`, `sign_in_time`, `sign_out_time`, `created_at`, `updated_at`) VALUES
(1, 26, '2022-01-22', '11:16 AM', '11:16 AM', '2022-01-23 00:16:08', '2022-01-23 00:16:34');

-- --------------------------------------------------------

--
-- Table structure for table `ci_languages`
--

CREATE TABLE IF NOT EXISTS `ci_languages` (
  `language_id` int NOT NULL AUTO_INCREMENT,
  `language_name` varchar(255) NOT NULL,
  `language_code` varchar(255) NOT NULL,
  `language_flag` varchar(255) NOT NULL,
  `is_active` int NOT NULL,
  `created_at` varchar(255) NOT NULL,
  PRIMARY KEY (`language_id`)
) ENGINE=InnoDB AUTO_INCREMENT=13 DEFAULT CHARSET=utf8mb3;

--
-- Dumping data for table `ci_languages`
--

INSERT INTO `ci_languages` (`language_id`, `language_name`, `language_code`, `language_flag`, `is_active`, `created_at`) VALUES
(1, 'English', 'en', 'en.gif', 1, '09-05-2021 06:36:23'),
(12, 'العربيه', 'ar', 'sa.gif', 1, '29-10-2022 12:31:35');

-- --------------------------------------------------------

--
-- Table structure for table `ci_leads`
--

CREATE TABLE IF NOT EXISTS `ci_leads` (
  `lead_id` int NOT NULL AUTO_INCREMENT,
  `company_id` int NOT NULL,
  `first_name` varchar(255) DEFAULT NULL,
  `last_name` varchar(255) DEFAULT NULL,
  `email` varchar(255) DEFAULT NULL,
  `profile_photo` varchar(255) DEFAULT NULL,
  `contact_number` varchar(255) DEFAULT NULL,
  `gender` int NOT NULL,
  `address_1` text,
  `address_2` text,
  `city` varchar(255) DEFAULT NULL,
  `state` varchar(255) DEFAULT NULL,
  `zipcode` varchar(255) DEFAULT NULL,
  `country` int NOT NULL,
  `status` int NOT NULL,
  `created_at` varchar(255) DEFAULT NULL,
  PRIMARY KEY (`lead_id`)
) ENGINE=MyISAM AUTO_INCREMENT=4 DEFAULT CHARSET=utf8mb4 COLLATE=utf8mb4_0900_ai_ci;

--
-- Dumping data for table `ci_leads`
--

INSERT INTO `ci_leads` (`lead_id`, `company_id`, `first_name`, `last_name`, `email`, `profile_photo`, `contact_number`, `gender`, `address_1`, `address_2`, `city`, `state`, `zipcode`, `country`, `status`, `created_at`) VALUES
(1, 2, 'Thomas', 'Fleming', 'hrd1salesoft@gmail.com', '1.png', '0123456789', 1, '', '', '', '', '', 2, 1, '15-06-2021 01:52:20'),
(2, 63, 'sutdent', 'traning', 'h@hotm.com', '1677490183_6ed507a3485e40ba76e0.jpg', '055550', 1, '', '', '', '', '', 0, 1, '27-02-2023 12:29:43'),
(3, 713, 'عبدالله', 'الصبيحي', 'A@A.COM', '1699520568_0e768b6c3404920e8ca8.png', '05053776765', 1, '', '', '', '', '', 0, 1, '09-11-2023 12:02:48');

-- --------------------------------------------------------

--
-- Table structure for table `ci_leads_followup`
--

CREATE TABLE IF NOT EXISTS `ci_leads_followup` (
  `followup_id` int NOT NULL AUTO_INCREMENT,
  `lead_id` int NOT NULL,
  `company_id` int NOT NULL,
  `next_followup` varchar(255) NOT NULL,
  `description` text NOT NULL,
  `created_at` varchar(255) NOT NULL,
  PRIMARY KEY (`followup_id`)
) ENGINE=InnoDB AUTO_INCREMENT=6 DEFAULT CHARSET=utf8mb4 COLLATE=utf8mb4_0900_ai_ci;

--
-- Dumping data for table `ci_leads_followup`
--

INSERT INTO `ci_leads_followup` (`followup_id`, `lead_id`, `company_id`, `next_followup`, `description`, `created_at`) VALUES
(4, 1, 2, '2021-06-15', 'TasDTeasdss', '16-06-2021 08:29:58'),
(5, 1, 2, '2021-06-16', 'TestAbccc', '16-06-2021 08:56:47');

-- --------------------------------------------------------

--
-- Table structure for table `ci_leave_adjustment`
--

CREATE TABLE IF NOT EXISTS `ci_leave_adjustment` (
  `adjustment_id` int NOT NULL AUTO_INCREMENT,
  `company_id` int NOT NULL,
  `employee_id` int NOT NULL,
  `duty_employee_id` int DEFAULT NULL,
  `leave_type_id` int NOT NULL,
  `adjust_hours` varchar(200) NOT NULL DEFAULT '0',
  `reason_adjustment` text NOT NULL,
  `status` int NOT NULL,
  `created_at` varchar(200) NOT NULL,
  `adjustment_date` date DEFAULT NULL,
  PRIMARY KEY (`adjustment_id`)
) ENGINE=InnoDB AUTO_INCREMENT=6 DEFAULT CHARSET=utf8mb3;

--
-- Dumping data for table `ci_leave_adjustment`
--

INSERT INTO `ci_leave_adjustment` (`adjustment_id`, `company_id`, `employee_id`, `duty_employee_id`, `leave_type_id`, `adjust_hours`, `reason_adjustment`, `status`, `created_at`, `adjustment_date`) VALUES
(1, 724, 727, NULL, 305, '27', 'test', 0, '30-10-2025 12:43:57', '2025-10-30'),
(2, 724, 727, NULL, 305, '270', 'egaza', 0, '30-10-2025 12:48:28', '2026-10-30'),
(3, 724, 728, NULL, 305, '45', 'annual', 0, '30-10-2025 01:15:45', '2025-10-30'),
(4, 724, 729, NULL, 306, '18', 'ظرف طارئ', 0, '30-10-2025 01:49:44', '2025-10-31'),
(5, 724, 732, NULL, 307, '168', 'تيست للاجازة', 0, '30-10-2025 03:13:02', '2025-10-30');

-- --------------------------------------------------------

--
-- Table structure for table `ci_leave_applications`
--

CREATE TABLE IF NOT EXISTS `ci_leave_applications` (
  `leave_id` int NOT NULL AUTO_INCREMENT,
  `company_id` int NOT NULL,
  `employee_id` int NOT NULL,
  `duty_employee_id` int DEFAULT NULL,
  `leave_type_id` int NOT NULL,
  `from_date` varchar(200) NOT NULL,
  `to_date` varchar(200) NOT NULL,
  `leave_hours` varchar(100) DEFAULT NULL,
  `particular_date` varchar(100) DEFAULT NULL,
  `leave_month` varchar(50) DEFAULT NULL,
  `leave_year` varchar(100) DEFAULT NULL,
  `reason` mediumtext NOT NULL,
  `remarks` mediumtext,
  `status` tinyint(1) NOT NULL DEFAULT '1',
  `is_half_day` tinyint(1) DEFAULT NULL,
  `leave_attachment` varchar(255) DEFAULT NULL,
  `created_at` varchar(200) NOT NULL,
  PRIMARY KEY (`leave_id`)
) ENGINE=InnoDB AUTO_INCREMENT=77 DEFAULT CHARSET=utf8mb3;

--
-- Dumping data for table `ci_leave_applications`
--

INSERT INTO `ci_leave_applications` (`leave_id`, `company_id`, `employee_id`, `duty_employee_id`, `leave_type_id`, `from_date`, `to_date`, `leave_hours`, `particular_date`, `leave_month`, `leave_year`, `reason`, `remarks`, `status`, `is_half_day`, `leave_attachment`, `created_at`) VALUES
(37, 24, 36, NULL, 194, '2023-02-25', '2023-02-27', '24', '', '2', '2023', 'اجازه مرضية مع سلكيف', 'اجازه مرض33ية مع سلكيف', 1, 0, '', '23-02-2023 12:12:57'),
(42, 24, 36, NULL, 194, '2023-04-09', '2023-04-19', '80', '2023-04-09', '4', '2023', 'Uuu', 'Uuu', 1, 0, '', '09-04-2023 01:12:31'),
(48, 24, 36, NULL, 195, '2023-04-10', '2023-04-11', '16', '2023-04-10', '4', '2023', '', '', 1, 0, '', '10-04-2023 03:26:32'),
(49, 24, 36, NULL, 195, '2023-04-26', '2023-04-26', '08', '2023-04-10', '4', '2023', '', '', 1, 0, '', '10-04-2023 11:47:58'),
(50, 24, 36, NULL, 195, '2023-04-11', '2023-04-11', '6', '2023-04-11', '4', '2023', '', '', 1, 0, '', '11-04-2023 02:01:51'),
(56, 142, 692, NULL, 285, '2023-04-30', '2023-04-30', '08', '2023-04-30', '4', '2023', '', '', 3, 0, '', '30-04-2023 04:14:10'),
(57, 142, 692, NULL, 285, '2023-05-01', '2023-05-01', '08', '2023-04-30', '5', '2023', '', '', 3, 0, '', '30-04-2023 04:18:35'),
(58, 142, 349, NULL, 285, '2023-05-04', '2023-05-04', '08', '2023-05-03', '5', '2023', '', '', 1, 0, '', '03-05-2023 05:12:36'),
(59, 142, 692, NULL, 285, '2023-05-03', '2023-05-03', '08', '2023-05-03', '5', '2023', '', '', 1, 0, '', '03-05-2023 05:23:16'),
(61, 63, 69, NULL, 291, '2023-06-11', '2023-06-11', '-14', '2023-06-11', '6', '2023', '', '', 2, 0, '', '11-06-2023 10:50:14'),
(62, 63, 75, NULL, 291, '2023-06-14', '2023-06-14', '-14', '2023-06-13', '6', '2023', '', '', 2, 0, '', '13-06-2023 01:24:48'),
(67, 24, 702, NULL, 195, '2023-06-22', '2023-06-29', '56', '2023-06-21', '6', '2023', '', '', 1, 0, '', '21-06-2023 12:05:03'),
(68, 24, 703, NULL, 195, '2023-06-22', '2023-06-30', '56', '2023-06-21', '6', '2023', '', '', 1, 0, '', '21-06-2023 12:42:42'),
(72, 24, 36, NULL, 195, '2023-07-24', '2023-07-27', '32', '2023-07-24', '7', '2023', '', '', 1, 0, '', '24-07-2023 07:55:13'),
(73, 724, 728, 729, 305, '2025-10-31', '2025-11-01', '00', '2025-10-30', '10', '2025', '', '', 1, 0, '', '30-10-2025 02:07:03'),
(76, 724, 732, 727, 307, '2025-10-05', '2025-10-13', '49', '2025-10-30', '10', '2025', '', '', 1, 0, '', '30-10-2025 03:41:02');

-- --------------------------------------------------------

--
-- Table structure for table `ci_meetings`
--

CREATE TABLE IF NOT EXISTS `ci_meetings` (
  `meeting_id` int NOT NULL AUTO_INCREMENT,
  `company_id` int NOT NULL,
  `employee_id` varchar(255) DEFAULT NULL,
  `meeting_title` varchar(255) NOT NULL,
  `meeting_date` varchar(255) NOT NULL,
  `meeting_time` varchar(255) NOT NULL,
  `meeting_room` varchar(255) NOT NULL,
  `meeting_note` mediumtext NOT NULL,
  `meeting_color` varchar(200) NOT NULL,
  `created_at` varchar(255) NOT NULL,
  PRIMARY KEY (`meeting_id`)
) ENGINE=InnoDB AUTO_INCREMENT=4 DEFAULT CHARSET=utf8mb3;

--
-- Dumping data for table `ci_meetings`
--

INSERT INTO `ci_meetings` (`meeting_id`, `company_id`, `employee_id`, `meeting_title`, `meeting_date`, `meeting_time`, `meeting_room`, `meeting_note`, `meeting_color`, `created_at`) VALUES
(1, 2, '0,3,5', 'xcvxc', '2021-11-14', '02:23', 'ff', 'dfgfgdf', '#A226FF', '31-07-2021 05:23:47'),
(2, 63, '0,72,73', 'نظام شؤون الموظفين', '2023-02-27', 'بعد الظهر ', 'الإدارة العامة', 'بدء العمل على النظام الجديد', '#2655FF', '27-02-2023 12:20:38'),
(3, 142, '0,274,275,349,692', 'اجتماع تطويري', '2023-05-02', '08 مساء', 'غرفة اجتماعات المكتب الرئيسي ', 'يجب حضور الجميع ', '#3612D0', '30-04-2023 05:12:48');

-- --------------------------------------------------------

--
-- Table structure for table `ci_membership`
--

CREATE TABLE IF NOT EXISTS `ci_membership` (
  `membership_id` int NOT NULL AUTO_INCREMENT,
  `subscription_id` varchar(100) DEFAULT NULL,
  `membership_type` varchar(200) NOT NULL,
  `price` decimal(65,2) NOT NULL DEFAULT '0.00',
  `plan_duration` int NOT NULL,
  `total_employees` int NOT NULL DEFAULT '0',
  `plan_icon` varchar(100) DEFAULT NULL,
  `description` mediumtext NOT NULL,
  `created_at` varchar(200) NOT NULL,
  PRIMARY KEY (`membership_id`)
) ENGINE=InnoDB AUTO_INCREMENT=9 DEFAULT CHARSET=utf8mb3;

--
-- Dumping data for table `ci_membership`
--

INSERT INTO `ci_membership` (`membership_id`, `subscription_id`, `membership_type`, `price`, `plan_duration`, `total_employees`, `plan_icon`, `description`, `created_at`) VALUES
(1, '100452187', 'اشتراك مجاني', 0.00, 5, 2, 'medal-vip.svg', 'اشتراك مجاني لمدة 14 يوماً', '09-05-2021 06:36:23'),
(2, '100142725', 'الخطة البرونزية', 2400.00, 2, 12, 'medal-bronze.svg', 'الخطة البرونزية', '09-05-2021 06:36:23'),
(3, '100585963', 'الخطة الذهبية', 4800.00, 2, 24, 'medal-gold.svg', 'الخطة الذهبية', '09-05-2021 06:36:23'),
(4, '8031158908', 'الخطة البلاتينية', 7200.00, 2, 36, 'medal-trial.svg', 'الخطة البلاتينية', '28-09-2021 07:52:21'),
(5, '9557317331', 'الخطة الفضية', 12000.00, 2, 60, 'medal-silver.svg', ' silver collection', '28-09-2021 07:53:05'),
(6, '8612788698', 'الماسية', 20000.00, 2, 100, 'medal-enterprise.svg', '', '21-02-2023 10:12:50'),
(7, '6772264253', 'الماسية برو', 30000.00, 2, 150, 'medal-basic.svg', '', '27-04-2023 04:53:36'),
(8, '5308907937', 'الماسية برو 2', 80000.00, 2, 400, 'medal-premium.svg', '', '27-04-2023 05:49:09');

-- --------------------------------------------------------

--
-- Table structure for table `ci_module_attributes`
--

CREATE TABLE IF NOT EXISTS `ci_module_attributes` (
  `custom_field_id` int NOT NULL AUTO_INCREMENT,
  `company_id` int NOT NULL,
  `module_id` int NOT NULL,
  `attribute` varchar(255) NOT NULL,
  `attribute_label` varchar(255) NOT NULL,
  `attribute_type` varchar(255) NOT NULL,
  `col_width` varchar(100) DEFAULT NULL,
  `validation` int NOT NULL,
  `priority` int NOT NULL,
  `created_at` varchar(255) NOT NULL,
  PRIMARY KEY (`custom_field_id`)
) ENGINE=InnoDB DEFAULT CHARSET=utf8mb3;

-- --------------------------------------------------------

--
-- Table structure for table `ci_module_attributes_select_value`
--

CREATE TABLE IF NOT EXISTS `ci_module_attributes_select_value` (
  `attributes_select_value_id` int NOT NULL AUTO_INCREMENT,
  `company_id` int NOT NULL,
  `custom_field_id` int NOT NULL,
  `select_label` varchar(255) DEFAULT NULL,
  PRIMARY KEY (`attributes_select_value_id`)
) ENGINE=InnoDB DEFAULT CHARSET=utf8mb3;

-- --------------------------------------------------------

--
-- Table structure for table `ci_module_attributes_values`
--

CREATE TABLE IF NOT EXISTS `ci_module_attributes_values` (
  `attributes_value_id` int NOT NULL AUTO_INCREMENT,
  `company_id` int NOT NULL,
  `user_id` int NOT NULL,
  `module_attributes_id` int NOT NULL,
  `attribute_value` text,
  `created_at` varchar(200) NOT NULL,
  PRIMARY KEY (`attributes_value_id`)
) ENGINE=InnoDB DEFAULT CHARSET=utf8mb3;

-- --------------------------------------------------------

--
-- Table structure for table `ci_office_shifts`
--

CREATE TABLE IF NOT EXISTS `ci_office_shifts` (
  `office_shift_id` int NOT NULL AUTO_INCREMENT,
  `company_id` int NOT NULL,
  `shift_name` varchar(255) NOT NULL,
  `monday_in_time` varchar(222) NOT NULL,
  `monday_out_time` varchar(222) NOT NULL,
  `tuesday_in_time` varchar(222) NOT NULL,
  `tuesday_out_time` varchar(222) NOT NULL,
  `wednesday_in_time` varchar(222) NOT NULL,
  `wednesday_out_time` varchar(222) NOT NULL,
  `thursday_in_time` varchar(222) NOT NULL,
  `thursday_out_time` varchar(222) NOT NULL,
  `friday_in_time` varchar(222) NOT NULL,
  `friday_out_time` varchar(222) NOT NULL,
  `saturday_in_time` varchar(222) NOT NULL,
  `saturday_out_time` varchar(222) NOT NULL,
  `sunday_in_time` varchar(222) NOT NULL,
  `sunday_out_time` varchar(222) NOT NULL,
  `monday_lunch_break` varchar(100) DEFAULT NULL,
  `tuesday_lunch_break` varchar(100) DEFAULT NULL,
  `wednesday_lunch_break` varchar(100) DEFAULT NULL,
  `thursday_lunch_break` varchar(100) DEFAULT NULL,
  `friday_lunch_break` varchar(100) DEFAULT NULL,
  `saturday_lunch_break` varchar(100) DEFAULT NULL,
  `sunday_lunch_break` varchar(100) DEFAULT NULL,
  `monday_lunch_break_out` varchar(100) DEFAULT NULL,
  `tuesday_lunch_break_out` varchar(100) DEFAULT NULL,
  `wednesday_lunch_break_out` varchar(100) DEFAULT NULL,
  `thursday_lunch_break_out` varchar(100) DEFAULT NULL,
  `friday_lunch_break_out` varchar(100) DEFAULT NULL,
  `saturday_lunch_break_out` varchar(100) DEFAULT NULL,
  `sunday_lunch_break_out` varchar(100) DEFAULT NULL,
  `created_at` varchar(222) NOT NULL,
  `hours_per_day` int NOT NULL,
  `in_time_beginning` datetime DEFAULT NULL,
  `in_time_end` time DEFAULT NULL,
  `late_allowance` int DEFAULT NULL,
  `out_time_beginning` time DEFAULT NULL,
  `out_time_end` time DEFAULT NULL,
  `break_start` time DEFAULT NULL,
  `break_end` time DEFAULT NULL,
  PRIMARY KEY (`office_shift_id`)
) ENGINE=InnoDB AUTO_INCREMENT=32 DEFAULT CHARSET=utf8mb3;

--
-- Dumping data for table `ci_office_shifts`
--

INSERT INTO `ci_office_shifts` (`office_shift_id`, `company_id`, `shift_name`, `monday_in_time`, `monday_out_time`, `tuesday_in_time`, `tuesday_out_time`, `wednesday_in_time`, `wednesday_out_time`, `thursday_in_time`, `thursday_out_time`, `friday_in_time`, `friday_out_time`, `saturday_in_time`, `saturday_out_time`, `sunday_in_time`, `sunday_out_time`, `monday_lunch_break`, `tuesday_lunch_break`, `wednesday_lunch_break`, `thursday_lunch_break`, `friday_lunch_break`, `saturday_lunch_break`, `sunday_lunch_break`, `monday_lunch_break_out`, `tuesday_lunch_break_out`, `wednesday_lunch_break_out`, `thursday_lunch_break_out`, `friday_lunch_break_out`, `saturday_lunch_break_out`, `sunday_lunch_break_out`, `created_at`, `hours_per_day`, `in_time_beginning`, `in_time_end`, `late_allowance`, `out_time_beginning`, `out_time_end`, `break_start`, `break_end`) VALUES
(1, 2, 'Morning Shift', '09:00', '17:00', '09:00', '17:00', '09:00', '17:00', '09:00', '17:00', '09:00', '17:00', '09:08', '17:25', '', '', '13:00', '', '', '', '', '', '', NULL, NULL, NULL, NULL, NULL, NULL, NULL, '15-05-2021 05:15:05', 0, NULL, NULL, NULL, NULL, NULL, NULL, NULL),
(2, 2, 'Second Shift', '09:00', '17:00', '09:00', '17:00', '09:00', '17:00', '09:00', '17:00', '09:00', '15:00', '', '', '', '', '13:49', '', '', '', '', '', '', NULL, NULL, NULL, NULL, NULL, NULL, NULL, '16-05-2021 10:19:42', 0, NULL, NULL, NULL, NULL, NULL, NULL, NULL),
(3, 24, 'test', '9:00', '12:00', '', '', '', '', '', '', '', '', '', '', '9:00', '19:00', '16:09', '', '', '', '', '', '13:00', '23:00', '', '', '', '', '', '14:00', '30-10-2022 09:46:03', 0, NULL, NULL, NULL, NULL, NULL, NULL, NULL),
(4, 42, 'الدوام الرسمي', '9:00', '17:00', '9:00', '17:00', '9:00', '17:00', '9:00', '17:00', '', '', '9:00', '17:00', '9:00', '17:00', '', '', '', '', '', '', '', '', '', '', '', '', '', '', '06-11-2022 03:49:09', 0, NULL, NULL, NULL, NULL, NULL, NULL, NULL),
(5, 50, 'ورديه تجريبي', '0:00', '', '', '', '', '', '', '', '', '', '', '', '', '', '', '', '', '', '', '', '', '', '', '', '', '', '', '', '14-11-2022 08:31:28', 0, NULL, NULL, NULL, NULL, NULL, NULL, NULL),
(6, 63, 'الدوام الرسمي للمصنع', '7:00', '15:00', '7:00', '15:00', '7:00', '15:00', '7:00', '15:00', '0:00', '', '7:00', '15:00', '7:00', '15:00', '23:30', '23:30', '23:30', '23:30', '23:30', '23:30', '23:30', '1:30', '1:30', '1:30', '1:30', '1:30', '1:30', '1:30', '16-11-2022 10:00:10', 0, NULL, NULL, NULL, NULL, NULL, NULL, NULL),
(7, 86, 'الشفت الأول', '8:00', '13:30', '8:00', '13:30', '8:00', '13:30', '8:00', '13:30', '', '', '8:00', '13:30', '8:00', '12:00', '', '', '', '', '', '', '', '', '', '', '', '', '', '', '17-11-2022 09:03:05', 0, NULL, NULL, NULL, NULL, NULL, NULL, NULL),
(8, 86, 'الشفت الثاني', '16:00', '21:30', '16:00', '21:30', '16:00', '21:30', '16:00', '21:30', '', '', '16:00', '21:30', '16:00', '21:30', '', '', '', '', '', '', '', '', '', '', '', '', '', '', '17-11-2022 09:07:29', 0, NULL, NULL, NULL, NULL, NULL, NULL, NULL),
(9, 114, 'الدوام الاساسي', '8:30', '19:00', '8:30', '19:00', '8:30', '19:00', '8:30', '19:00', '0:00', '0:00', '8:30', '19:00', '8:30', '19:00', '13:00', '13:00', '13:00', '13:00', '0:00', '13:00', '13:00', '15:30', '15:30', '15:30', '15:30', '0:00', '15:00', '15:00', '16-12-2022 12:41:13', 0, NULL, NULL, NULL, NULL, NULL, NULL, NULL),
(10, 114, 'المناوبة الاسبوعية', '0:00', '0:00', '', '', '', '', '', '', '', '', '', '', '', '', '0:00', '', '', '', '', '', '', '0:00', '', '', '', '', '', '', '16-12-2022 12:42:04', 0, NULL, NULL, NULL, NULL, NULL, NULL, NULL),
(11, 24, 'وردية العمل الإداري', '9:00', '18:00', '9:00', '18:00', '9:00', '18:00', '9:00', '18:00', '', '', '9:00', '18:00', '9:00', '18:00', '13:00', '13:00', '13:00', '13:00', '', '13:00', '13:00', '14:00', '14:00', '14:00', '14:00', '', '14:00', '14:00', '16-01-2023 12:32:56', 0, NULL, NULL, NULL, NULL, NULL, NULL, NULL),
(12, 133, 'الصباحية مواقع', '7:00', '16:00', '7:00', '16:00', '7:00', '14:00', '7:00', '16:00', '0:00', '0:00', '7:00', '16:00', '7:00', '16:00', '12:00', '12:00', '12:00', '12:00', '', '12:00', '12:00', '12:59', '12:59', '12:59', '12:59', '', '12:59', '12:59', '22-01-2023 09:19:41', 0, NULL, NULL, NULL, NULL, NULL, NULL, NULL),
(13, 133, 'الصباحية مواقع صيفي', '7:00', '18:00', '7:00', '18:00', '7:00', '18:00', '7:00', '18:00', '', '', '7:00', '18:00', '7:00', '18:00', '12:00', '12:00', '12:00', '12:00', '', '12:00', '12:00', '14:59', '14:59', '14:59', '14:59', '', '14:59', '14:59', '30-01-2023 01:33:05', 0, NULL, NULL, NULL, NULL, NULL, NULL, NULL),
(14, 133, 'الادارة', '8:00', '17:00', '8:00', '17:00', '8:00', '17:00', '8:00', '17:00', '', '', '8:00', '17:00', '8:00', '17:00', '12:00', '12:00', '12:00', '12:00', '', '12:00', '12:00', '12:59', '12:59', '12:59', '12:59', '', '12:59', '12:59', '30-01-2023 01:41:35', 0, NULL, NULL, NULL, NULL, NULL, NULL, NULL),
(15, 145, 'test', '0:00', '0:00', '0:00', '0:00', '0:00', '0:00', '0:00', '0:00', '0:00', '0:00', '0:00', '0:00', '0:00', '0:00', '0:00', '0:00', '0:00', '0:00', '0:00', '0:00', '0:00', '0:00', '0:00', '0:00', '0:00', '0:00', '0:00', '0:00', '03-02-2023 05:53:43', 0, NULL, NULL, NULL, NULL, NULL, NULL, NULL),
(16, 53, 'الصباحية', '9:00', '18:00', '9:00', '18:00', '9:00', '18:00', '9:00', '18:00', '0:00', '0:00', '9:00', '18:00', '9:00', '18:00', '13:00', '13:00', '13:00', '13:00', '0:00', '13:00', '13:00', '14:00', '14:00', '14:00', '14:00', '0:00', '14:00', '14:00', '14-02-2023 11:45:51', 0, NULL, NULL, NULL, NULL, NULL, NULL, NULL),
(17, 63, 'دوام الإدارة العامة', '9:00', '17:00', '9:00', '17:00', '9:00', '17:00', '9:00', '17:00', '0:00', '0:00', '0:00', '0:00', '9:00', '17:00', '', '', '', '', '', '', '0:00', '', '', '', '', '', '', '0:00', '27-02-2023 11:02:09', 0, NULL, NULL, NULL, NULL, NULL, NULL, NULL),
(18, 63, 'عمر الكامل', '', '', '', '', '', '', '', '', '', '', '', '', '', '', '', '', '', '', '', '', '', '', '', '', '', '', '', '', '05-03-2023 10:57:57', 0, NULL, NULL, NULL, NULL, NULL, NULL, NULL),
(19, 86, 'الإدارة العامة', '9:00', '17:00', '9:00', '17:00', '9:00', '17:00', '9:00', '17:00', '0:00', '', '0:00', '', '9:00', '17:00', '', '', '', '', '', '', '0:00', '', '', '', '', '', '', '', '19-03-2023 03:51:14', 0, NULL, NULL, NULL, NULL, NULL, NULL, NULL),
(20, 142, 'وردية الإدارة كامل', '9:00', '18:00', '9:00', '18:00', '9:00', '18:00', '9:00', '18:00', '0:00', '0:00', '9:00', '18:00', '9:00', '18:00', '12:00', '12:00', '12:00', '12:00', '0:00', '13:00', '12:00', '13:00', '13:00', '13:00', '13:00', '0:00', '13:00', '13:00', '03-04-2023 11:02:32', 0, NULL, NULL, NULL, NULL, NULL, NULL, NULL),
(21, 142, 'وردية  صباحي سعوديين', '9:00', '16:00', '9:00', '16:00', '9:00', '16:00', '9:00', '16:00', '9:00', '16:00', '9:00', '16:00', '9:00', '16:00', '', '', '', '', '', '', '', '', '', '', '', '', '', '', '03-04-2023 11:13:56', 0, NULL, NULL, NULL, NULL, NULL, NULL, NULL),
(22, 142, 'وردية مسائي سعوديين', '16:00', '23:00', '16:00', '23:00', '16:00', '23:00', '16:00', '23:00', '16:00', '23:00', '16:00', '23:00', '16:00', '23:00', '', '', '', '', '', '', '', '', '', '', '', '', '', '', '03-04-2023 11:16:36', 0, NULL, NULL, NULL, NULL, NULL, NULL, NULL),
(23, 142, 'وردية كامل مقيم من 9ص الى 12ص', '9:00', '0:00', '9:00', '0:00', '9:00', '0:00', '9:00', '0:00', '9:00', '0:00', '9:00', '0:00', '9:00', '0:00', '12:00', '12:00', '12:00', '12:00', '12:00', '12:00', '12:00', '16:00', '16:00', '16:00', '16:00', '16:00', '16:00', '16:00', '03-04-2023 11:22:28', 0, NULL, NULL, NULL, NULL, NULL, NULL, NULL),
(24, 142, 'وردية كامل من 1 م-12ص', '13:00', '0:00', '13:00', '0:00', '13:00', '0:00', '13:00', '0:00', '13:00', '0:00', '13:00', '0:00', '13:00', '0:00', '0:00', '', '0:00', '0:00', '0:00', '0:00', '0:00', '12:00', '12:00', '12:00', '12:00', '12:00', '12:00', '12:00', '03-04-2023 11:30:20', 0, NULL, NULL, NULL, NULL, NULL, NULL, NULL),
(25, 348, 'وردية العمل الإداري', '14:00', '22:00', '14:00', '22:00', '14:00', '22:00', '14:00', '22:00', '', '', '', '', '14:00', '22:00', '', '', '', '', '', '', '', '', '', '', '', '', '', '', '27-04-2023 10:28:11', 0, NULL, NULL, NULL, NULL, NULL, NULL, NULL),
(26, 348, 'وردية الموظفين', '14:00', '22:00', '14:00', '22:00', '14:00', '22:00', '14:00', '22:00', '14:00', '22:00', '14:00', '22:00', '14:00', '22:00', '', '', '', '', '', '', '', '', '', '', '', '', '', '', '27-04-2023 10:34:05', 0, NULL, NULL, NULL, NULL, NULL, NULL, NULL),
(27, 713, 'الصباحية', '', '', '', '', '', '', '', '', '', '', '', '', '', '', '', '', '', '', '', '', '', '', '', '', '', '', '', '', '09-11-2023 10:35:19', 0, NULL, NULL, NULL, NULL, NULL, NULL, NULL),
(29, 724, 'jjj', '', '', '', '', '', '', '', '', '', '', '', '', '9:00', '17:00', '', '', '', '', '', '', '12:00', '', '', '', '', '', '', '13:00', '28-10-2025 06:14:45', 9, '0000-00-00 00:00:00', '00:00:05', 5, '00:00:05', '00:00:05', NULL, NULL),
(30, 724, 'test', '', '', '', '', '', '', '', '', '', '', '', '', '9:00', '17:00', '', '', '', '', '', '', '13:00', '', '', '', '', '', '', '14:00', '29-10-2025 08:34:09', 9, '0000-00-00 00:00:00', '00:00:05', 5, '00:00:05', '00:00:05', NULL, NULL),
(31, 724, 'رسمية', '9:00', '17:00', '9:00', '17:00', '9:00', '17:00', '9:00', '17:00', '', '', '', '', '9:00', '17:00', '13:00', '13:00', '13:00', '13:00', '', '', '13:00', '14:00', '14:00', '14:00', '14:00', '', '', '14:00', '30-10-2025 03:34:54', 8, '0000-00-00 00:00:00', '00:00:05', 5, '00:00:05', '00:00:05', NULL, NULL);

-- --------------------------------------------------------

--
-- Table structure for table `ci_official_documents`
--

CREATE TABLE IF NOT EXISTS `ci_official_documents` (
  `document_id` int NOT NULL AUTO_INCREMENT,
  `company_id` int NOT NULL,
  `license_name` varchar(255) NOT NULL,
  `document_type` varchar(255) NOT NULL,
  `license_no` varchar(200) DEFAULT NULL,
  `expiry_date` varchar(200) DEFAULT NULL,
  `document_file` varchar(255) NOT NULL,
  `created_at` varchar(200) DEFAULT NULL,
  PRIMARY KEY (`document_id`)
) ENGINE=MyISAM DEFAULT CHARSET=utf8mb3;

-- --------------------------------------------------------

--
-- Table structure for table `ci_payslips`
--

CREATE TABLE IF NOT EXISTS `ci_payslips` (
  `payslip_id` int NOT NULL AUTO_INCREMENT,
  `payslip_key` varchar(200) NOT NULL,
  `company_id` int NOT NULL,
  `staff_id` int NOT NULL,
  `contract_option_id` int DEFAULT NULL,
  `salary_month` varchar(200) NOT NULL,
  `wages_type` int NOT NULL,
  `payslip_type` varchar(50) NOT NULL,
  `basic_salary` decimal(65,2) NOT NULL DEFAULT '0.00',
  `daily_wages` decimal(65,2) NOT NULL DEFAULT '0.00',
  `hours_worked` varchar(50) NOT NULL DEFAULT '0',
  `total_allowances` decimal(65,2) NOT NULL DEFAULT '0.00',
  `total_commissions` decimal(65,2) NOT NULL DEFAULT '0.00',
  `total_statutory_deductions` decimal(65,2) NOT NULL DEFAULT '0.00',
  `total_other_payments` decimal(65,2) NOT NULL DEFAULT '0.00',
  `net_salary` decimal(65,2) NOT NULL DEFAULT '0.00',
  `payment_method` int NOT NULL,
  `pay_comments` mediumtext NOT NULL,
  `is_payment` int NOT NULL,
  `year_to_date` varchar(200) NOT NULL,
  `is_advance_salary_deduct` int NOT NULL,
  `advance_salary_amount` decimal(65,2) DEFAULT NULL,
  `is_loan_deduct` int NOT NULL,
  `loan_amount` decimal(65,2) NOT NULL,
  `unpaid_leave_days` decimal(10,2) NOT NULL DEFAULT '0.00',
  `unpaid_leave_deduction` decimal(65,2) NOT NULL DEFAULT '0.00',
  `eis_value` decimal(65,2) NOT NULL DEFAULT '0.00',
  `employer_eis_value` decimal(65,2) NOT NULL DEFAULT '0.00',
  `epf_value` decimal(65,2) NOT NULL DEFAULT '0.00',
  `employer_epf_value` decimal(65,2) NOT NULL DEFAULT '0.00',
  `socso_value` decimal(65,2) NOT NULL DEFAULT '0.00',
  `employer_socso_value` decimal(65,2) NOT NULL DEFAULT '0.00',
  `pcb_tax_value` decimal(65,2) NOT NULL DEFAULT '0.00',
  `ihrdf_value` decimal(65,2) NOT NULL DEFAULT '0.00',
  `status` int NOT NULL,
  `created_at` varchar(200) NOT NULL,
  `salary_payment_method` varchar(50) DEFAULT NULL,
  PRIMARY KEY (`payslip_id`)
) ENGINE=InnoDB AUTO_INCREMENT=74 DEFAULT CHARSET=utf8mb3;

--
-- Dumping data for table `ci_payslips`
--

INSERT INTO `ci_payslips` (`payslip_id`, `payslip_key`, `company_id`, `staff_id`, `contract_option_id`, `salary_month`, `wages_type`, `payslip_type`, `basic_salary`, `daily_wages`, `hours_worked`, `total_allowances`, `total_commissions`, `total_statutory_deductions`, `total_other_payments`, `net_salary`, `payment_method`, `pay_comments`, `is_payment`, `year_to_date`, `is_advance_salary_deduct`, `advance_salary_amount`, `is_loan_deduct`, `loan_amount`, `unpaid_leave_days`, `unpaid_leave_deduction`, `eis_value`, `employer_eis_value`, `epf_value`, `employer_epf_value`, `socso_value`, `employer_socso_value`, `pcb_tax_value`, `ihrdf_value`, `status`, `created_at`, `salary_payment_method`) VALUES
(1, 'SiaXWjMVBk3yM7NvO3xnM2pvQXEkOxqIG6TSPkxH0Sk', 24, 30, NULL, '2022-11', 1, 'full_monthly', 120000.00, 0.00, '0', 0.00, 0.00, 0.00, 0.00, 120000.00, 1, 'jjjjjjjj', 1, '08-11-2022', 0, 0.00, 0, 0.00, 0.00, 0.00, 0.00, 0.00, 0.00, 0.00, 0.00, 0.00, 0.00, 0.00, 0, '2022-11-08', NULL),
(2, 'GOeEkAvasc8l0-NjF5CQicNiS5vZsq6bsb2ZkPj68iI', 24, 36, NULL, '2022-02', 1, 'full_monthly', 4000.00, 0.00, '0', 500.00, 0.00, 0.00, 0.00, 6500.00, 1, '2000 سلفه تخصم من الشهر التالي', 1, '16-02-2023', 0, 0.00, 1, 2000.00, 0.00, 0.00, 0.00, 0.00, 0.00, 0.00, 0.00, 0.00, 0.00, 0.00, 0, '2023-02-16', NULL),
(3, 'YlohLXymkvlLnXKeXvqurYTJwePPsYNzhlGowdl73G8', 24, 118, NULL, '2023-06', 1, 'full_monthly', 10000.00, 0.00, '0', 0.00, 0.00, 0.00, 0.00, 10000.00, 1, 'فغبغل5قث', 1, '01-06-2023', 0, 0.00, 0, 0.00, 0.00, 0.00, 0.00, 0.00, 0.00, 0.00, 0.00, 0.00, 0.00, 0.00, 0, '2023-06-01', NULL);

-- --------------------------------------------------------

--
-- Table structure for table `ci_payslip_allowances`
--

CREATE TABLE IF NOT EXISTS `ci_payslip_allowances` (
  `payslip_allowances_id` int NOT NULL AUTO_INCREMENT,
  `payslip_id` int NOT NULL,
  `staff_id` int NOT NULL,
  `is_taxable` int NOT NULL,
  `is_fixed` int NOT NULL,
  `pay_title` varchar(200) NOT NULL,
  `pay_amount` decimal(65,2) NOT NULL DEFAULT '0.00',
  `salary_month` varchar(200) NOT NULL,
  `created_at` varchar(200) NOT NULL,
  `contract_option_id` int DEFAULT NULL,
  PRIMARY KEY (`payslip_allowances_id`)
) ENGINE=InnoDB AUTO_INCREMENT=112 DEFAULT CHARSET=utf8mb3;

--
-- Dumping data for table `ci_payslip_allowances`
--

INSERT INTO `ci_payslip_allowances` (`payslip_allowances_id`, `payslip_id`, `staff_id`, `is_taxable`, `is_fixed`, `pay_title`, `pay_amount`, `salary_month`, `created_at`, `contract_option_id`) VALUES
(1, 2, 3, 1, 1, 'Dearness Allowance', 150.00, '2021-05', '16-05-2021 11:20:51', NULL),
(2, 2, 3, 1, 1, 'Conveyance Allowance', 100.00, '2021-05', '16-05-2021 11:20:51', NULL),
(3, 2, 3, 1, 1, 'Medical Allowance', 50.00, '2021-05', '16-05-2021 11:20:51', NULL),
(4, 3, 3, 1, 1, 'Dearness Allowance', 150.00, '2021-05', '16-05-2021 11:21:08', NULL),
(5, 3, 3, 1, 1, 'Conveyance Allowance', 100.00, '2021-05', '16-05-2021 11:21:08', NULL),
(6, 3, 3, 1, 1, 'Medical Allowance', 50.00, '2021-05', '16-05-2021 11:21:08', NULL),
(7, 4, 3, 1, 1, 'Dearness Allowance', 150.00, '2021-05', '16-05-2021 11:21:17', NULL),
(8, 4, 3, 1, 1, 'Conveyance Allowance', 100.00, '2021-05', '16-05-2021 11:21:17', NULL),
(9, 4, 3, 1, 1, 'Medical Allowance', 50.00, '2021-05', '16-05-2021 11:21:17', NULL),
(10, 5, 3, 1, 1, 'Dearness Allowance', 150.00, '2021-05', '16-05-2021 11:21:27', NULL),
(11, 5, 3, 1, 1, 'Conveyance Allowance', 100.00, '2021-05', '16-05-2021 11:21:27', NULL),
(12, 5, 3, 1, 1, 'Medical Allowance', 50.00, '2021-05', '16-05-2021 11:21:27', NULL),
(13, 11, 3, 1, 1, 'Dearness Allowance', 150.00, '2021-06', '21-06-2021 08:22:31', NULL),
(14, 11, 3, 1, 1, 'Conveyance Allowance', 100.00, '2021-06', '21-06-2021 08:22:31', NULL),
(15, 11, 3, 1, 1, 'Medical Allowance', 50.00, '2021-06', '21-06-2021 08:22:31', NULL),
(16, 12, 3, 1, 1, 'Dearness Allowance', 150.00, '2021-06', '21-06-2021 08:37:39', NULL),
(17, 12, 3, 1, 1, 'Conveyance Allowance', 100.00, '2021-06', '21-06-2021 08:37:39', NULL),
(18, 12, 3, 1, 1, 'Medical Allowance', 50.00, '2021-06', '21-06-2021 08:37:39', NULL),
(19, 13, 3, 1, 1, 'Dearness Allowance', 150.00, '2021-06', '21-06-2021 09:43:03', NULL),
(20, 13, 3, 1, 1, 'Conveyance Allowance', 100.00, '2021-06', '21-06-2021 09:43:03', NULL),
(21, 13, 3, 1, 1, 'Medical Allowance', 50.00, '2021-06', '21-06-2021 09:43:03', NULL),
(22, 14, 3, 1, 1, 'Dearness Allowance', 150.00, '2021-06', '21-06-2021 09:48:19', NULL),
(23, 14, 3, 1, 1, 'Conveyance Allowance', 100.00, '2021-06', '21-06-2021 09:48:19', NULL),
(24, 14, 3, 1, 1, 'Medical Allowance', 50.00, '2021-06', '21-06-2021 09:48:19', NULL),
(25, 15, 3, 1, 1, 'Dearness Allowance', 150.00, '2021-06', '21-06-2021 09:48:30', NULL),
(26, 15, 3, 1, 1, 'Conveyance Allowance', 100.00, '2021-06', '21-06-2021 09:48:30', NULL),
(27, 15, 3, 1, 1, 'Medical Allowance', 50.00, '2021-06', '21-06-2021 09:48:30', NULL),
(28, 16, 3, 1, 1, 'Dearness Allowance', 150.00, '2021-06', '21-06-2021 09:48:49', NULL),
(29, 16, 3, 1, 1, 'Conveyance Allowance', 100.00, '2021-06', '21-06-2021 09:48:49', NULL),
(30, 16, 3, 1, 1, 'Medical Allowance', 50.00, '2021-06', '21-06-2021 09:48:49', NULL),
(31, 17, 3, 1, 1, 'Dearness Allowance', 150.00, '2021-06', '21-06-2021 09:48:55', NULL),
(32, 17, 3, 1, 1, 'Conveyance Allowance', 100.00, '2021-06', '21-06-2021 09:48:55', NULL),
(33, 17, 3, 1, 1, 'Medical Allowance', 50.00, '2021-06', '21-06-2021 09:48:55', NULL),
(34, 18, 3, 1, 1, 'Dearness Allowance', 150.00, '2021-06', '21-06-2021 09:49:00', NULL),
(35, 18, 3, 1, 1, 'Conveyance Allowance', 100.00, '2021-06', '21-06-2021 09:49:00', NULL),
(36, 18, 3, 1, 1, 'Medical Allowance', 50.00, '2021-06', '21-06-2021 09:49:00', NULL),
(37, 19, 3, 1, 1, 'Dearness Allowance', 150.00, '2021-06', '21-06-2021 09:49:05', NULL),
(38, 19, 3, 1, 1, 'Conveyance Allowance', 100.00, '2021-06', '21-06-2021 09:49:05', NULL),
(39, 19, 3, 1, 1, 'Medical Allowance', 50.00, '2021-06', '21-06-2021 09:49:05', NULL),
(40, 20, 3, 1, 1, 'Dearness Allowance', 150.00, '2021-06', '21-06-2021 09:49:22', NULL),
(41, 20, 3, 1, 1, 'Conveyance Allowance', 100.00, '2021-06', '21-06-2021 09:49:22', NULL),
(42, 20, 3, 1, 1, 'Medical Allowance', 50.00, '2021-06', '21-06-2021 09:49:22', NULL),
(43, 21, 3, 1, 1, 'Dearness Allowance', 150.00, '2021-06', '21-06-2021 09:50:01', NULL),
(44, 21, 3, 1, 1, 'Conveyance Allowance', 100.00, '2021-06', '21-06-2021 09:50:01', NULL),
(45, 21, 3, 1, 1, 'Medical Allowance', 50.00, '2021-06', '21-06-2021 09:50:01', NULL),
(46, 22, 3, 1, 1, 'Dearness Allowance', 150.00, '2021-06', '21-06-2021 09:52:30', NULL),
(47, 22, 3, 1, 1, 'Conveyance Allowance', 100.00, '2021-06', '21-06-2021 09:52:30', NULL),
(48, 22, 3, 1, 1, 'Medical Allowance', 50.00, '2021-06', '21-06-2021 09:52:30', NULL),
(49, 23, 3, 1, 1, 'Dearness Allowance', 150.00, '2021-06', '21-06-2021 09:53:28', NULL),
(50, 23, 3, 1, 1, 'Conveyance Allowance', 100.00, '2021-06', '21-06-2021 09:53:28', NULL),
(51, 23, 3, 1, 1, 'Medical Allowance', 50.00, '2021-06', '21-06-2021 09:53:28', NULL),
(52, 24, 3, 1, 1, 'Dearness Allowance', 150.00, '2021-06', '21-06-2021 10:26:32', NULL),
(53, 24, 3, 1, 1, 'Conveyance Allowance', 100.00, '2021-06', '21-06-2021 10:26:32', NULL),
(54, 24, 3, 1, 1, 'Medical Allowance', 50.00, '2021-06', '21-06-2021 10:26:32', NULL),
(55, 25, 3, 1, 1, 'Dearness Allowance', 150.00, '2021-06', '21-06-2021 12:30:52', NULL),
(56, 25, 3, 1, 1, 'Conveyance Allowance', 100.00, '2021-06', '21-06-2021 12:30:52', NULL),
(57, 25, 3, 1, 1, 'Medical Allowance', 50.00, '2021-06', '21-06-2021 12:30:52', NULL),
(58, 26, 3, 1, 1, 'Dearness Allowance', 150.00, '2021-06', '21-06-2021 03:30:15', NULL),
(59, 26, 3, 1, 1, 'Conveyance Allowance', 100.00, '2021-06', '21-06-2021 03:30:15', NULL),
(60, 26, 3, 1, 1, 'Medical Allowance', 50.00, '2021-06', '21-06-2021 03:30:15', NULL),
(61, 27, 3, 1, 1, 'Dearness Allowance', 150.00, '2021-06', '21-06-2021 03:32:59', NULL),
(62, 27, 3, 1, 1, 'Conveyance Allowance', 100.00, '2021-06', '21-06-2021 03:32:59', NULL),
(63, 27, 3, 1, 1, 'Medical Allowance', 50.00, '2021-06', '21-06-2021 03:32:59', NULL),
(64, 28, 3, 1, 1, 'Dearness Allowance', 150.00, '2021-06', '28-06-2021 06:33:18', NULL),
(65, 28, 3, 1, 1, 'Conveyance Allowance', 100.00, '2021-06', '28-06-2021 06:33:18', NULL),
(66, 28, 3, 1, 1, 'Medical Allowance', 50.00, '2021-06', '28-06-2021 06:33:18', NULL),
(67, 31, 3, 1, 1, 'Dearness Allowance', 150.00, '2021-08', '29-08-2021 01:34:27', NULL),
(68, 31, 3, 1, 1, 'Conveyance Allowance', 100.00, '2021-08', '29-08-2021 01:34:27', NULL),
(69, 31, 3, 1, 1, 'Medical Allowance', 50.00, '2021-08', '29-08-2021 01:34:27', NULL),
(70, 34, 3, 1, 1, 'Dearness Allowance', 150.00, '2021-08', '29-08-2021 04:35:54', NULL),
(71, 34, 3, 1, 1, 'Conveyance Allowance', 100.00, '2021-08', '29-08-2021 04:35:54', NULL),
(72, 34, 3, 1, 1, 'Medical Allowance', 50.00, '2021-08', '29-08-2021 04:35:54', NULL),
(73, 35, 3, 1, 1, 'Dearness Allowance', 150.00, '2021-08', '29-08-2021 05:04:26', NULL),
(74, 35, 3, 1, 1, 'Conveyance Allowance', 100.00, '2021-08', '29-08-2021 05:04:26', NULL),
(75, 35, 3, 1, 1, 'Medical Allowance', 50.00, '2021-08', '29-08-2021 05:04:26', NULL),
(76, 37, 3, 1, 1, 'Dearness Allowance', 150.00, '2021-08', '29-08-2021 05:20:56', NULL),
(77, 37, 3, 1, 1, 'Conveyance Allowance', 100.00, '2021-08', '29-08-2021 05:20:56', NULL),
(78, 37, 3, 1, 1, 'Medical Allowance', 50.00, '2021-08', '29-08-2021 05:20:56', NULL),
(79, 41, 3, 1, 1, 'Dearness Allowance', 150.00, '2021-08', '30-08-2021 08:24:31', NULL),
(80, 41, 3, 1, 1, 'Conveyance Allowance', 100.00, '2021-08', '30-08-2021 08:24:31', NULL),
(81, 41, 3, 1, 1, 'Medical Allowance', 50.00, '2021-08', '30-08-2021 08:24:31', NULL),
(82, 42, 3, 1, 1, 'Dearness Allowance', 150.00, '2021-10', '20-10-2021 11:58:25', NULL),
(83, 42, 3, 1, 1, 'Conveyance Allowance', 100.00, '2021-10', '20-10-2021 11:58:25', NULL),
(84, 42, 3, 1, 1, 'Medical Allowance', 50.00, '2021-10', '20-10-2021 11:58:25', NULL),
(85, 43, 3, 1, 1, 'Dearness Allowance', 150.00, '2021-10', '28-10-2021 06:06:04', NULL),
(86, 43, 3, 1, 1, 'Conveyance Allowance', 100.00, '2021-10', '28-10-2021 06:06:04', NULL),
(87, 43, 3, 1, 1, 'Medical Allowance', 50.00, '2021-10', '28-10-2021 06:06:04', NULL),
(88, 44, 3, 1, 1, 'Dearness Allowance', 150.00, '2021-11', '04-11-2021 10:52:49', NULL),
(89, 44, 3, 1, 1, 'Conveyance Allowance', 100.00, '2021-11', '04-11-2021 10:52:49', NULL),
(90, 44, 3, 1, 1, 'Medical Allowance', 50.00, '2021-11', '04-11-2021 10:52:49', NULL),
(91, 45, 3, 1, 1, 'Dearness Allowance', 150.00, '2021-11', '04-11-2021 01:08:32', NULL),
(92, 45, 3, 1, 1, 'Conveyance Allowance', 100.00, '2021-11', '04-11-2021 01:08:32', NULL),
(93, 45, 3, 1, 1, 'Medical Allowance', 50.00, '2021-11', '04-11-2021 01:08:32', NULL),
(94, 46, 3, 1, 1, 'Dearness Allowance', 150.00, '2021-11', '04-11-2021 01:13:23', NULL),
(95, 46, 3, 1, 1, 'Conveyance Allowance', 100.00, '2021-11', '04-11-2021 01:13:23', NULL),
(96, 46, 3, 1, 1, 'Medical Allowance', 50.00, '2021-11', '04-11-2021 01:13:23', NULL),
(97, 2, 36, 1, 1, 'بدل سكن', 250.00, '2023-02', '16-02-2023 10:58:26', NULL),
(98, 2, 36, 1, 1, 'بدل مواصلات', 250.00, '2023-02', '16-02-2023 10:58:26', NULL),
(99, 61, 729, 0, 1, 'elmohandseen', 0.00, '2025-11', '04-11-2025 03:13:32', 20),
(100, 62, 728, 0, 1, 'elmohandseen', 0.00, '2025-11', '04-11-2025 03:13:32', 20),
(101, 63, 732, 0, 1, 'elmohandseen', 0.00, '2025-11', '04-11-2025 03:13:32', 20),
(102, 64, 734, 0, 1, 'elmohandseen', 0.00, '2025-11', '04-11-2025 03:13:32', 20),
(103, 65, 737, 0, 1, 'elmohandseen', 0.00, '2025-11', '04-11-2025 03:13:32', 20),
(104, 66, 735, 0, 1, 'elmohandseen', 0.00, '2025-11', '04-11-2025 03:13:32', 20),
(105, 67, 727, 0, 1, 'elmohandseen', 100.00, '2025-11', '04-11-2025 05:12:38', 20),
(106, 68, 729, 0, 1, 'elmohandseen', 0.00, '2025-11', '04-11-2025 05:12:39', 20),
(107, 69, 728, 0, 1, 'elmohandseen', 0.00, '2025-11', '04-11-2025 05:12:39', 20),
(108, 70, 732, 0, 1, 'elmohandseen', 0.00, '2025-11', '04-11-2025 05:12:39', 20),
(109, 71, 734, 0, 1, 'elmohandseen', 0.00, '2025-11', '04-11-2025 05:12:39', 20),
(110, 72, 737, 0, 1, 'elmohandseen', 0.00, '2025-11', '04-11-2025 05:12:39', 20),
(111, 73, 735, 0, 1, 'elmohandseen', 0.00, '2025-11', '04-11-2025 05:12:39', 20);

-- --------------------------------------------------------

--
-- Table structure for table `ci_payslip_commissions`
--

CREATE TABLE IF NOT EXISTS `ci_payslip_commissions` (
  `payslip_commissions_id` int NOT NULL AUTO_INCREMENT,
  `payslip_id` int NOT NULL,
  `staff_id` int NOT NULL,
  `is_taxable` int NOT NULL,
  `is_fixed` int NOT NULL,
  `pay_title` varchar(200) NOT NULL,
  `pay_amount` decimal(65,2) NOT NULL DEFAULT '0.00',
  `salary_month` varchar(200) NOT NULL,
  `created_at` varchar(200) NOT NULL,
  `contract_option_id` int DEFAULT NULL,
  PRIMARY KEY (`payslip_commissions_id`)
) ENGINE=InnoDB AUTO_INCREMENT=33 DEFAULT CHARSET=utf8mb3;

--
-- Dumping data for table `ci_payslip_commissions`
--

INSERT INTO `ci_payslip_commissions` (`payslip_commissions_id`, `payslip_id`, `staff_id`, `is_taxable`, `is_fixed`, `pay_title`, `pay_amount`, `salary_month`, `created_at`, `contract_option_id`) VALUES
(1, 2, 3, 1, 1, 'Sales Target', 50.00, '2021-05', '16-05-2021 11:20:51', NULL),
(2, 3, 3, 1, 1, 'Sales Target', 50.00, '2021-05', '16-05-2021 11:21:08', NULL),
(3, 4, 3, 1, 1, 'Sales Target', 50.00, '2021-05', '16-05-2021 11:21:17', NULL),
(4, 5, 3, 1, 1, 'Sales Target', 50.00, '2021-05', '16-05-2021 11:21:27', NULL),
(5, 11, 3, 1, 1, 'Sales Target', 50.00, '2021-06', '21-06-2021 08:22:31', NULL),
(6, 12, 3, 1, 1, 'Sales Target', 50.00, '2021-06', '21-06-2021 08:37:39', NULL),
(7, 13, 3, 1, 1, 'Sales Target', 50.00, '2021-06', '21-06-2021 09:43:03', NULL),
(8, 14, 3, 1, 1, 'Sales Target', 50.00, '2021-06', '21-06-2021 09:48:19', NULL),
(9, 15, 3, 1, 1, 'Sales Target', 50.00, '2021-06', '21-06-2021 09:48:30', NULL),
(10, 16, 3, 1, 1, 'Sales Target', 50.00, '2021-06', '21-06-2021 09:48:49', NULL),
(11, 17, 3, 1, 1, 'Sales Target', 50.00, '2021-06', '21-06-2021 09:48:55', NULL),
(12, 18, 3, 1, 1, 'Sales Target', 50.00, '2021-06', '21-06-2021 09:49:00', NULL),
(13, 19, 3, 1, 1, 'Sales Target', 50.00, '2021-06', '21-06-2021 09:49:05', NULL),
(14, 20, 3, 1, 1, 'Sales Target', 50.00, '2021-06', '21-06-2021 09:49:22', NULL),
(15, 21, 3, 1, 1, 'Sales Target', 50.00, '2021-06', '21-06-2021 09:50:01', NULL),
(16, 22, 3, 1, 1, 'Sales Target', 50.00, '2021-06', '21-06-2021 09:52:30', NULL),
(17, 23, 3, 1, 1, 'Sales Target', 50.00, '2021-06', '21-06-2021 09:53:28', NULL),
(18, 24, 3, 1, 1, 'Sales Target', 50.00, '2021-06', '21-06-2021 10:26:32', NULL),
(19, 25, 3, 1, 1, 'Sales Target', 50.00, '2021-06', '21-06-2021 12:30:52', NULL),
(20, 26, 3, 1, 1, 'Sales Target', 50.00, '2021-06', '21-06-2021 03:30:15', NULL),
(21, 27, 3, 1, 1, 'Sales Target', 50.00, '2021-06', '21-06-2021 03:32:59', NULL),
(22, 28, 3, 1, 1, 'Sales Target', 50.00, '2021-06', '28-06-2021 06:33:18', NULL),
(23, 31, 3, 1, 1, 'Sales Target', 50.00, '2021-08', '29-08-2021 01:34:27', NULL),
(24, 34, 3, 1, 1, 'Sales Target', 50.00, '2021-08', '29-08-2021 04:35:54', NULL),
(25, 35, 3, 1, 1, 'Sales Target', 50.00, '2021-08', '29-08-2021 05:04:26', NULL),
(26, 37, 3, 1, 1, 'Sales Target', 50.00, '2021-08', '29-08-2021 05:20:56', NULL),
(27, 41, 3, 1, 1, 'Sales Target', 50.00, '2021-08', '30-08-2021 08:24:31', NULL),
(28, 42, 3, 1, 1, 'Sales Target', 50.00, '2021-10', '20-10-2021 11:58:25', NULL),
(29, 43, 3, 1, 1, 'Sales Target', 50.00, '2021-10', '28-10-2021 06:06:04', NULL),
(30, 44, 3, 1, 1, 'Sales Target', 50.00, '2021-11', '04-11-2021 10:52:49', NULL),
(31, 45, 3, 1, 1, 'Sales Target', 50.00, '2021-11', '04-11-2021 01:08:32', NULL),
(32, 46, 3, 1, 1, 'Sales Target', 50.00, '2021-11', '04-11-2021 01:13:23', NULL);

-- --------------------------------------------------------

--
-- Table structure for table `ci_payslip_other_payments`
--

CREATE TABLE IF NOT EXISTS `ci_payslip_other_payments` (
  `payslip_other_payment_id` int NOT NULL AUTO_INCREMENT,
  `payslip_id` int NOT NULL,
  `staff_id` int NOT NULL,
  `is_taxable` int NOT NULL,
  `is_fixed` int NOT NULL,
  `pay_title` varchar(200) NOT NULL,
  `pay_amount` decimal(65,2) NOT NULL DEFAULT '0.00',
  `salary_month` varchar(200) NOT NULL,
  `created_at` varchar(200) NOT NULL,
  `contract_option_id` int DEFAULT NULL,
  PRIMARY KEY (`payslip_other_payment_id`)
) ENGINE=InnoDB AUTO_INCREMENT=65 DEFAULT CHARSET=utf8mb3;

--
-- Dumping data for table `ci_payslip_other_payments`
--

INSERT INTO `ci_payslip_other_payments` (`payslip_other_payment_id`, `payslip_id`, `staff_id`, `is_taxable`, `is_fixed`, `pay_title`, `pay_amount`, `salary_month`, `created_at`, `contract_option_id`) VALUES
(1, 2, 3, 1, 1, 'Hospitalization', 80.00, '2021-05', '16-05-2021 11:20:51', NULL),
(2, 2, 3, 1, 1, 'Travelling', 50.00, '2021-05', '16-05-2021 11:20:51', NULL),
(3, 3, 3, 1, 1, 'Hospitalization', 80.00, '2021-05', '16-05-2021 11:21:08', NULL),
(4, 3, 3, 1, 1, 'Travelling', 50.00, '2021-05', '16-05-2021 11:21:08', NULL),
(5, 4, 3, 1, 1, 'Hospitalization', 80.00, '2021-05', '16-05-2021 11:21:17', NULL),
(6, 4, 3, 1, 1, 'Travelling', 50.00, '2021-05', '16-05-2021 11:21:17', NULL),
(7, 5, 3, 1, 1, 'Hospitalization', 80.00, '2021-05', '16-05-2021 11:21:27', NULL),
(8, 5, 3, 1, 1, 'Travelling', 50.00, '2021-05', '16-05-2021 11:21:27', NULL),
(9, 11, 3, 1, 1, 'Hospitalization', 80.00, '2021-06', '21-06-2021 08:22:31', NULL),
(10, 11, 3, 1, 1, 'Travelling', 50.00, '2021-06', '21-06-2021 08:22:31', NULL),
(11, 12, 3, 1, 1, 'Hospitalization', 80.00, '2021-06', '21-06-2021 08:37:39', NULL),
(12, 12, 3, 1, 1, 'Travelling', 50.00, '2021-06', '21-06-2021 08:37:39', NULL),
(13, 13, 3, 1, 1, 'Hospitalization', 80.00, '2021-06', '21-06-2021 09:43:03', NULL),
(14, 13, 3, 1, 1, 'Travelling', 50.00, '2021-06', '21-06-2021 09:43:03', NULL),
(15, 14, 3, 1, 1, 'Hospitalization', 80.00, '2021-06', '21-06-2021 09:48:19', NULL),
(16, 14, 3, 1, 1, 'Travelling', 50.00, '2021-06', '21-06-2021 09:48:19', NULL),
(17, 15, 3, 1, 1, 'Hospitalization', 80.00, '2021-06', '21-06-2021 09:48:30', NULL),
(18, 15, 3, 1, 1, 'Travelling', 50.00, '2021-06', '21-06-2021 09:48:30', NULL),
(19, 16, 3, 1, 1, 'Hospitalization', 80.00, '2021-06', '21-06-2021 09:48:49', NULL),
(20, 16, 3, 1, 1, 'Travelling', 50.00, '2021-06', '21-06-2021 09:48:49', NULL),
(21, 17, 3, 1, 1, 'Hospitalization', 80.00, '2021-06', '21-06-2021 09:48:55', NULL),
(22, 17, 3, 1, 1, 'Travelling', 50.00, '2021-06', '21-06-2021 09:48:55', NULL),
(23, 18, 3, 1, 1, 'Hospitalization', 80.00, '2021-06', '21-06-2021 09:49:00', NULL),
(24, 18, 3, 1, 1, 'Travelling', 50.00, '2021-06', '21-06-2021 09:49:00', NULL),
(25, 19, 3, 1, 1, 'Hospitalization', 80.00, '2021-06', '21-06-2021 09:49:05', NULL),
(26, 19, 3, 1, 1, 'Travelling', 50.00, '2021-06', '21-06-2021 09:49:05', NULL),
(27, 20, 3, 1, 1, 'Hospitalization', 80.00, '2021-06', '21-06-2021 09:49:22', NULL),
(28, 20, 3, 1, 1, 'Travelling', 50.00, '2021-06', '21-06-2021 09:49:22', NULL),
(29, 21, 3, 1, 1, 'Hospitalization', 80.00, '2021-06', '21-06-2021 09:50:01', NULL),
(30, 21, 3, 1, 1, 'Travelling', 50.00, '2021-06', '21-06-2021 09:50:01', NULL),
(31, 22, 3, 1, 1, 'Hospitalization', 80.00, '2021-06', '21-06-2021 09:52:30', NULL),
(32, 22, 3, 1, 1, 'Travelling', 50.00, '2021-06', '21-06-2021 09:52:30', NULL),
(33, 23, 3, 1, 1, 'Hospitalization', 80.00, '2021-06', '21-06-2021 09:53:28', NULL),
(34, 23, 3, 1, 1, 'Travelling', 50.00, '2021-06', '21-06-2021 09:53:28', NULL),
(35, 24, 3, 1, 1, 'Hospitalization', 80.00, '2021-06', '21-06-2021 10:26:32', NULL),
(36, 24, 3, 1, 1, 'Travelling', 50.00, '2021-06', '21-06-2021 10:26:32', NULL),
(37, 25, 3, 1, 1, 'Hospitalization', 80.00, '2021-06', '21-06-2021 12:30:52', NULL),
(38, 25, 3, 1, 1, 'Travelling', 50.00, '2021-06', '21-06-2021 12:30:52', NULL),
(39, 26, 3, 1, 1, 'Hospitalization', 80.00, '2021-06', '21-06-2021 03:30:15', NULL),
(40, 26, 3, 1, 1, 'Travelling', 50.00, '2021-06', '21-06-2021 03:30:15', NULL),
(41, 27, 3, 1, 1, 'Hospitalization', 80.00, '2021-06', '21-06-2021 03:32:59', NULL),
(42, 27, 3, 1, 1, 'Travelling', 50.00, '2021-06', '21-06-2021 03:32:59', NULL),
(43, 28, 3, 1, 1, 'Hospitalization', 80.00, '2021-06', '28-06-2021 06:33:18', NULL),
(44, 28, 3, 1, 1, 'Travelling', 50.00, '2021-06', '28-06-2021 06:33:18', NULL),
(45, 31, 3, 1, 1, 'Hospitalization', 80.00, '2021-08', '29-08-2021 01:34:27', NULL),
(46, 31, 3, 1, 1, 'Travelling', 50.00, '2021-08', '29-08-2021 01:34:28', NULL),
(47, 34, 3, 1, 1, 'Hospitalization', 80.00, '2021-08', '29-08-2021 04:35:54', NULL),
(48, 34, 3, 1, 1, 'Travelling', 50.00, '2021-08', '29-08-2021 04:35:54', NULL),
(49, 35, 3, 1, 1, 'Hospitalization', 80.00, '2021-08', '29-08-2021 05:04:26', NULL),
(50, 35, 3, 1, 1, 'Travelling', 50.00, '2021-08', '29-08-2021 05:04:26', NULL),
(51, 37, 3, 1, 1, 'Hospitalization', 80.00, '2021-08', '29-08-2021 05:20:56', NULL),
(52, 37, 3, 1, 1, 'Travelling', 50.00, '2021-08', '29-08-2021 05:20:56', NULL),
(53, 41, 3, 1, 1, 'Hospitalization', 80.00, '2021-08', '30-08-2021 08:24:31', NULL),
(54, 41, 3, 1, 1, 'Travelling', 50.00, '2021-08', '30-08-2021 08:24:31', NULL),
(55, 42, 3, 1, 1, 'Hospitalization', 80.00, '2021-10', '20-10-2021 11:58:25', NULL),
(56, 42, 3, 1, 1, 'Travelling', 50.00, '2021-10', '20-10-2021 11:58:25', NULL),
(57, 43, 3, 1, 1, 'Hospitalization', 80.00, '2021-10', '28-10-2021 06:06:04', NULL),
(58, 43, 3, 1, 1, 'Travelling', 50.00, '2021-10', '28-10-2021 06:06:04', NULL),
(59, 44, 3, 1, 1, 'Hospitalization', 80.00, '2021-11', '04-11-2021 10:52:49', NULL),
(60, 44, 3, 1, 1, 'Travelling', 50.00, '2021-11', '04-11-2021 10:52:49', NULL),
(61, 45, 3, 1, 1, 'Hospitalization', 80.00, '2021-11', '04-11-2021 01:08:32', NULL),
(62, 45, 3, 1, 1, 'Travelling', 50.00, '2021-11', '04-11-2021 01:08:32', NULL),
(63, 46, 3, 1, 1, 'Hospitalization', 80.00, '2021-11', '04-11-2021 01:13:23', NULL),
(64, 46, 3, 1, 1, 'Travelling', 50.00, '2021-11', '04-11-2021 01:13:23', NULL);

-- --------------------------------------------------------

--
-- Table structure for table `ci_payslip_statutory_deductions`
--

CREATE TABLE IF NOT EXISTS `ci_payslip_statutory_deductions` (
  `payslip_deduction_id` int NOT NULL AUTO_INCREMENT,
  `payslip_id` int NOT NULL,
  `staff_id` int NOT NULL,
  `is_fixed` int NOT NULL,
  `pay_title` varchar(200) NOT NULL,
  `pay_amount` decimal(65,2) NOT NULL DEFAULT '0.00',
  `salary_month` varchar(200) NOT NULL,
  `created_at` varchar(200) NOT NULL,
  `contract_option_id` int DEFAULT NULL,
  PRIMARY KEY (`payslip_deduction_id`)
) ENGINE=InnoDB AUTO_INCREMENT=79 DEFAULT CHARSET=utf8mb3;

--
-- Dumping data for table `ci_payslip_statutory_deductions`
--

INSERT INTO `ci_payslip_statutory_deductions` (`payslip_deduction_id`, `payslip_id`, `staff_id`, `is_fixed`, `pay_title`, `pay_amount`, `salary_month`, `created_at`, `contract_option_id`) VALUES
(1, 2, 3, 1, 'Provident Fund', 20.00, '2021-05', '16-05-2021 11:20:51', NULL),
(2, 2, 3, 1, 'Professional Tax', 50.00, '2021-05', '16-05-2021 11:20:51', NULL),
(3, 3, 3, 1, 'Provident Fund', 20.00, '2021-05', '16-05-2021 11:21:08', NULL),
(4, 3, 3, 1, 'Professional Tax', 50.00, '2021-05', '16-05-2021 11:21:08', NULL),
(5, 4, 3, 1, 'Provident Fund', 20.00, '2021-05', '16-05-2021 11:21:17', NULL),
(6, 4, 3, 1, 'Professional Tax', 50.00, '2021-05', '16-05-2021 11:21:17', NULL),
(7, 5, 3, 1, 'Provident Fund', 20.00, '2021-05', '16-05-2021 11:21:27', NULL),
(8, 5, 3, 1, 'Professional Tax', 50.00, '2021-05', '16-05-2021 11:21:27', NULL),
(9, 11, 3, 1, 'Provident Fund', 20.00, '2021-06', '21-06-2021 08:22:31', NULL),
(10, 11, 3, 1, 'Professional Tax', 50.00, '2021-06', '21-06-2021 08:22:31', NULL),
(11, 12, 3, 1, 'Provident Fund', 20.00, '2021-06', '21-06-2021 08:37:39', NULL),
(12, 12, 3, 1, 'Professional Tax', 50.00, '2021-06', '21-06-2021 08:37:39', NULL),
(13, 13, 3, 1, 'Provident Fund', 20.00, '2021-06', '21-06-2021 09:43:03', NULL),
(14, 13, 3, 1, 'Professional Tax', 50.00, '2021-06', '21-06-2021 09:43:03', NULL),
(15, 14, 3, 1, 'Provident Fund', 20.00, '2021-06', '21-06-2021 09:48:19', NULL),
(16, 14, 3, 1, 'Professional Tax', 50.00, '2021-06', '21-06-2021 09:48:19', NULL),
(17, 15, 3, 1, 'Provident Fund', 20.00, '2021-06', '21-06-2021 09:48:30', NULL),
(18, 15, 3, 1, 'Professional Tax', 50.00, '2021-06', '21-06-2021 09:48:30', NULL),
(19, 16, 3, 1, 'Provident Fund', 20.00, '2021-06', '21-06-2021 09:48:49', NULL),
(20, 16, 3, 1, 'Professional Tax', 50.00, '2021-06', '21-06-2021 09:48:49', NULL),
(21, 17, 3, 1, 'Provident Fund', 20.00, '2021-06', '21-06-2021 09:48:55', NULL),
(22, 17, 3, 1, 'Professional Tax', 50.00, '2021-06', '21-06-2021 09:48:55', NULL),
(23, 18, 3, 1, 'Provident Fund', 20.00, '2021-06', '21-06-2021 09:49:00', NULL),
(24, 18, 3, 1, 'Professional Tax', 50.00, '2021-06', '21-06-2021 09:49:00', NULL),
(25, 19, 3, 1, 'Provident Fund', 20.00, '2021-06', '21-06-2021 09:49:05', NULL),
(26, 19, 3, 1, 'Professional Tax', 50.00, '2021-06', '21-06-2021 09:49:05', NULL),
(27, 20, 3, 1, 'Provident Fund', 20.00, '2021-06', '21-06-2021 09:49:22', NULL),
(28, 20, 3, 1, 'Professional Tax', 50.00, '2021-06', '21-06-2021 09:49:22', NULL),
(29, 21, 3, 1, 'Provident Fund', 20.00, '2021-06', '21-06-2021 09:50:01', NULL),
(30, 21, 3, 1, 'Professional Tax', 50.00, '2021-06', '21-06-2021 09:50:01', NULL),
(31, 22, 3, 1, 'Provident Fund', 20.00, '2021-06', '21-06-2021 09:52:30', NULL),
(32, 22, 3, 1, 'Professional Tax', 50.00, '2021-06', '21-06-2021 09:52:30', NULL),
(33, 23, 3, 1, 'Provident Fund', 20.00, '2021-06', '21-06-2021 09:53:28', NULL),
(34, 23, 3, 1, 'Professional Tax', 50.00, '2021-06', '21-06-2021 09:53:28', NULL),
(35, 24, 3, 1, 'Provident Fund', 20.00, '2021-06', '21-06-2021 10:26:32', NULL),
(36, 24, 3, 1, 'Professional Tax', 50.00, '2021-06', '21-06-2021 10:26:32', NULL),
(37, 25, 3, 1, 'Provident Fund', 20.00, '2021-06', '21-06-2021 12:30:52', NULL),
(38, 25, 3, 1, 'Professional Tax', 50.00, '2021-06', '21-06-2021 12:30:52', NULL),
(39, 26, 3, 1, 'Provident Fund', 20.00, '2021-06', '21-06-2021 03:30:15', NULL),
(40, 26, 3, 1, 'Professional Tax', 50.00, '2021-06', '21-06-2021 03:30:15', NULL),
(41, 27, 3, 1, 'Provident Fund', 20.00, '2021-06', '21-06-2021 03:32:59', NULL),
(42, 27, 3, 1, 'Professional Tax', 50.00, '2021-06', '21-06-2021 03:32:59', NULL),
(43, 28, 3, 1, 'Provident Fund', 20.00, '2021-06', '28-06-2021 06:33:18', NULL),
(44, 28, 3, 1, 'Professional Tax', 50.00, '2021-06', '28-06-2021 06:33:18', NULL),
(45, 31, 3, 1, 'Provident Fund', 20.00, '2021-08', '29-08-2021 01:34:28', NULL),
(46, 31, 3, 1, 'Professional Tax', 50.00, '2021-08', '29-08-2021 01:34:28', NULL),
(47, 34, 3, 1, 'Provident Fund', 20.00, '2021-08', '29-08-2021 04:35:54', NULL),
(48, 34, 3, 1, 'Professional Tax', 50.00, '2021-08', '29-08-2021 04:35:54', NULL),
(49, 35, 3, 1, 'Provident Fund', 20.00, '2021-08', '29-08-2021 05:04:26', NULL),
(50, 35, 3, 1, 'Professional Tax', 50.00, '2021-08', '29-08-2021 05:04:26', NULL),
(51, 37, 3, 1, 'Provident Fund', 20.00, '2021-08', '29-08-2021 05:20:56', NULL),
(52, 37, 3, 1, 'Professional Tax', 50.00, '2021-08', '29-08-2021 05:20:56', NULL),
(53, 41, 3, 1, 'Provident Fund', 20.00, '2021-08', '30-08-2021 08:24:31', NULL),
(54, 41, 3, 1, 'Professional Tax', 50.00, '2021-08', '30-08-2021 08:24:31', NULL),
(55, 42, 3, 1, 'Provident Fund', 20.00, '2021-10', '20-10-2021 11:58:25', NULL),
(56, 42, 3, 1, 'Professional Tax', 50.00, '2021-10', '20-10-2021 11:58:25', NULL),
(57, 43, 3, 1, 'Provident Fund', 20.00, '2021-10', '28-10-2021 06:06:04', NULL),
(58, 43, 3, 1, 'Professional Tax', 50.00, '2021-10', '28-10-2021 06:06:04', NULL),
(59, 44, 3, 1, 'Provident Fund', 20.00, '2021-11', '04-11-2021 10:52:49', NULL),
(60, 44, 3, 1, 'Professional Tax', 50.00, '2021-11', '04-11-2021 10:52:49', NULL),
(61, 45, 3, 1, 'Provident Fund', 20.00, '2021-11', '04-11-2021 01:08:32', NULL),
(62, 45, 3, 1, 'Professional Tax', 50.00, '2021-11', '04-11-2021 01:08:32', NULL),
(63, 46, 3, 1, 'Provident Fund', 20.00, '2021-11', '04-11-2021 01:13:23', NULL),
(64, 46, 3, 1, 'Professional Tax', 50.00, '2021-11', '04-11-2021 01:13:23', NULL),
(65, 3, 118, 2, 'خصم التامينات', 0.00, '2023-06', '01-06-2023 12:59:53', NULL),
(66, 61, 729, 1, 'التأمينات الاجتماعية', 100.00, '2025-11', '04-11-2025 03:13:32', 21),
(67, 62, 728, 1, 'التأمينات الاجتماعية', 0.00, '2025-11', '04-11-2025 03:13:32', 21),
(68, 63, 732, 1, 'التأمينات الاجتماعية', 0.00, '2025-11', '04-11-2025 03:13:32', 21),
(69, 64, 734, 1, 'التأمينات الاجتماعية', 0.00, '2025-11', '04-11-2025 03:13:32', 21),
(70, 65, 737, 1, 'التأمينات الاجتماعية', 0.00, '2025-11', '04-11-2025 03:13:32', 21),
(71, 66, 735, 1, 'التأمينات الاجتماعية', 0.00, '2025-11', '04-11-2025 03:13:32', 21),
(72, 67, 727, 1, 'التأمينات الاجتماعية', 200.00, '2025-11', '04-11-2025 05:12:38', 21),
(73, 68, 729, 1, 'التأمينات الاجتماعية', 0.00, '2025-11', '04-11-2025 05:12:39', 21),
(74, 69, 728, 1, 'التأمينات الاجتماعية', 0.00, '2025-11', '04-11-2025 05:12:39', 21),
(75, 70, 732, 1, 'التأمينات الاجتماعية', 0.00, '2025-11', '04-11-2025 05:12:39', 21),
(76, 71, 734, 1, 'التأمينات الاجتماعية', 0.00, '2025-11', '04-11-2025 05:12:39', 21),
(77, 72, 737, 1, 'التأمينات الاجتماعية', 0.00, '2025-11', '04-11-2025 05:12:39', 21),
(78, 73, 735, 1, 'التأمينات الاجتماعية', 0.00, '2025-11', '04-11-2025 05:12:39', 21);

-- --------------------------------------------------------

--
-- Table structure for table `ci_performance_appraisal`
--

CREATE TABLE IF NOT EXISTS `ci_performance_appraisal` (
  `performance_appraisal_id` int NOT NULL AUTO_INCREMENT,
  `company_id` int NOT NULL,
  `employee_id` int NOT NULL,
  `title` varchar(200) DEFAULT NULL,
  `appraisal_year_month` varchar(255) NOT NULL,
  `remarks` mediumtext NOT NULL,
  `added_by` int NOT NULL,
  `created_at` varchar(200) NOT NULL,
  PRIMARY KEY (`performance_appraisal_id`)
) ENGINE=InnoDB AUTO_INCREMENT=6 DEFAULT CHARSET=utf8mb3;

--
-- Dumping data for table `ci_performance_appraisal`
--

INSERT INTO `ci_performance_appraisal` (`performance_appraisal_id`, `company_id`, `employee_id`, `title`, `appraisal_year_month`, `remarks`, `added_by`, `created_at`) VALUES
(1, 2, 3, 'Faculty & Staff Attendance', '2021-04', 'lorem ipsum dolor sit amet, consectetur adipisicing elit, sed do eiusmod tempor incididunt', 2, '15-05-2021 04:27:31'),
(2, 2, 4, 'Behaviors', '2021-08', 'lorem ipsum dolor sit amet, consectetur adipisicing elit, sed do eiusmod tempor incididunt        ', 2, '15-05-2021 04:31:16'),
(3, 24, 36, 'تقييم رشاد', '2023-01', '                               jhhh                                                 ', 26, '27-11-2021 03:47:09'),
(4, 24, 141, 'تقييم عبدالرحمن', '2023-01', '', 24, '25-01-2023 02:49:32'),
(5, 24, 36, 'hhhh', '2023-03', '', 24, '08-03-2023 07:16:40');

-- --------------------------------------------------------

--
-- Table structure for table `ci_performance_appraisal_options`
--

CREATE TABLE IF NOT EXISTS `ci_performance_appraisal_options` (
  `performance_appraisal_options_id` int NOT NULL AUTO_INCREMENT,
  `company_id` int NOT NULL,
  `appraisal_id` int NOT NULL,
  `appraisal_type` varchar(200) NOT NULL,
  `appraisal_option_id` int NOT NULL,
  `appraisal_option_value` int NOT NULL,
  PRIMARY KEY (`performance_appraisal_options_id`)
) ENGINE=InnoDB AUTO_INCREMENT=39 DEFAULT CHARSET=utf8mb3;

--
-- Dumping data for table `ci_performance_appraisal_options`
--

INSERT INTO `ci_performance_appraisal_options` (`performance_appraisal_options_id`, `company_id`, `appraisal_id`, `appraisal_type`, `appraisal_option_id`, `appraisal_option_value`) VALUES
(1, 2, 1, 'technical', 240, 5),
(2, 2, 1, 'technical', 243, 1),
(3, 2, 1, 'technical', 257, 1),
(4, 2, 1, 'technical', 258, 5),
(5, 2, 1, 'technical', 259, 1),
(6, 2, 1, 'organizational', 264, 1),
(7, 2, 1, 'organizational', 107, 4),
(8, 2, 1, 'organizational', 108, 5),
(9, 2, 1, 'organizational', 109, 4),
(10, 2, 1, 'organizational', 110, 5),
(11, 2, 2, 'technical', 101, 5),
(12, 2, 2, 'technical', 102, 5),
(13, 2, 2, 'technical', 103, 5),
(14, 2, 2, 'technical', 104, 5),
(15, 2, 2, 'technical', 105, 5),
(16, 2, 2, 'organizational', 106, 5),
(17, 2, 2, 'organizational', 107, 5),
(18, 2, 2, 'organizational', 108, 5),
(19, 2, 2, 'organizational', 109, 5),
(20, 2, 2, 'organizational', 110, 4),
(21, 24, 4, 'technical', 241, 5),
(22, 24, 4, 'technical', 242, 5),
(23, 24, 4, 'organizational', 238, 1),
(24, 24, 4, 'organizational', 240, 5),
(25, 24, 4, 'organizational', 243, 5),
(26, 24, 5, 'technical', 241, 5),
(27, 24, 5, 'technical', 242, 5),
(28, 24, 5, 'technical', 260, 5),
(29, 24, 5, 'technical', 261, 5),
(30, 24, 5, 'technical', 262, 3),
(31, 24, 5, 'technical', 263, 1),
(32, 24, 5, 'technical', 264, 3),
(33, 24, 5, 'organizational', 238, 5),
(34, 24, 5, 'organizational', 240, 1),
(35, 24, 5, 'organizational', 243, 1),
(36, 24, 5, 'organizational', 257, 5),
(37, 24, 5, 'organizational', 258, 5),
(38, 24, 5, 'organizational', 259, 1);

-- --------------------------------------------------------

--
-- Table structure for table `ci_performance_indicator`
--

CREATE TABLE IF NOT EXISTS `ci_performance_indicator` (
  `performance_indicator_id` int NOT NULL AUTO_INCREMENT,
  `company_id` int NOT NULL,
  `title` varchar(255) DEFAULT NULL,
  `designation_id` int NOT NULL,
  `added_by` int NOT NULL,
  `created_at` varchar(200) NOT NULL,
  PRIMARY KEY (`performance_indicator_id`)
) ENGINE=InnoDB AUTO_INCREMENT=8 DEFAULT CHARSET=utf8mb3;

--
-- Dumping data for table `ci_performance_indicator`
--

INSERT INTO `ci_performance_indicator` (`performance_indicator_id`, `company_id`, `title`, `designation_id`, `added_by`, `created_at`) VALUES
(1, 2, 'Research Grants', 2, 2, '15-05-2021 04:26:25'),
(2, 2, 'Training Sessions Per Year', 3, 2, '15-05-2021 04:28:03'),
(3, 42, 'تقييم1', 22, 42, '12-11-2022 02:39:01'),
(4, 42, 'تقييم الادارة', 21, 42, '08-12-2022 02:56:19'),
(5, 24, 'مؤشر اداء الIT', 15, 24, '18-01-2023 02:06:46'),
(6, 53, 'اداء مدير المبيعات', 124, 53, '15-02-2023 12:01:57'),
(7, 142, 'الانجاز', 221, 142, '01-05-2023 07:30:53');

-- --------------------------------------------------------

--
-- Table structure for table `ci_performance_indicator_options`
--

CREATE TABLE IF NOT EXISTS `ci_performance_indicator_options` (
  `performance_indicator_options_id` int NOT NULL AUTO_INCREMENT,
  `company_id` int NOT NULL,
  `indicator_id` int NOT NULL,
  `indicator_type` varchar(200) NOT NULL,
  `indicator_option_id` int NOT NULL,
  `indicator_option_value` int NOT NULL,
  PRIMARY KEY (`performance_indicator_options_id`)
) ENGINE=InnoDB AUTO_INCREMENT=35 DEFAULT CHARSET=utf8mb3;

--
-- Dumping data for table `ci_performance_indicator_options`
--

INSERT INTO `ci_performance_indicator_options` (`performance_indicator_options_id`, `company_id`, `indicator_id`, `indicator_type`, `indicator_option_id`, `indicator_option_value`) VALUES
(1, 2, 1, 'technical', 101, 5),
(2, 2, 1, 'technical', 102, 4),
(3, 2, 1, 'technical', 103, 5),
(4, 2, 1, 'technical', 104, 3),
(5, 2, 1, 'technical', 105, 4),
(6, 2, 1, 'organizational', 106, 5),
(7, 2, 1, 'organizational', 107, 5),
(8, 2, 1, 'organizational', 108, 5),
(9, 2, 1, 'organizational', 109, 5),
(10, 2, 1, 'organizational', 110, 4),
(11, 2, 2, 'technical', 101, 5),
(12, 2, 2, 'technical', 102, 5),
(13, 2, 2, 'technical', 103, 5),
(14, 2, 2, 'technical', 104, 5),
(15, 2, 2, 'technical', 105, 5),
(16, 2, 2, 'organizational', 106, 5),
(17, 2, 2, 'organizational', 107, 5),
(18, 2, 2, 'organizational', 108, 5),
(19, 2, 2, 'organizational', 109, 4),
(20, 2, 2, 'organizational', 110, 5),
(21, 24, 5, 'technical', 241, 5),
(22, 24, 5, 'technical', 242, 5),
(23, 24, 5, 'organizational', 238, 5),
(24, 24, 5, 'organizational', 240, 5),
(25, 24, 5, 'organizational', 243, 5),
(26, 53, 6, 'technical', 249, 3),
(27, 53, 6, 'technical', 250, 5),
(28, 53, 6, 'technical', 251, 5),
(29, 53, 6, 'technical', 252, 5),
(30, 53, 6, 'technical', 253, 5),
(31, 53, 6, 'organizational', 254, 1),
(32, 53, 6, 'organizational', 255, 1),
(33, 53, 6, 'organizational', 256, 1),
(34, 53, 6, 'organizational', 265, 1);

-- --------------------------------------------------------

--
-- Table structure for table `ci_policies`
--

CREATE TABLE IF NOT EXISTS `ci_policies` (
  `policy_id` int NOT NULL AUTO_INCREMENT,
  `company_id` int NOT NULL,
  `title` varchar(255) NOT NULL,
  `description` longtext NOT NULL,
  `attachment` varchar(255) DEFAULT NULL,
  `added_by` int NOT NULL,
  `created_at` varchar(255) NOT NULL,
  `update_at` varchar(255) DEFAULT NULL,
  PRIMARY KEY (`policy_id`)
) ENGINE=InnoDB AUTO_INCREMENT=17 DEFAULT CHARSET=utf8mb3;

--
-- Dumping data for table `ci_policies`
--

INSERT INTO `ci_policies` (`policy_id`, `company_id`, `title`, `description`, `attachment`, `added_by`, `created_at`, `update_at`) VALUES
(5, 2, 'asdsadas', 'asdasdsadsadsadas', '1636489952_59088452f2be5404c44d.png', 2, '09-11-2021 03:32:32', NULL),
(6, 2, 'asdsa', 'dsadsadsads', '1636489973_22512e880a5170a14b82.docx', 2, '09-11-2021 03:32:53', NULL),
(7, 2, 'zfsdf', 'sdfsdfds', '1636489997_974210c9e48567a8321b.pdf', 2, '09-11-2021 03:33:17', NULL),
(10, 24, 'Table of Contents', 'Table of Contents', '1638058320_e093b1244afbf32e77b9.pdf', 24, '27-11-2021 04:12:00', '28-12-2022 11:38:48'),
(11, 24, 'Collective Agreement', 'Collective Agreement', '1640313929_233833590398dd360b76.pdf', 24, '23-12-2021 06:45:30', '28-12-2022 11:38:36'),
(12, 52, 'سياسة الحضور والانصراف', '', '1667998049_96797ea27016f9890957.pdf', 52, '09-11-2022 03:47:29', NULL),
(13, 114, 'سياسة واحد', '', '1671139836_9d471fed78a5fcddff5c.png', 114, '16-12-2022 12:30:36', NULL),
(14, 63, 'الساسيات الخاصة بالمصنع', '', '1677487996_ea84d6eecfde2ae1df48.jpg', 63, '27-02-2023 11:53:16', NULL),
(15, 142, 'سياسة الشركة ', 'لائحة السياسة والضوابط ', '1682597831_1aef36ef9559ff37430c.pdf', 142, '27-04-2023 03:17:11', NULL),
(16, 142, 'واجبات الشركة ', '', '1683115640_e5f555a90fff275d3952.pdf', 142, '03-05-2023 03:07:20', NULL);

-- --------------------------------------------------------

--
-- Table structure for table `ci_polls`
--

CREATE TABLE IF NOT EXISTS `ci_polls` (
  `poll_id` int NOT NULL AUTO_INCREMENT,
  `company_id` int NOT NULL,
  `poll_title` varchar(255) DEFAULT NULL,
  `poll_question` varchar(255) DEFAULT NULL,
  `poll_start_date` varchar(200) DEFAULT NULL,
  `poll_end_date` varchar(200) DEFAULT NULL,
  `poll_answer1` varchar(255) DEFAULT NULL,
  `poll_answer2` varchar(255) DEFAULT NULL,
  `poll_answer3` varchar(255) DEFAULT NULL,
  `poll_answer4` varchar(255) DEFAULT NULL,
  `poll_answer5` varchar(255) DEFAULT NULL,
  `notes` text,
  `added_by` int NOT NULL,
  `is_active` int NOT NULL,
  `created_at` varchar(255) NOT NULL,
  PRIMARY KEY (`poll_id`)
) ENGINE=InnoDB AUTO_INCREMENT=5 DEFAULT CHARSET=utf8mb3;

--
-- Dumping data for table `ci_polls`
--

INSERT INTO `ci_polls` (`poll_id`, `company_id`, `poll_title`, `poll_question`, `poll_start_date`, `poll_end_date`, `poll_answer1`, `poll_answer2`, `poll_answer3`, `poll_answer4`, `poll_answer5`, `notes`, `added_by`, `is_active`, `created_at`) VALUES
(1, 2, NULL, 'Test question right?', '2021-11-03', '2021-11-06', 'Lorem Ipsum Dolor Sit Amet', 'Contrary to popular belief', 'Sed ut perspiciatis unde omnis', 'The point of using Lorem Ipsum is that', 'There are many variations of passages', 'Test note..', 2, 0, '02-11-2021 03:27:13'),
(2, 42, 'خدمة الموظف', NULL, '2022-12-03', '2022-12-31', NULL, NULL, NULL, NULL, NULL, NULL, 42, 1, '03-12-2022 02:55:28'),
(3, 63, 'خدمة الدعم الفني', NULL, '2023-02-27', '2023-12-31', NULL, NULL, NULL, NULL, NULL, NULL, 63, 1, '27-02-2023 11:44:41'),
(4, 142, 'دورات تدريبية في المبيعات', NULL, '2023-04-29', '2023-05-29', NULL, NULL, NULL, NULL, NULL, NULL, 142, 1, '29-04-2023 04:47:54');

-- --------------------------------------------------------

--
-- Table structure for table `ci_polls_questions`
--

CREATE TABLE IF NOT EXISTS `ci_polls_questions` (
  `id` int NOT NULL AUTO_INCREMENT,
  `poll_ref_id` varchar(255) NOT NULL,
  `company_id` int NOT NULL,
  `poll_question` varchar(255) DEFAULT NULL,
  `poll_answer1` varchar(255) DEFAULT NULL,
  `poll_answer2` varchar(255) DEFAULT NULL,
  `poll_answer3` varchar(255) DEFAULT NULL,
  `poll_answer4` varchar(255) DEFAULT NULL,
  `poll_answer5` varchar(255) DEFAULT NULL,
  `notes` text,
  PRIMARY KEY (`id`)
) ENGINE=InnoDB AUTO_INCREMENT=6 DEFAULT CHARSET=utf8mb3;

--
-- Dumping data for table `ci_polls_questions`
--

INSERT INTO `ci_polls_questions` (`id`, `poll_ref_id`, `company_id`, `poll_question`, `poll_answer1`, `poll_answer2`, `poll_answer3`, `poll_answer4`, `poll_answer5`, `notes`) VALUES
(1, '2', 42, 'ما رأيك في خدمة الموظف', 'سيء ', 'مقبول', 'جيد', 'جيد حداُ', 'ممتاز', ''),
(2, '1', 42, 'ما رأيك في نظافة المركز', 'سيء ', 'مقبول', 'جيد', 'جيد جداً', 'ممتاز', ''),
(3, '2', 42, 'ما رأيك في نظافة المركز', 'سيء', 'مقبول ', 'جيد', 'جيد جداً', 'ممتاز', ''),
(4, '3', 63, 'ما رأيك في خدمة الدعم الفني', 'راضي جداً', 'راضي ', 'محايد', 'غير راضي', 'غير راضي على الإطلاق', ''),
(5, '4', 142, 'ما مدى تأييدك لفكرة قيام الشركة بدورات تدريبية في مجال المبيعات', 'اوافق ', 'اوافق بشدة', 'لا اوافق', '', '', '');

-- --------------------------------------------------------

--
-- Table structure for table `ci_polls_votes`
--

CREATE TABLE IF NOT EXISTS `ci_polls_votes` (
  `polls_vote_id` int NOT NULL AUTO_INCREMENT,
  `company_id` int NOT NULL,
  `poll_id` int NOT NULL,
  `poll_question_id` varchar(255) DEFAULT NULL,
  `poll_answer` varchar(255) NOT NULL,
  `user_id` int NOT NULL,
  `created_at` varchar(255) NOT NULL,
  PRIMARY KEY (`polls_vote_id`)
) ENGINE=InnoDB AUTO_INCREMENT=28 DEFAULT CHARSET=utf8mb3;

--
-- Dumping data for table `ci_polls_votes`
--

INSERT INTO `ci_polls_votes` (`polls_vote_id`, `company_id`, `poll_id`, `poll_question_id`, `poll_answer`, `user_id`, `created_at`) VALUES
(16, 2, 1, NULL, '5', 5, '03-11-2021 07:16:13'),
(17, 2, 1, NULL, '5', 6, '03-11-2021 07:16:32'),
(18, 2, 1, NULL, '4', 7, '03-11-2021 07:16:44'),
(19, 2, 1, NULL, '3', 8, '03-11-2021 07:16:56'),
(20, 2, 1, NULL, '2', 9, '03-11-2021 07:17:11'),
(21, 2, 1, NULL, '1', 10, '03-11-2021 07:17:25'),
(22, 2, 1, NULL, '5', 11, '03-11-2021 07:17:36'),
(23, 2, 1, NULL, '3', 2, '03-11-2021 07:17:47'),
(24, 2, 1, NULL, '5', 3, '03-11-2021 03:06:34'),
(25, 42, 2, '1', '3', 42, '03-12-2022 02:57:23'),
(26, 42, 2, '3', '4', 42, '03-12-2022 02:57:23'),
(27, 142, 4, '5', '1', 249, '04-05-2023 03:27:09');

-- --------------------------------------------------------

--
-- Table structure for table `ci_projects`
--

CREATE TABLE IF NOT EXISTS `ci_projects` (
  `project_id` int NOT NULL AUTO_INCREMENT,
  `company_id` int NOT NULL,
  `client_id` int NOT NULL,
  `title` varchar(255) NOT NULL,
  `start_date` varchar(255) NOT NULL,
  `end_date` varchar(255) NOT NULL,
  `assigned_to` mediumtext,
  `associated_goals` text,
  `priority` varchar(255) NOT NULL,
  `project_no` varchar(255) DEFAULT NULL,
  `budget_hours` varchar(255) DEFAULT NULL,
  `summary` mediumtext NOT NULL,
  `description` mediumtext,
  `project_progress` varchar(255) NOT NULL,
  `project_note` longtext,
  `status` tinyint NOT NULL,
  `added_by` int NOT NULL,
  `created_at` varchar(255) NOT NULL,
  PRIMARY KEY (`project_id`)
) ENGINE=InnoDB AUTO_INCREMENT=14 DEFAULT CHARSET=utf8mb3;

--
-- Dumping data for table `ci_projects`
--

INSERT INTO `ci_projects` (`project_id`, `company_id`, `client_id`, `title`, `start_date`, `end_date`, `assigned_to`, `associated_goals`, `priority`, `project_no`, `budget_hours`, `summary`, `description`, `project_progress`, `project_note`, `status`, `added_by`, `created_at`) VALUES
(1, 2, 11, 'Advertising Platform', '2021-05-20', '2021-05-25', '0,3,4,5', '0', '1', '', '12', 'Lorem Ipsum is simply dummy text of the printing and typesetting industry. When an unknown printer took a galley of type and scrambled it.', '&lt;div class=&#34;m-b-20&#34; style=&#34;box-sizing:border-box;margin-bottom:20px;color:#293240;font-family:Inter, sans-serif;font-size:14px;background-color:#ffffff;&#34;&gt;&lt;p style=&#34;box-sizing:border-box;margin-bottom:1rem;&#34;&gt;Lorem Ipsum is simply dummy text of the printing and typesetting industry. Lorem Ipsum has been the industry&#39;s standard dummy text ever since the 1500s, when an unknown printer took a galley of type and scrambled it to make a type specimen book.&lt;/p&gt;&lt;/div&gt;&lt;div class=&#34;m-b-20&#34; style=&#34;box-sizing:border-box;margin-bottom:20px;color:#293240;font-family:Inter, sans-serif;font-size:14px;background-color:#ffffff;&#34;&gt;&lt;h6 style=&#34;box-sizing:border-box;margin-top:0px;margin-bottom:0.5rem;font-weight:500;line-height:1.2;color:#060606;font-size:0.9375rem;&#34;&gt;What we need&lt;/h6&gt;&lt;hr style=&#34;box-sizing:content-box;height:0px;overflow:visible;margin-top:1rem;margin-bottom:1rem;border-right:0px;border-bottom:0px;border-left:0px;border-image:initial;border-top-style:solid;border-top-color:rgba(0, 0, 0, 0.1);&#34; /&gt;&lt;p style=&#34;box-sizing:border-box;margin-bottom:1rem;&#34;&gt;Lorem Ipsum is simply dummy text of the printing and typesetting industry. Lorem Ipsum has been the industry&#39;s standard dummy text ever since the 1500s, when an unknown printer took a galley of type and scrambled it to make a type specimen book. It has survived not only five centuries, but also the leap into electronic typesetting, remaining essentially unchanged.&lt;/p&gt;&lt;/div&gt;&lt;div class=&#34;m-b-20 col-sm-12&#34; style=&#34;box-sizing:border-box;position:relative;width:726.125px;padding-right:15px;padding-left:15px;flex:0 0 100%;max-width:100%;margin-bottom:20px;color:#293240;font-family:Inter, sans-serif;font-size:14px;background-color:#ffffff;&#34;&gt;&lt;div class=&#34;row&#34; style=&#34;box-sizing:border-box;display:flex;flex-wrap:wrap;margin-right:-15px;margin-left:-15px;&#34;&gt;&lt;div class=&#34;col-md-12 col-lg-6&#34; style=&#34;box-sizing:border-box;position:relative;width:363.062px;padding-right:15px;padding-left:15px;flex:0 0 50%;max-width:50%;&#34;&gt;&lt;div class=&#34;text-primary f-14 m-b-10&#34; style=&#34;box-sizing:border-box;margin-bottom:10px;color:#7267ef;&#34;&gt;1. The standard Lorem Ipsum passage&lt;/div&gt;&lt;p style=&#34;box-sizing:border-box;margin-bottom:1rem;&#34;&gt;Lorem Ipsum is simply dummy text of the printing and typesetting industry&lt;/p&gt;&lt;/div&gt;&lt;div class=&#34;col-md-12 col-lg-6&#34; style=&#34;box-sizing:border-box;position:relative;width:363.062px;padding-right:15px;padding-left:15px;flex:0 0 50%;max-width:50%;&#34;&gt;&lt;div class=&#34;text-primary f-14 m-b-10&#34; style=&#34;box-sizing:border-box;margin-bottom:10px;color:#7267ef;&#34;&gt;2. The standard Lorem Ipsum passage&lt;/div&gt;&lt;p style=&#34;box-sizing:border-box;margin-bottom:1rem;&#34;&gt;Lorem Ipsum is simply dummy text of the printing and typesetting industry.&lt;/p&gt;&lt;/div&gt;&lt;/div&gt;&lt;/div&gt;&lt;div class=&#34;m-b-20&#34; style=&#34;box-sizing:border-box;margin-bottom:20px;color:#293240;font-family:Inter, sans-serif;font-size:14px;background-color:#ffffff;&#34;&gt;&lt;h6 style=&#34;box-sizing:border-box;margin-top:0px;margin-bottom:0.5rem;font-weight:500;line-height:1.2;color:#060606;font-size:0.9375rem;&#34;&gt;Requirements&lt;/h6&gt;&lt;hr style=&#34;box-sizing:content-box;height:0px;overflow:visible;margin-top:1rem;margin-bottom:1rem;border-right:0px;border-bottom:0px;border-left:0px;border-image:initial;border-top-style:solid;border-top-color:rgba(0, 0, 0, 0.1);&#34; /&gt;&lt;p style=&#34;box-sizing:border-box;margin-bottom:1rem;&#34;&gt;Lorem Ipsum is simply dummy text of the printing and typesetting industry. Lorem Ipsum has been the industry&#39;s standard dummy text ever since the 1500s, when an unknown printer took a galley of type and scrambled it to make a type specimen book. It has survived not only five centuries, but also the leap into electronic typesetting, remaining essentially unchanged.&lt;/p&gt;&lt;/div&gt;', '33', '', 1, 2, '15-05-2021 12:51:43'),
(2, 2, 9, 'Frontend Development', '2021-05-26', '2021-06-04', '0,6,7', '0', '2', '', '20', 'Ipsum is simply dummy text of the printing and typesetting industry.', '&lt;div class=&#34;m-b-20&#34; style=&#34;box-sizing:border-box;margin-bottom:20px;color:#293240;font-family:Inter, sans-serif;font-size:14px;background-color:#ffffff;&#34;&gt;&lt;p style=&#34;margin-bottom:1rem;box-sizing:border-box;&#34;&gt;Lorem Ipsum is simply dummy text of the printing and typesetting industry. Lorem Ipsum has been the industry&#39;s standard dummy text ever since the 1500s, when an unknown printer took a galley of type and scrambled it to make a type specimen book.&lt;/p&gt;&lt;/div&gt;&lt;div class=&#34;m-b-20&#34; style=&#34;box-sizing:border-box;margin-bottom:20px;color:#293240;font-family:Inter, sans-serif;font-size:14px;background-color:#ffffff;&#34;&gt;&lt;h6 style=&#34;font-size:0.9375rem;box-sizing:border-box;margin-top:0px;margin-bottom:0.5rem;font-weight:500;line-height:1.2;color:#060606;&#34;&gt;What we need&lt;/h6&gt;&lt;hr style=&#34;box-sizing:content-box;height:0px;overflow:visible;margin-top:1rem;margin-bottom:1rem;border-right:0px;border-bottom:0px;border-left:0px;border-image:initial;border-top-style:solid;border-top-color:rgba(0, 0, 0, 0.1);&#34; /&gt;&lt;p style=&#34;margin-bottom:1rem;box-sizing:border-box;&#34;&gt;Lorem Ipsum is simply dummy text of the printing and typesetting industry. Lorem Ipsum has been the industry&#39;s standard dummy text ever since the 1500s, when an unknown printer took a galley of type and scrambled it to make a type specimen book. It has survived not only five centuries, but also the leap into electronic typesetting, remaining essentially unchanged.&lt;/p&gt;&lt;/div&gt;&lt;div class=&#34;m-b-20 col-sm-12&#34; style=&#34;box-sizing:border-box;position:relative;width:726.125px;padding-right:15px;padding-left:15px;flex:0 0 100%;max-width:100%;margin-bottom:20px;color:#293240;font-family:Inter, sans-serif;font-size:14px;background-color:#ffffff;&#34;&gt;&lt;div class=&#34;row&#34; style=&#34;box-sizing:border-box;display:flex;flex-wrap:wrap;margin-right:-15px;margin-left:-15px;&#34;&gt;&lt;div class=&#34;col-md-12 col-lg-6&#34; style=&#34;box-sizing:border-box;position:relative;width:363.062px;padding-right:15px;padding-left:15px;flex:0 0 50%;max-width:50%;&#34;&gt;&lt;div class=&#34;text-primary f-14 m-b-10&#34; style=&#34;box-sizing:border-box;margin-bottom:10px;color:#7267ef;&#34;&gt;1. The standard Lorem Ipsum passage&lt;/div&gt;&lt;p style=&#34;margin-bottom:1rem;box-sizing:border-box;&#34;&gt;Lorem Ipsum is simply dummy text of the printing and typesetting industry&lt;/p&gt;&lt;/div&gt;&lt;div class=&#34;col-md-12 col-lg-6&#34; style=&#34;box-sizing:border-box;position:relative;width:363.062px;padding-right:15px;padding-left:15px;flex:0 0 50%;max-width:50%;&#34;&gt;&lt;div class=&#34;text-primary f-14 m-b-10&#34; style=&#34;box-sizing:border-box;margin-bottom:10px;color:#7267ef;&#34;&gt;2. The standard Lorem Ipsum passage&lt;/div&gt;&lt;p style=&#34;margin-bottom:1rem;box-sizing:border-box;&#34;&gt;Lorem Ipsum is simply dummy text of the printing and typesetting industry.&lt;/p&gt;&lt;/div&gt;&lt;/div&gt;&lt;/div&gt;&lt;div class=&#34;m-b-20&#34; style=&#34;box-sizing:border-box;margin-bottom:20px;color:#293240;font-family:Inter, sans-serif;font-size:14px;background-color:#ffffff;&#34;&gt;&lt;h6 style=&#34;font-size:0.9375rem;box-sizing:border-box;margin-top:0px;margin-bottom:0.5rem;font-weight:500;line-height:1.2;color:#060606;&#34;&gt;Requirements&lt;/h6&gt;&lt;hr style=&#34;box-sizing:content-box;height:0px;overflow:visible;margin-top:1rem;margin-bottom:1rem;border-right:0px;border-bottom:0px;border-left:0px;border-image:initial;border-top-style:solid;border-top-color:rgba(0, 0, 0, 0.1);&#34; /&gt;&lt;p style=&#34;margin-bottom:1rem;box-sizing:border-box;&#34;&gt;Lorem Ipsum is simply dummy text of the printing and typesetting industry. Lorem Ipsum has been the industry&#39;s standard dummy text ever since the 1500s, when an unknown printer took a galley of type and scrambled it to make a type specimen book. It has survived not only five centuries, but also the leap into electronic typesetting, remaining essentially unchanged.&lt;/p&gt;&lt;/div&gt;', '83', '', 3, 2, '15-05-2021 12:56:26'),
(3, 2, 9, 'Oberlo Development', '2021-05-24', '2021-05-31', '0,7,8', '0,136', '1', '', '22', 'Lorem Ipsum is simply dummy text of the printing and typesetting industry.', '&lt;div class=&#34;m-b-20&#34; style=&#34;box-sizing:border-box;margin-bottom:20px;color:#293240;font-family:Inter, sans-serif;font-size:14px;background-color:#ffffff;&#34;&gt;&lt;p style=&#34;margin-bottom:1rem;box-sizing:border-box;&#34;&gt;Lorem Ipsum is simply dummy text of the printing and typesetting industry. Lorem Ipsum has been the industry&#39;s standard dummy text ever since the 1500s, when an unknown printer took a galley of type and scrambled it to make a type specimen book.&lt;/p&gt;&lt;/div&gt;&lt;div class=&#34;m-b-20&#34; style=&#34;box-sizing:border-box;margin-bottom:20px;color:#293240;font-family:Inter, sans-serif;font-size:14px;background-color:#ffffff;&#34;&gt;&lt;h6 style=&#34;font-size:0.9375rem;box-sizing:border-box;margin-top:0px;margin-bottom:0.5rem;font-weight:500;line-height:1.2;color:#060606;&#34;&gt;What we need&lt;/h6&gt;&lt;hr style=&#34;box-sizing:content-box;height:0px;overflow:visible;margin-top:1rem;margin-bottom:1rem;border-right:0px;border-bottom:0px;border-left:0px;border-image:initial;border-top-style:solid;border-top-color:rgba(0, 0, 0, 0.1);&#34; /&gt;&lt;p style=&#34;margin-bottom:1rem;box-sizing:border-box;&#34;&gt;Lorem Ipsum is simply dummy text of the printing and typesetting industry. Lorem Ipsum has been the industry&#39;s standard dummy text ever since the 1500s, when an unknown printer took a galley of type and scrambled it to make a type specimen book. It has survived not only five centuries, but also the leap into electronic typesetting, remaining essentially unchanged.&lt;/p&gt;&lt;/div&gt;&lt;div class=&#34;m-b-20 col-sm-12&#34; style=&#34;box-sizing:border-box;position:relative;width:726.125px;padding-right:15px;padding-left:15px;flex:0 0 100%;max-width:100%;margin-bottom:20px;color:#293240;font-family:Inter, sans-serif;font-size:14px;background-color:#ffffff;&#34;&gt;&lt;div class=&#34;row&#34; style=&#34;box-sizing:border-box;display:flex;flex-wrap:wrap;margin-right:-15px;margin-left:-15px;&#34;&gt;&lt;div class=&#34;col-md-12 col-lg-6&#34; style=&#34;box-sizing:border-box;position:relative;width:363.062px;padding-right:15px;padding-left:15px;flex:0 0 50%;max-width:50%;&#34;&gt;&lt;div class=&#34;text-primary f-14 m-b-10&#34; style=&#34;box-sizing:border-box;margin-bottom:10px;color:#7267ef;&#34;&gt;1. The standard Lorem Ipsum passage&lt;/div&gt;&lt;p style=&#34;margin-bottom:1rem;box-sizing:border-box;&#34;&gt;Lorem Ipsum is simply dummy text of the printing and typesetting industry&lt;/p&gt;&lt;/div&gt;&lt;div class=&#34;col-md-12 col-lg-6&#34; style=&#34;box-sizing:border-box;position:relative;width:363.062px;padding-right:15px;padding-left:15px;flex:0 0 50%;max-width:50%;&#34;&gt;&lt;div class=&#34;text-primary f-14 m-b-10&#34; style=&#34;box-sizing:border-box;margin-bottom:10px;color:#7267ef;&#34;&gt;2. The standard Lorem Ipsum passage&lt;/div&gt;&lt;p style=&#34;margin-bottom:1rem;box-sizing:border-box;&#34;&gt;Lorem Ipsum is simply dummy text of the printing and typesetting industry.&lt;/p&gt;&lt;/div&gt;&lt;/div&gt;&lt;/div&gt;&lt;div class=&#34;m-b-20&#34; style=&#34;box-sizing:border-box;margin-bottom:20px;color:#293240;font-family:Inter, sans-serif;font-size:14px;background-color:#ffffff;&#34;&gt;&lt;h6 style=&#34;font-size:0.9375rem;box-sizing:border-box;margin-top:0px;margin-bottom:0.5rem;font-weight:500;line-height:1.2;color:#060606;&#34;&gt;Requirements&lt;/h6&gt;&lt;hr style=&#34;box-sizing:content-box;height:0px;overflow:visible;margin-top:1rem;margin-bottom:1rem;border-right:0px;border-bottom:0px;border-left:0px;border-image:initial;border-top-style:solid;border-top-color:rgba(0, 0, 0, 0.1);&#34; /&gt;&lt;p style=&#34;margin-bottom:1rem;box-sizing:border-box;&#34;&gt;Lorem Ipsum is simply dummy text of the printing and typesetting industry. Lorem Ipsum has been the industry&#39;s standard dummy text ever since the 1500s, when an unknown printer took a galley of type and scrambled it to make a type specimen book. It has survived not only five centuries, but also the leap into electronic typesetting, remaining essentially unchanged.&lt;/p&gt;&lt;/div&gt;', '0', '', 0, 2, '15-05-2021 12:57:55'),
(4, 2, 9, 'Hospital Administration', '2021-06-02', '2021-06-17', '0,4,7,8', NULL, '3', '', '30', 'Lorem Ipsum is simply dummy text of the printing and typesetting industry.', '&lt;div class=&#34;m-b-20&#34; style=&#34;box-sizing:border-box;margin-bottom:20px;color:#293240;font-family:Inter, sans-serif;font-size:14px;background-color:#ffffff;&#34;&gt;&lt;p style=&#34;margin-bottom:1rem;box-sizing:border-box;&#34;&gt;Lorem Ipsum is simply dummy text of the printing and typesetting industry. Lorem Ipsum has been the industry&#39;s standard dummy text ever since the 1500s, when an unknown printer took a galley of type and scrambled it to make a type specimen book.&lt;/p&gt;&lt;/div&gt;&lt;div class=&#34;m-b-20&#34; style=&#34;box-sizing:border-box;margin-bottom:20px;color:#293240;font-family:Inter, sans-serif;font-size:14px;background-color:#ffffff;&#34;&gt;&lt;h6 style=&#34;font-size:0.9375rem;box-sizing:border-box;margin-top:0px;margin-bottom:0.5rem;font-weight:500;line-height:1.2;color:#060606;&#34;&gt;What we need&lt;/h6&gt;&lt;hr style=&#34;box-sizing:content-box;height:0px;overflow:visible;margin-top:1rem;margin-bottom:1rem;border-right:0px;border-bottom:0px;border-left:0px;border-image:initial;border-top-style:solid;border-top-color:rgba(0, 0, 0, 0.1);&#34; /&gt;&lt;p style=&#34;margin-bottom:1rem;box-sizing:border-box;&#34;&gt;Lorem Ipsum is simply dummy text of the printing and typesetting industry. Lorem Ipsum has been the industry&#39;s standard dummy text ever since the 1500s, when an unknown printer took a galley of type and scrambled it to make a type specimen book. It has survived not only five centuries, but also the leap into electronic typesetting, remaining essentially unchanged.&lt;/p&gt;&lt;/div&gt;&lt;div class=&#34;m-b-20 col-sm-12&#34; style=&#34;box-sizing:border-box;position:relative;width:726.125px;padding-right:15px;padding-left:15px;flex:0 0 100%;max-width:100%;margin-bottom:20px;color:#293240;font-family:Inter, sans-serif;font-size:14px;background-color:#ffffff;&#34;&gt;&lt;div class=&#34;row&#34; style=&#34;box-sizing:border-box;display:flex;flex-wrap:wrap;margin-right:-15px;margin-left:-15px;&#34;&gt;&lt;div class=&#34;col-md-12 col-lg-6&#34; style=&#34;box-sizing:border-box;position:relative;width:363.062px;padding-right:15px;padding-left:15px;flex:0 0 50%;max-width:50%;&#34;&gt;&lt;div class=&#34;text-primary f-14 m-b-10&#34; style=&#34;box-sizing:border-box;margin-bottom:10px;color:#7267ef;&#34;&gt;1. The standard Lorem Ipsum passage&lt;/div&gt;&lt;p style=&#34;margin-bottom:1rem;box-sizing:border-box;&#34;&gt;Lorem Ipsum is simply dummy text of the printing and typesetting industry&lt;/p&gt;&lt;/div&gt;&lt;div class=&#34;col-md-12 col-lg-6&#34; style=&#34;box-sizing:border-box;position:relative;width:363.062px;padding-right:15px;padding-left:15px;flex:0 0 50%;max-width:50%;&#34;&gt;&lt;div class=&#34;text-primary f-14 m-b-10&#34; style=&#34;box-sizing:border-box;margin-bottom:10px;color:#7267ef;&#34;&gt;2. The standard Lorem Ipsum passage&lt;/div&gt;&lt;p style=&#34;margin-bottom:1rem;box-sizing:border-box;&#34;&gt;Lorem Ipsum is simply dummy text of the printing and typesetting industry.&lt;/p&gt;&lt;/div&gt;&lt;/div&gt;&lt;/div&gt;&lt;div class=&#34;m-b-20&#34; style=&#34;box-sizing:border-box;margin-bottom:20px;color:#293240;font-family:Inter, sans-serif;font-size:14px;background-color:#ffffff;&#34;&gt;&lt;h6 style=&#34;font-size:0.9375rem;box-sizing:border-box;margin-top:0px;margin-bottom:0.5rem;font-weight:500;line-height:1.2;color:#060606;&#34;&gt;Requirements&lt;/h6&gt;&lt;hr style=&#34;box-sizing:content-box;height:0px;overflow:visible;margin-top:1rem;margin-bottom:1rem;border-right:0px;border-bottom:0px;border-left:0px;border-image:initial;border-top-style:solid;border-top-color:rgba(0, 0, 0, 0.1);&#34; /&gt;&lt;p style=&#34;margin-bottom:1rem;box-sizing:border-box;&#34;&gt;Lorem Ipsum is simply dummy text of the printing and typesetting industry. Lorem Ipsum has been the industry&#39;s standard dummy text ever since the 1500s, when an unknown printer took a galley of type and scrambled it to make a type specimen book. It has survived not only five centuries, but also the leap into electronic typesetting, remaining essentially unchanged.&lt;/p&gt;&lt;/div&gt;', '100', '', 2, 2, '15-05-2021 01:03:34'),
(5, 2, 9, 'Database Upgrade', '2021-05-26', '2021-05-30', '0,5,6,7', NULL, '1', '', '10', 'After the functional mockups are approved the remainder of the site will be built.', '&lt;div class=&#34;m-b-20&#34; style=&#34;box-sizing:border-box;margin-bottom:20px;color:#293240;font-family:Inter, sans-serif;font-size:14px;background-color:#ffffff;&#34;&gt;&lt;p style=&#34;margin-bottom:1rem;box-sizing:border-box;&#34;&gt;Lorem Ipsum is simply dummy text of the printing and typesetting industry. Lorem Ipsum has been the industry&#39;s standard dummy text ever since the 1500s, when an unknown printer took a galley of type and scrambled it to make a type specimen book.&lt;/p&gt;&lt;/div&gt;&lt;div class=&#34;m-b-20&#34; style=&#34;box-sizing:border-box;margin-bottom:20px;color:#293240;font-family:Inter, sans-serif;font-size:14px;background-color:#ffffff;&#34;&gt;&lt;h6 style=&#34;font-size:0.9375rem;box-sizing:border-box;margin-top:0px;margin-bottom:0.5rem;font-weight:500;line-height:1.2;color:#060606;&#34;&gt;What we need&lt;/h6&gt;&lt;hr style=&#34;box-sizing:content-box;height:0px;overflow:visible;margin-top:1rem;margin-bottom:1rem;border-right:0px;border-bottom:0px;border-left:0px;border-image:initial;border-top-style:solid;border-top-color:rgba(0, 0, 0, 0.1);&#34; /&gt;&lt;p style=&#34;margin-bottom:1rem;box-sizing:border-box;&#34;&gt;Lorem Ipsum is simply dummy text of the printing and typesetting industry. Lorem Ipsum has been the industry&#39;s standard dummy text ever since the 1500s, when an unknown printer took a galley of type and scrambled it to make a type specimen book. It has survived not only five centuries, but also the leap into electronic typesetting, remaining essentially unchanged.&lt;/p&gt;&lt;/div&gt;&lt;div class=&#34;m-b-20 col-sm-12&#34; style=&#34;box-sizing:border-box;position:relative;width:726.125px;padding-right:15px;padding-left:15px;flex:0 0 100%;max-width:100%;margin-bottom:20px;color:#293240;font-family:Inter, sans-serif;font-size:14px;background-color:#ffffff;&#34;&gt;&lt;div class=&#34;row&#34; style=&#34;box-sizing:border-box;display:flex;flex-wrap:wrap;margin-right:-15px;margin-left:-15px;&#34;&gt;&lt;div class=&#34;col-md-12 col-lg-6&#34; style=&#34;box-sizing:border-box;position:relative;width:363.062px;padding-right:15px;padding-left:15px;flex:0 0 50%;max-width:50%;&#34;&gt;&lt;div class=&#34;text-primary f-14 m-b-10&#34; style=&#34;box-sizing:border-box;margin-bottom:10px;color:#7267ef;&#34;&gt;1. The standard Lorem Ipsum passage&lt;/div&gt;&lt;p style=&#34;margin-bottom:1rem;box-sizing:border-box;&#34;&gt;Lorem Ipsum is simply dummy text of the printing and typesetting industry&lt;/p&gt;&lt;/div&gt;&lt;div class=&#34;col-md-12 col-lg-6&#34; style=&#34;box-sizing:border-box;position:relative;width:363.062px;padding-right:15px;padding-left:15px;flex:0 0 50%;max-width:50%;&#34;&gt;&lt;div class=&#34;text-primary f-14 m-b-10&#34; style=&#34;box-sizing:border-box;margin-bottom:10px;color:#7267ef;&#34;&gt;2. The standard Lorem Ipsum passage&lt;/div&gt;&lt;p style=&#34;margin-bottom:1rem;box-sizing:border-box;&#34;&gt;Lorem Ipsum is simply dummy text of the printing and typesetting industry.&lt;/p&gt;&lt;/div&gt;&lt;/div&gt;&lt;/div&gt;&lt;div class=&#34;m-b-20&#34; style=&#34;box-sizing:border-box;margin-bottom:20px;color:#293240;font-family:Inter, sans-serif;font-size:14px;background-color:#ffffff;&#34;&gt;&lt;h6 style=&#34;font-size:0.9375rem;box-sizing:border-box;margin-top:0px;margin-bottom:0.5rem;font-weight:500;line-height:1.2;color:#060606;&#34;&gt;Requirements&lt;/h6&gt;&lt;hr style=&#34;box-sizing:content-box;height:0px;overflow:visible;margin-top:1rem;margin-bottom:1rem;border-right:0px;border-bottom:0px;border-left:0px;border-image:initial;border-top-style:solid;border-top-color:rgba(0, 0, 0, 0.1);&#34; /&gt;&lt;p style=&#34;margin-bottom:1rem;box-sizing:border-box;&#34;&gt;Lorem Ipsum is simply dummy text of the printing and typesetting industry. Lorem Ipsum has been the industry&#39;s standard dummy text ever since the 1500s, when an unknown printer took a galley of type and scrambled it to make a type specimen book. It has survived not only five centuries, but also the leap into electronic typesetting, remaining essentially unchanged.&lt;/p&gt;&lt;/div&gt;', '47', '', 4, 2, '15-05-2021 01:05:52'),
(6, 2, 11, 'Create UI design model', '2021-05-29', '2021-05-31', '0,4,7,8', NULL, '1', '', '20', 'Lorem Ipsum is simply dummy text of the printing and typesetting industry. When an unknown printer took a galley of type and scrambled it.', '&lt;div class=&#34;m-b-20&#34; style=&#34;box-sizing:border-box;margin-bottom:20px;color:#293240;font-family:Inter, sans-serif;font-size:14px;background-color:#ffffff;&#34;&gt;&lt;p style=&#34;margin-bottom:1rem;box-sizing:border-box;&#34;&gt;Lorem Ipsum is simply dummy text of the printing and typesetting industry. Lorem Ipsum has been the industry&#39;s standard dummy text ever since the 1500s, when an unknown printer took a galley of type and scrambled it to make a type specimen book.&lt;/p&gt;&lt;/div&gt;&lt;div class=&#34;m-b-20&#34; style=&#34;box-sizing:border-box;margin-bottom:20px;color:#293240;font-family:Inter, sans-serif;font-size:14px;background-color:#ffffff;&#34;&gt;&lt;h6 style=&#34;font-size:0.9375rem;box-sizing:border-box;margin-top:0px;margin-bottom:0.5rem;font-weight:500;line-height:1.2;color:#060606;&#34;&gt;What we need&lt;/h6&gt;&lt;hr style=&#34;box-sizing:content-box;height:0px;overflow:visible;margin-top:1rem;margin-bottom:1rem;border-right:0px;border-bottom:0px;border-left:0px;border-image:initial;border-top-style:solid;border-top-color:rgba(0, 0, 0, 0.1);&#34; /&gt;&lt;p style=&#34;margin-bottom:1rem;box-sizing:border-box;&#34;&gt;Lorem Ipsum is simply dummy text of the printing and typesetting industry. Lorem Ipsum has been the industry&#39;s standard dummy text ever since the 1500s, when an unknown printer took a galley of type and scrambled it to make a type specimen book. It has survived not only five centuries, but also the leap into electronic typesetting, remaining essentially unchanged.&lt;/p&gt;&lt;/div&gt;&lt;div class=&#34;m-b-20 col-sm-12&#34; style=&#34;box-sizing:border-box;position:relative;width:726.125px;padding-right:15px;padding-left:15px;flex:0 0 100%;max-width:100%;margin-bottom:20px;color:#293240;font-family:Inter, sans-serif;font-size:14px;background-color:#ffffff;&#34;&gt;&lt;div class=&#34;row&#34; style=&#34;box-sizing:border-box;display:flex;flex-wrap:wrap;margin-right:-15px;margin-left:-15px;&#34;&gt;&lt;div class=&#34;col-md-12 col-lg-6&#34; style=&#34;box-sizing:border-box;position:relative;width:363.062px;padding-right:15px;padding-left:15px;flex:0 0 50%;max-width:50%;&#34;&gt;&lt;div class=&#34;text-primary f-14 m-b-10&#34; style=&#34;box-sizing:border-box;margin-bottom:10px;color:#7267ef;&#34;&gt;1. The standard Lorem Ipsum passage&lt;/div&gt;&lt;p style=&#34;margin-bottom:1rem;box-sizing:border-box;&#34;&gt;Lorem Ipsum is simply dummy text of the printing and typesetting industry&lt;/p&gt;&lt;/div&gt;&lt;div class=&#34;col-md-12 col-lg-6&#34; style=&#34;box-sizing:border-box;position:relative;width:363.062px;padding-right:15px;padding-left:15px;flex:0 0 50%;max-width:50%;&#34;&gt;&lt;div class=&#34;text-primary f-14 m-b-10&#34; style=&#34;box-sizing:border-box;margin-bottom:10px;color:#7267ef;&#34;&gt;2. The standard Lorem Ipsum passage&lt;/div&gt;&lt;p style=&#34;margin-bottom:1rem;box-sizing:border-box;&#34;&gt;Lorem Ipsum is simply dummy text of the printing and typesetting industry.&lt;/p&gt;&lt;/div&gt;&lt;/div&gt;&lt;/div&gt;&lt;div class=&#34;m-b-20&#34; style=&#34;box-sizing:border-box;margin-bottom:20px;color:#293240;font-family:Inter, sans-serif;font-size:14px;background-color:#ffffff;&#34;&gt;&lt;h6 style=&#34;font-size:0.9375rem;box-sizing:border-box;margin-top:0px;margin-bottom:0.5rem;font-weight:500;line-height:1.2;color:#060606;&#34;&gt;Requirements&lt;/h6&gt;&lt;hr style=&#34;box-sizing:content-box;height:0px;overflow:visible;margin-top:1rem;margin-bottom:1rem;border-right:0px;border-bottom:0px;border-left:0px;border-image:initial;border-top-style:solid;border-top-color:rgba(0, 0, 0, 0.1);&#34; /&gt;&lt;p style=&#34;margin-bottom:1rem;box-sizing:border-box;&#34;&gt;Lorem Ipsum is simply dummy text of the printing and typesetting industry. Lorem Ipsum has been the industry&#39;s standard dummy text ever since the 1500s, when an unknown printer took a galley of type and scrambled it to make a type specimen book. It has survived not only five centuries, but also the leap into electronic typesetting, remaining essentially unchanged.&lt;/p&gt;&lt;/div&gt;', '0', '', 0, 2, '28-05-2021 06:15:49'),
(7, 42, 56, 'جرد', '2022-11-12', '2022-11-12', '0,55', NULL, '1', '', '5', 'جرد ', 'بدون', '0', '', 0, 42, '12-11-2022 02:07:29'),
(8, 42, 56, 'اجمتاع الادارة', '2022-11-12', '2022-11-14', '0,45,55', NULL, '2', '', '48', 'بدون', 'بدون', '0', '', 0, 42, '12-11-2022 02:11:08'),
(9, 42, 56, 'الشحنات', '2022-12-07', '2022-12-13', '0,62', NULL, '2', '', '24', 'اعداد الشحنات', 'شعانلش نشناتيات تماصمبتاسي', '0', '', 0, 64, '07-12-2022 03:56:05'),
(10, 24, 37, 'تعديل طريقة احتساب الجرد بالنظام المحاسبي', '2023-01-01', '2023-01-31', '0,36,118', '0,245', '1', '', '1', 'تعديل طريقة احتساب الجرد بالنظام المحاسبي', 'تعديل طريقة احتساب الجرد بالنظام المحاسبي', '0', '', 2, 24, '18-01-2023 02:13:21'),
(13, 713, 714, 'رقم العقد 3476', '2023-11-19', '2023-11-19', '0', NULL, '1', '', '', 'اعطي سعر 329847', 'لتبمتا', '0', '', 0, 713, '16-11-2023 11:44:25');

-- --------------------------------------------------------

--
-- Table structure for table `ci_projects_bugs`
--

CREATE TABLE IF NOT EXISTS `ci_projects_bugs` (
  `project_bug_id` int NOT NULL AUTO_INCREMENT,
  `company_id` int NOT NULL,
  `project_id` int NOT NULL,
  `employee_id` int NOT NULL,
  `bug_note` text,
  `created_at` varchar(255) NOT NULL,
  PRIMARY KEY (`project_bug_id`)
) ENGINE=InnoDB AUTO_INCREMENT=2 DEFAULT CHARSET=utf8mb3;

--
-- Dumping data for table `ci_projects_bugs`
--

INSERT INTO `ci_projects_bugs` (`project_bug_id`, `company_id`, `project_id`, `employee_id`, `bug_note`, `created_at`) VALUES
(1, 24, 10, 24, 'أضف خطأ...', '18-01-2023 02:17:08');

-- --------------------------------------------------------

--
-- Table structure for table `ci_projects_discussion`
--

CREATE TABLE IF NOT EXISTS `ci_projects_discussion` (
  `project_discussion_id` int NOT NULL AUTO_INCREMENT,
  `company_id` int NOT NULL,
  `project_id` int NOT NULL,
  `employee_id` int NOT NULL,
  `discussion_text` text,
  `created_at` varchar(255) NOT NULL,
  PRIMARY KEY (`project_discussion_id`)
) ENGINE=InnoDB AUTO_INCREMENT=4 DEFAULT CHARSET=utf8mb3;

--
-- Dumping data for table `ci_projects_discussion`
--

INSERT INTO `ci_projects_discussion` (`project_discussion_id`, `company_id`, `project_id`, `employee_id`, `discussion_text`, `created_at`) VALUES
(1, 42, 9, 62, '&lt;p&gt;ارسل الورق&lt;/p&gt;&lt;p&gt;&amp;nbsp;&lt;/p&gt;', '07-12-2022 04:04:57'),
(2, 24, 10, 24, 'أدخل رسالة مناقشة...', '18-01-2023 02:15:47'),
(3, 713, 11, 713, 'أدخل التفاصيل...تبيلت', '16-11-2023 11:26:39');

-- --------------------------------------------------------

--
-- Table structure for table `ci_projects_files`
--

CREATE TABLE IF NOT EXISTS `ci_projects_files` (
  `project_file_id` int NOT NULL AUTO_INCREMENT,
  `company_id` int NOT NULL,
  `project_id` int NOT NULL,
  `employee_id` int NOT NULL,
  `file_title` varchar(255) NOT NULL,
  `attachment_file` mediumtext NOT NULL,
  `created_at` varchar(200) NOT NULL,
  PRIMARY KEY (`project_file_id`)
) ENGINE=InnoDB AUTO_INCREMENT=2 DEFAULT CHARSET=utf8mb3;

--
-- Dumping data for table `ci_projects_files`
--

INSERT INTO `ci_projects_files` (`project_file_id`, `company_id`, `project_id`, `employee_id`, `file_title`, `attachment_file`, `created_at`) VALUES
(1, 24, 10, 36, 'jh', 'Capture.PNG', '13-02-2023 07:32:33');

-- --------------------------------------------------------

--
-- Table structure for table `ci_projects_notes`
--

CREATE TABLE IF NOT EXISTS `ci_projects_notes` (
  `project_note_id` int NOT NULL AUTO_INCREMENT,
  `company_id` int NOT NULL,
  `project_id` int NOT NULL,
  `employee_id` int NOT NULL,
  `project_note` text,
  `created_at` varchar(255) NOT NULL,
  PRIMARY KEY (`project_note_id`)
) ENGINE=InnoDB AUTO_INCREMENT=3 DEFAULT CHARSET=utf8mb3;

--
-- Dumping data for table `ci_projects_notes`
--

INSERT INTO `ci_projects_notes` (`project_note_id`, `company_id`, `project_id`, `employee_id`, `project_note`, `created_at`) VALUES
(1, 24, 10, 24, 'البرمجه البرمجه البرمجه البرمجه البرمجه البرمجه ', '18-01-2023 02:21:39'),
(2, 713, 11, 713, 'اعطي سعر 39', '16-11-2023 11:26:21');

-- --------------------------------------------------------

--
-- Table structure for table `ci_projects_timelogs`
--

CREATE TABLE IF NOT EXISTS `ci_projects_timelogs` (
  `timelogs_id` int NOT NULL AUTO_INCREMENT,
  `project_id` int NOT NULL,
  `company_id` int NOT NULL,
  `employee_id` int NOT NULL,
  `start_time` varchar(255) NOT NULL,
  `end_time` varchar(255) NOT NULL,
  `start_date` varchar(255) NOT NULL,
  `end_date` varchar(255) NOT NULL,
  `total_hours` varchar(255) NOT NULL,
  `timelogs_memo` text NOT NULL,
  `created_at` varchar(255) NOT NULL,
  PRIMARY KEY (`timelogs_id`)
) ENGINE=InnoDB AUTO_INCREMENT=5 DEFAULT CHARSET=latin1;

--
-- Dumping data for table `ci_projects_timelogs`
--

INSERT INTO `ci_projects_timelogs` (`timelogs_id`, `project_id`, `company_id`, `employee_id`, `start_time`, `end_time`, `start_date`, `end_date`, `total_hours`, `timelogs_memo`, `created_at`) VALUES
(2, 1, 2, 4, '11:38', '13:35', '2021-06-22', '2021-06-22', '1:57', 'sdfdfasffd', '22-06-2021 02:38:19'),
(3, 1, 2, 4, '02:44', '02:56', '2021-06-23', '2021-06-23', '0:12', 'sdfasdfdsfd', '22-06-2021 05:44:15'),
(4, 10, 24, 36, '8:10', '22:00', '2023-01-18', '2023-01-20', '61:50', '???? ????? ?????? ????? ??????? ????????', '18-01-2023 02:16:58');

-- --------------------------------------------------------

--
-- Table structure for table `ci_promotions`
--

CREATE TABLE IF NOT EXISTS `ci_promotions` (
  `promotion_id` int NOT NULL AUTO_INCREMENT,
  `company_id` int NOT NULL,
  `employee_id` int NOT NULL,
  `promotion_title` varchar(255) NOT NULL,
  `promotion_date` date NOT NULL,
  `description` text,
  `status` tinyint(1) NOT NULL DEFAULT '0' COMMENT '0 = Pending, 1 = Approved, 2 = Rejected',
  `notify_send_to` text,
  `added_by` int DEFAULT NULL,
  `created_at` datetime DEFAULT NULL,
  `updated_at` datetime DEFAULT NULL,
  `new_designation_id` int NOT NULL,
  `new_department_id` int NOT NULL,
  `new_salary` decimal(10,2) NOT NULL,
  `old_designation_id` int NOT NULL,
  `old_department_id` int NOT NULL,
  `old_salary` decimal(10,2) NOT NULL,
  PRIMARY KEY (`promotion_id`)
) ENGINE=InnoDB AUTO_INCREMENT=7 DEFAULT CHARSET=utf8mb4 COLLATE=utf8mb4_0900_ai_ci;

--
-- Dumping data for table `ci_promotions`
--

INSERT INTO `ci_promotions` (`promotion_id`, `company_id`, `employee_id`, `promotion_title`, `promotion_date`, `description`, `status`, `notify_send_to`, `added_by`, `created_at`, `updated_at`, `new_designation_id`, `new_department_id`, `new_salary`, `old_designation_id`, `old_department_id`, `old_salary`) VALUES
(1, 1, 2, 'ترقية إلى مدير قسم', '2025-11-01', 'ترقية استثنائية', 0, NULL, NULL, NULL, NULL, 2, 2, 8000.00, 1, 1, 5000.00),
(2, 1, 3, 'ترقية إلى مشرف', '2025-10-15', 'ترقية عادية', 1, NULL, NULL, NULL, NULL, 4, 3, 5500.00, 3, 2, 4000.00),
(3, 1, 4, 'ترقية مرفوضة', '2025-09-20', 'تم الرفض', 2, NULL, NULL, NULL, NULL, 6, 4, 5000.00, 5, 3, 3500.00),
(6, 724, 732, 'ترقية محلية', '2025-11-10', 'ترقية نظراً لجهوده المثمرة', 1, '727', NULL, '2025-11-10 16:54:57', '2025-11-10 16:55:38', 235, 173, 30000.00, 233, 171, 20000.00);

-- --------------------------------------------------------

--
-- Table structure for table `ci_recent_activity`
--

CREATE TABLE IF NOT EXISTS `ci_recent_activity` (
  `activity_id` int NOT NULL AUTO_INCREMENT,
  `company_id` int NOT NULL,
  `staff_id` int NOT NULL,
  `module_id` int NOT NULL,
  `module_type` varchar(200) NOT NULL,
  `is_read` int NOT NULL DEFAULT '0',
  `added_by` int NOT NULL,
  `created_at` varchar(200) NOT NULL,
  PRIMARY KEY (`activity_id`)
) ENGINE=MyISAM DEFAULT CHARSET=utf8mb3;

-- --------------------------------------------------------

--
-- Table structure for table `ci_rec_candidates`
--

CREATE TABLE IF NOT EXISTS `ci_rec_candidates` (
  `candidate_id` int NOT NULL AUTO_INCREMENT,
  `company_id` int NOT NULL,
  `job_id` int NOT NULL,
  `designation_id` int NOT NULL,
  `staff_id` int NOT NULL,
  `message` mediumtext NOT NULL,
  `job_resume` mediumtext NOT NULL,
  `application_status` int NOT NULL DEFAULT '0',
  `application_remarks` mediumtext NOT NULL,
  `created_at` varchar(200) NOT NULL,
  PRIMARY KEY (`candidate_id`)
) ENGINE=InnoDB AUTO_INCREMENT=19 DEFAULT CHARSET=utf8mb3;

--
-- Dumping data for table `ci_rec_candidates`
--

INSERT INTO `ci_rec_candidates` (`candidate_id`, `company_id`, `job_id`, `designation_id`, `staff_id`, `message`, `job_resume`, `application_status`, `application_remarks`, `created_at`) VALUES
(2, 2, 6, 3, 15, 'Praesent efficitur dui eget condimentum viverra. Sed non maximus ipsum, non consequat nulla. Vivamus nec convallis nisi, sit amet egestas magna. Quisque vulputate lorem sit amet ornare efficitur. Duis aliquam est elit, sed tincidunt enim commodo sed. Fusce tempus magna id sagittis laoreet. Proin porta luctus ante eu ultrices. Sed porta consectetur purus, rutrum tincidunt magna dictum tempus.\n', 'img-avatar-1.jpg', 1, 'application remarks here', '30-09-2021 05:18:16'),
(3, 2, 3, 3, 15, 'Quisque vulputate lorem sit amet ornare efficitur. Duis aliquam est elit, sed tincidunt enim commodo sed. Fusce tempus magna id sagittis laoreet. Proin porta luctus ante eu ultrices.', 'img-avatar-1.jpg', 3, 'application remarks here', '30-09-2021 06:21:17'),
(4, 24, 9, 15, 24, '111', 'شاشة المستندات.PNG', 1, 'application remarks here', '15-12-2022 03:35:41'),
(5, 24, 9, 15, 36, 'dd', 'اضافة مرتجع او فاتورة بيع.PNG', 0, 'application remarks here', '15-12-2022 03:41:50'),
(6, 63, 10, 60, 63, 'طلب موافقة', 'مطعم سمك .JPG', 1, 'application remarks here', '17-12-2022 10:32:11'),
(7, 724, 13, 235, 727, 'test1', 'images.jpg', 0, 'application remarks here', '06-11-2025 09:56:31'),
(10, 724, 13, 235, 728, 'test2', 'images.jpg', 0, 'application remarks here', '06-11-2025 10:24:29'),
(11, 724, 13, 235, 729, 'test3', 'images.jpg', 0, 'application remarks here', '06-11-2025 10:25:14'),
(14, 724, 13, 235, 737, 'test transfer', 'images.jpg', 1, 'application remarks here', '06-11-2025 10:29:00'),
(16, 724, 13, 235, 735, 'test tagroba', 'images.jpg', 1, 'application remarks here', '06-11-2025 10:40:31'),
(17, 724, 13, 235, 734, 'test elfro3', 'images.jpg', 1, 'application remarks here', '06-11-2025 10:42:10'),
(18, 724, 13, 235, 732, 'test 3omla', 'نظام ادراة الموارد البشرية بعد المراجعة.pdf', 3, 'application remarks here', '06-11-2025 10:54:43');

-- --------------------------------------------------------

--
-- Table structure for table `ci_rec_interviews`
--

CREATE TABLE IF NOT EXISTS `ci_rec_interviews` (
  `job_interview_id` int NOT NULL AUTO_INCREMENT,
  `company_id` int NOT NULL,
  `job_id` int NOT NULL,
  `designation_id` int NOT NULL,
  `staff_id` varchar(11) NOT NULL,
  `interview_place` varchar(255) NOT NULL,
  `interview_date` varchar(255) NOT NULL,
  `interview_time` varchar(255) NOT NULL,
  `interviewer_id` int NOT NULL,
  `description` mediumtext NOT NULL,
  `interview_remarks` text,
  `status` int NOT NULL,
  `created_at` varchar(255) NOT NULL,
  PRIMARY KEY (`job_interview_id`)
) ENGINE=InnoDB AUTO_INCREMENT=7 DEFAULT CHARSET=utf8mb3;

--
-- Dumping data for table `ci_rec_interviews`
--

INSERT INTO `ci_rec_interviews` (`job_interview_id`, `company_id`, `job_id`, `designation_id`, `staff_id`, `interview_place`, `interview_date`, `interview_time`, `interviewer_id`, `description`, `interview_remarks`, `status`, `created_at`) VALUES
(1, 2, 6, 3, '15', 'Testtt', '2021-10-01', '06:59', 3, 'Testtttt', 'interview marks goes here', 2, '30-09-2021 09:59:24'),
(2, 24, 9, 15, '24', 'الادارة', '2022-12-15', '17:30', 36, 'نتلببلاتن', 'interview marks goes here', 2, '15-12-2022 05:19:21'),
(3, 63, 10, 60, '63', 'الادارة العامة', '2022-12-17', '10:33', 69, 'السيرة مقبولة', 'تم قبول الموظف', 2, '17-12-2022 10:34:03'),
(4, 724, 13, 235, '734', 'مقر الشركة', '2025-11-06', '15:29', 727, 'Technical Interview for this option', 'Approved', 2, '06-11-2025 02:29:55'),
(5, 724, 13, 235, '735', 'online', '2025-11-06', '15:33', 727, 'Technical Interview', 'Declined', 3, '06-11-2025 02:33:40'),
(6, 724, 13, 235, '737', 'Offline', '2025-11-06', '14:53', 727, 'Offline Interview', 'interview marks goes here', 1, '06-11-2025 03:54:20');

-- --------------------------------------------------------

--
-- Table structure for table `ci_rec_jobs`
--

CREATE TABLE IF NOT EXISTS `ci_rec_jobs` (
  `job_id` int NOT NULL AUTO_INCREMENT,
  `company_id` int NOT NULL,
  `job_title` varchar(255) NOT NULL,
  `designation_id` int NOT NULL,
  `job_type` int NOT NULL,
  `job_vacancy` int NOT NULL,
  `gender` varchar(100) NOT NULL,
  `minimum_experience` varchar(255) NOT NULL,
  `date_of_closing` varchar(200) NOT NULL,
  `short_description` mediumtext NOT NULL,
  `long_description` mediumtext NOT NULL,
  `status` int NOT NULL,
  `created_at` varchar(255) NOT NULL,
  PRIMARY KEY (`job_id`)
) ENGINE=InnoDB AUTO_INCREMENT=14 DEFAULT CHARSET=utf8mb3;

--
-- Dumping data for table `ci_rec_jobs`
--

INSERT INTO `ci_rec_jobs` (`job_id`, `company_id`, `job_title`, `designation_id`, `job_type`, `job_vacancy`, `gender`, `minimum_experience`, `date_of_closing`, `short_description`, `long_description`, `status`, `created_at`) VALUES
(1, 2, 'Web Designer / Developer', 1, 1, 10, '0', '0', '2021-06-30', 'Company is a 2016 Iowa City-born start-up that develops consectetuer adipiscing elit. Phasellus hendrerit. Pellentesque aliquet nibh nec urna. In nisi neque, aliquet vel, dapibus id, mattis vel, nisi. Sed pretium, ligula sollicitudin laoreet viverra, tortor libero sodales leo, eget blandit nunc tortor eu nibh. Nullam mollis. Ut justo. Suspendisse potenti.Sed egestas, ante et vulputate volutpat, eros pede semper est, vitae luctus metus libero eu augue. Morbi purus libero, faucibus adipiscing, commodo quis, gravida id, est.', '&lt;p&gt;Company is a 2016 Iowa City-born start-up that develops consectetuer adipiscing elit. Phasellus hendrerit. Pellentesque aliquet nibh nec urna. In nisi neque, aliquet vel, dapibus id, mattis vel, nisi. Sed pretium, ligula sollicitudin laoreet viverra, tortor libero sodales leo, eget blandit nunc tortor eu nibh. Nullam mollis. Ut justo. Suspendisse potenti.Sed egestas, ante et vulputate volutpat, eros pede semper est, vitae luctus metus libero eu augue. Morbi purus libero, faucibus adipiscing, commodo quis, gravida id, est. Sed lectus. Praesent elementum hendrerit tortor. Sed semper lorem at felis. Vestibulum volutpat, lacus a ultrices sagittis, mi neque euismod dui, eu pulvinar nunc sapien&lt;/p&gt;&lt;p&gt;&lt;strong&gt;Required Knowledge, Skills, and Abilities&lt;/strong&gt;&lt;/p&gt;&lt;ul&gt;&lt;li&gt;Ability to write code &amp;ndash; HTML &amp;amp; CSS (SCSS flavor of SASS preferred when writing CSS)&lt;/li&gt;&lt;li&gt;Proficient in Photoshop, Illustrator, bonus points for familiarity with Sketch (Sketch is our preferred concepting)&lt;/li&gt;&lt;li&gt;Cross-browser and platform testing as standard practice&lt;/li&gt;&lt;li&gt;Experience using Invision a plus&lt;/li&gt;&lt;li&gt;Experience in video production a plus or, at a minimum, a willingness to learn&lt;/li&gt;&lt;/ul&gt;&lt;p&gt;&lt;strong&gt;Education + Experience&lt;/strong&gt;&lt;/p&gt;&lt;ul&gt;&lt;li&gt;Advanced degree or equivalent experience in graphic and web design&lt;/li&gt;&lt;li&gt;3 or more years of professional design experience&lt;/li&gt;&lt;li&gt;Direct response email experience&lt;/li&gt;&lt;li&gt;Ecommerce website design experience&lt;/li&gt;&lt;li&gt;Familiarity with mobile and web apps preferred&lt;/li&gt;&lt;li&gt;Excellent communication skills, most notably a demonstrated ability to solicit and address creative and design feedback&lt;/li&gt;&lt;li&gt;Must be able to work under pressure and meet deadlines while maintaining a positive attitude and providing exemplary customer service&lt;/li&gt;&lt;li&gt;Ability to work independently and to carry out assignments to completion within parameters of instructions given, prescribed routines, and standard accepted practices&lt;br /&gt;&lt;/li&gt;&lt;/ul&gt;', 1, '15-05-2021 11:04:04'),
(2, 3, 'Marketing Dairector', 9, 1, 5, '0', '0', '2021-06-29', '&lt;div class=&#34;m-b-20&#34; style=&#34;box-sizing:border-box;margin-bottom:20px;color:#293240;font-family:Inter, sans-serif;font-size:14px;background-color:#ffffff;&#34;&gt;&lt;p style=&#34;box-sizing:border-box;margin-bottom:1rem;&#34;&gt;Company is a 2016 Iowa City-born start-up that develops consectetuer adipiscing elit. Phasellus hendrerit. Pellentesque aliquet nibh nec urna. In nisi neque, aliquet vel, dapibus id, mattis vel, nisi. Sed pretium, ligula sollicitudin laoreet viverra, tortor libero sodales leo, eget blandit nunc tortor eu nibh. Nullam mollis. Ut justo. Suspendisse potenti.Sed egestas, ante et vulputate volutpat, eros pede semper est, vitae luctus metus libero eu augue. Morbi purus libero, faucibus adipiscing, commodo quis, gravida id, est&lt;/p&gt;&lt;div&gt;&lt;/div&gt;&lt;/div&gt;&lt;div class=&#34;m-b-20&#34; style=&#34;box-sizing:border-box;margin-bottom:20px;color:#293240;font-family:Inter, sans-serif;font-size:14px;background-color:#ffffff;&#34;&gt;&lt;/div&gt;', '&lt;p&gt;Company is a 2016 Iowa City-born start-up that develops consectetuer adipiscing elit. Phasellus hendrerit. Pellentesque aliquet nibh nec urna. In nisi neque, aliquet vel, dapibus id, mattis vel, nisi. Sed pretium, ligula sollicitudin laoreet viverra, tortor libero sodales leo, eget blandit nunc tortor eu nibh. Nullam mollis. Ut justo. Suspendisse potenti.Sed egestas, ante et vulputate volutpat, eros pede semper est, vitae luctus metus libero eu augue. Morbi purus libero, faucibus adipiscing, commodo quis, gravida id, est. Sed lectus. Praesent elementum hendrerit tortor. Sed semper lorem at felis. Vestibulum volutpat, lacus a ultrices sagittis, mi neque euismod dui, eu pulvinar nunc sapien&lt;/p&gt;&lt;p&gt;&lt;strong&gt;Required Knowledge, Skills, and Abilities&lt;/strong&gt;&lt;/p&gt;&lt;ul&gt;&lt;li&gt;Ability to write code &amp;ndash; HTML &amp;amp; CSS (SCSS flavor of SASS preferred when writing CSS)&lt;/li&gt;&lt;li&gt;Proficient in Photoshop, Illustrator, bonus points for familiarity with Sketch (Sketch is our preferred concepting)&lt;/li&gt;&lt;li&gt;Cross-browser and platform testing as standard practice&lt;/li&gt;&lt;li&gt;Experience using Invision a plus&lt;/li&gt;&lt;li&gt;Experience in video production a plus or, at a minimum, a willingness to learn&lt;/li&gt;&lt;/ul&gt;&lt;p&gt;&lt;strong&gt;Education + Experience&lt;/strong&gt;&lt;/p&gt;&lt;ul&gt;&lt;li&gt;Advanced degree or equivalent experience in graphic and web design&lt;/li&gt;&lt;li&gt;3 or more years of professional design experience&lt;/li&gt;&lt;li&gt;Direct response email experience&lt;/li&gt;&lt;li&gt;Ecommerce website design experience&lt;/li&gt;&lt;li&gt;Familiarity with mobile and web apps preferred&lt;/li&gt;&lt;li&gt;Excellent communication skills, most notably a demonstrated ability to solicit and address creative and design feedback&lt;/li&gt;&lt;li&gt;Must be able to work under pressure and meet deadlines while maintaining a positive attitude and providing exemplary customer service&lt;/li&gt;&lt;li&gt;Ability to work independently and to carry out assignments to completion within parameters of instructions given, prescribed routines, and standard accepted practices&lt;/li&gt;&lt;/ul&gt;', 1, '15-05-2021 11:19:29'),
(3, 2, ' Application Developer', 3, 1, 4, '0', '0', '2021-07-14', 'Company is a 2016 Iowa City-born start-up that develops consectetuer adipiscing elit. Phasellus hendrerit. Pellentesque aliquet nibh nec urna. In nisi neque, aliquet vel, dapibus id, mattis vel, nisi. Sed pretium, ligula sollicitudin laoreet viverra, tortor libero sodales leo, eget blandit nunc tortor eu nibh. Nullam mollis. Ut justo. Suspendisse potenti.Sed egestas, ante et vulputate volutpat, eros pede semper est, vitae luctus metus libero eu augue. Morbi purus libero, faucibus adipiscing, commodo quis, gravida id, est.', '&lt;p&gt;Company is a 2016 Iowa City-born start-up that develops consectetuer adipiscing elit. Phasellus hendrerit. Pellentesque aliquet nibh nec urna. In nisi neque, aliquet vel, dapibus id, mattis vel, nisi. Sed pretium, ligula sollicitudin laoreet viverra, tortor libero sodales leo, eget blandit nunc tortor eu nibh. Nullam mollis. Ut justo. Suspendisse potenti.Sed egestas, ante et vulputate volutpat, eros pede semper est, vitae luctus metus libero eu augue. Morbi purus libero, faucibus adipiscing, commodo quis, gravida id, est. Sed lectus. Praesent elementum hendrerit tortor. Sed semper lorem at felis. Vestibulum volutpat, lacus a ultrices sagittis, mi neque euismod dui, eu pulvinar nunc sapien&lt;/p&gt;&lt;p&gt;&lt;strong&gt;Required Knowledge, Skills, and Abilities&lt;/strong&gt;&lt;/p&gt;&lt;ul&gt;&lt;li&gt;Ability to write code &amp;ndash; HTML &amp;amp; CSS (SCSS flavor of SASS preferred when writing CSS)&lt;/li&gt;&lt;li&gt;Proficient in Photoshop, Illustrator, bonus points for familiarity with Sketch (Sketch is our preferred concepting)&lt;/li&gt;&lt;li&gt;Cross-browser and platform testing as standard practice&lt;/li&gt;&lt;li&gt;Experience using Invision a plus&lt;/li&gt;&lt;li&gt;Experience in video production a plus or, at a minimum, a willingness to learn&lt;/li&gt;&lt;/ul&gt;&lt;p&gt;&lt;strong&gt;Education + Experience&lt;/strong&gt;&lt;/p&gt;&lt;ul&gt;&lt;li&gt;Advanced degree or equivalent experience in graphic and web design&lt;/li&gt;&lt;li&gt;3 or more years of professional design experience&lt;/li&gt;&lt;li&gt;Direct response email experience&lt;/li&gt;&lt;li&gt;Ecommerce website design experience&lt;/li&gt;&lt;li&gt;Familiarity with mobile and web apps preferred&lt;/li&gt;&lt;li&gt;Excellent communication skills, most notably a demonstrated ability to solicit and address creative and design feedback&lt;/li&gt;&lt;li&gt;Must be able to work under pressure and meet deadlines while maintaining a positive attitude and providing exemplary customer service&lt;/li&gt;&lt;li&gt;Ability to work independently and to carry out assignments to completion within parameters of instructions given, prescribed routines, and standard accepted practices&lt;/li&gt;&lt;/ul&gt;', 1, '15-05-2021 11:20:58'),
(4, 2, 'Product Redesign', 1, 2, 3, '0', '0', '2021-06-30', 'Company is a 2016 Iowa City-born start-up that develops consectetuer adipiscing elit. Phasellus hendrerit. Pellentesque aliquet nibh nec urna. In nisi neque, aliquet vel, dapibus id, mattis vel, nisi. Sed pretium, ligula sollicitudin laoreet viverra, tortor libero sodales leo, eget blandit nunc tortor eu nibh. Nullam mollis. Ut justo. Suspendisse potenti.Sed egestas, ante et vulputate volutpat, eros pede semper est, vitae luctus metus libero eu augue. Morbi purus libero, faucibus adipiscing, commodo quis, gravida id, est.', '&lt;p&gt;Company is a 2016 Iowa City-born start-up that develops consectetuer adipiscing elit. Phasellus hendrerit. Pellentesque aliquet nibh nec urna. In nisi neque, aliquet vel, dapibus id, mattis vel, nisi. Sed pretium, ligula sollicitudin laoreet viverra, tortor libero sodales leo, eget blandit nunc tortor eu nibh. Nullam mollis. Ut justo. Suspendisse potenti.Sed egestas, ante et vulputate volutpat, eros pede semper est, vitae luctus metus libero eu augue. Morbi purus libero, faucibus adipiscing, commodo quis, gravida id, est. Sed lectus. Praesent elementum hendrerit tortor. Sed semper lorem at felis. Vestibulum volutpat, lacus a ultrices sagittis, mi neque euismod dui, eu pulvinar nunc sapien&lt;/p&gt;&lt;p&gt;&lt;strong&gt;Required Knowledge, Skills, and Abilities&lt;/strong&gt;&lt;/p&gt;&lt;ul&gt;&lt;li&gt;Ability to write code &amp;ndash; HTML &amp;amp; CSS (SCSS flavor of SASS preferred when writing CSS)&lt;/li&gt;&lt;li&gt;Proficient in Photoshop, Illustrator, bonus points for familiarity with Sketch (Sketch is our preferred concepting)&lt;/li&gt;&lt;li&gt;Cross-browser and platform testing as standard practice&lt;/li&gt;&lt;li&gt;Experience using Invision a plus&lt;/li&gt;&lt;li&gt;Experience in video production a plus or, at a minimum, a willingness to learn&lt;/li&gt;&lt;/ul&gt;&lt;p&gt;&lt;strong&gt;Education + Experience&lt;/strong&gt;&lt;/p&gt;&lt;ul&gt;&lt;li&gt;Advanced degree or equivalent experience in graphic and web design&lt;/li&gt;&lt;li&gt;3 or more years of professional design experience&lt;/li&gt;&lt;li&gt;Direct response email experience&lt;/li&gt;&lt;li&gt;Ecommerce website design experience&lt;/li&gt;&lt;li&gt;Familiarity with mobile and web apps preferred&lt;/li&gt;&lt;li&gt;Excellent communication skills, most notably a demonstrated ability to solicit and address creative and design feedback&lt;/li&gt;&lt;li&gt;Must be able to work under pressure and meet deadlines while maintaining a positive attitude and providing exemplary customer service&lt;/li&gt;&lt;li&gt;Ability to work independently and to carry out assignments to completion within parameters of instructions given, prescribed routines, and standard accepted practices&lt;/li&gt;&lt;/ul&gt;', 1, '15-05-2021 11:21:51'),
(5, 2, 'Custom Php Developer', 3, 4, 6, '0', '9', '2021-06-25', '&lt;strong&gt;&lt;/strong&gt;Company is a 2016 Iowa City-born start-up that develops consectetuer adipiscing elit. Phasellus hendrerit. Pellentesque aliquet nibh nec urna. In nisi neque, aliquet vel, dapibus id, mattis vel, nisi. Sed pretium, ligula sollicitudin laoreet viverra, tortor libero sodales leo, eget blandit nunc tortor eu nibh. Nullam mollis. Ut justo. Suspendisse potenti.Sed egestas, ante et vulputate volutpat, eros pede semper est, vitae luctus metus libero eu augue. Morbi purus libero, faucibus adipiscing, commodo quis, gravida id, est.', '&lt;p&gt;Company is a 2016 Iowa City-born start-up that develops consectetuer adipiscing elit. Phasellus hendrerit. Pellentesque aliquet nibh nec urna. In nisi neque, aliquet vel, dapibus id, mattis vel, nisi. Sed pretium, ligula sollicitudin laoreet viverra, tortor libero sodales leo, eget blandit nunc tortor eu nibh. Nullam mollis. Ut justo. Suspendisse potenti.Sed egestas, ante et vulputate volutpat, eros pede semper est, vitae luctus metus libero eu augue. Morbi purus libero, faucibus adipiscing, commodo quis, gravida id, est. Sed lectus. Praesent elementum hendrerit tortor. Sed semper lorem at felis. Vestibulum volutpat, lacus a ultrices sagittis, mi neque euismod dui, eu pulvinar nunc sapien&lt;/p&gt;&lt;p&gt;&lt;strong&gt;Required Knowledge, Skills, and Abilities&lt;/strong&gt;&lt;/p&gt;&lt;ul&gt;&lt;li&gt;Ability to write code &amp;ndash; HTML &amp;amp; CSS (SCSS flavor of SASS preferred when writing CSS)&lt;/li&gt;&lt;li&gt;Proficient in Photoshop, Illustrator, bonus points for familiarity with Sketch (Sketch is our preferred concepting)&lt;/li&gt;&lt;li&gt;Cross-browser and platform testing as standard practice&lt;/li&gt;&lt;li&gt;Experience using Invision a plus&lt;/li&gt;&lt;li&gt;Experience in video production a plus or, at a minimum, a willingness to learn&lt;/li&gt;&lt;/ul&gt;&lt;p&gt;&amp;nbsp;&lt;/p&gt;&lt;p&gt;&lt;strong&gt;Education + Experience&lt;/strong&gt;&lt;/p&gt;&lt;ul&gt;&lt;li&gt;Advanced degree or equivalent experience in graphic and web design&lt;/li&gt;&lt;li&gt;3 or more years of professional design experience&lt;/li&gt;&lt;li&gt;Direct response email experience&lt;/li&gt;&lt;li&gt;Ecommerce website design experience&lt;/li&gt;&lt;li&gt;Familiarity with mobile and web apps preferred&lt;/li&gt;&lt;li&gt;Excellent communication skills, most notably a demonstrated ability to solicit and address creative and design feedback&lt;/li&gt;&lt;li&gt;Must be able to work under pressure and meet deadlines while maintaining a positive attitude and providing exemplary customer service&lt;/li&gt;&lt;li&gt;Ability to work independently and to carry out assignments to completion within parameters of instructions given, prescribed routines, and standard accepted practices&lt;/li&gt;&lt;/ul&gt;&lt;p&gt;&amp;nbsp;&lt;/p&gt;', 1, '15-05-2021 11:22:46'),
(6, 2, 'Marketing Coordinator - SEO / SEM Experience', 3, 1, 7, '0', '8', '2021-06-24', 'Company is a 2016 Iowa City-born start-up that develops consectetuer adipiscing elit. Phasellus hendrerit. Pellentesque aliquet nibh nec urna. In nisi neque, aliquet vel, dapibus id, mattis vel, nisi. Sed pretium, ligula sollicitudin laoreet viverra, tortor libero sodales leo, eget blandit nunc tortor eu nibh. Nullam mollis. Ut justo. Suspendisse potenti.Sed egestas, ante et vulputate volutpat, eros pede semper est, vitae luctus metus libero eu augue. Morbi purus libero, faucibus adipiscing, commodo quis, gravida id, est.', '&lt;p&gt;Company is a 2016 Iowa City-born start-up that develops consectetuer adipiscing elit. Phasellus hendrerit. Pellentesque aliquet nibh nec urna. In nisi neque, aliquet vel, dapibus id, mattis vel, nisi. Sed pretium, ligula sollicitudin laoreet viverra, tortor libero sodales leo, eget blandit nunc tortor eu nibh. Nullam mollis. Ut justo. Suspendisse potenti.Sed egestas, ante et vulputate volutpat, eros pede semper est, vitae luctus metus libero eu augue. Morbi purus libero, faucibus adipiscing, commodo quis, gravida id, est. Sed lectus. Praesent elementum hendrerit tortor. Sed semper lorem at felis. Vestibulum volutpat, lacus a ultrices sagittis, mi neque euismod dui, eu pulvinar nunc sapien&lt;/p&gt;&lt;p&gt;&lt;strong&gt;Required Knowledge, Skills, and Abilities&lt;/strong&gt;&lt;/p&gt;&lt;ul&gt;&lt;li&gt;Ability to write code &amp;ndash; HTML &amp;amp; CSS (SCSS flavor of SASS preferred when writing CSS)&lt;/li&gt;&lt;li&gt;Proficient in Photoshop, Illustrator, bonus points for familiarity with Sketch (Sketch is our preferred concepting)&lt;/li&gt;&lt;li&gt;Cross-browser and platform testing as standard practice&lt;/li&gt;&lt;li&gt;Experience using Invision a plus&lt;/li&gt;&lt;li&gt;Experience in video production a plus or, at a minimum, a willingness to learn&lt;/li&gt;&lt;/ul&gt;&lt;p&gt;&lt;strong&gt;Education + Experience&lt;/strong&gt;&lt;/p&gt;&lt;ul&gt;&lt;li&gt;Advanced degree or equivalent experience in graphic and web design&lt;/li&gt;&lt;li&gt;3 or more years of professional design experience&lt;/li&gt;&lt;li&gt;Direct response email experience&lt;/li&gt;&lt;li&gt;Ecommerce website design experience&lt;/li&gt;&lt;li&gt;Familiarity with mobile and web apps preferred&lt;/li&gt;&lt;li&gt;Excellent communication skills, most notably a demonstrated ability to solicit and address creative and design feedback&lt;/li&gt;&lt;li&gt;Must be able to work under pressure and meet deadlines while maintaining a positive attitude and providing exemplary customer service&lt;/li&gt;&lt;li&gt;Ability to work independently and to carry out assignments to completion within parameters of instructions given, prescribed routines, and standard accepted practices&lt;/li&gt;&lt;/ul&gt;', 1, '15-05-2021 11:23:42'),
(7, 42, 'محاسبين', 22, 1, 3, '0', '3', '2022-11-18', 'محاسيبن لديهم خبرة سابقة في العمل لدى شركات', 'محاسيبن لديهم خبرة سابقة في العمل لدى شركاتمحاسيبن لديهم خبرة سابقة في العمل لدى شركاتمحاسيبن لديهم خبرة سابقة في العمل لدى شركاتمحاسيبن لديهم خبرة سابقة في العمل لدى شركاتمحاسيبن لديهم خبرة سابقة في العمل لدى شركات', 1, '12-11-2022 02:41:20'),
(8, 50, 'تجريبي', 45, 1, 1, '0', '0', '2022-11-30', 'الابلابل', 'بلالبرابلر', 1, '14-11-2022 08:37:31'),
(9, 24, 'IT Support', 15, 1, 3, '0', '1', '2022-12-16', 'دعم فني', '&lt;p&gt;له خبرة سابقة لمدة سنه&lt;/p&gt;&lt;p&gt;لدية شهادة جامعية&lt;/p&gt;', 1, '15-12-2022 03:19:59'),
(10, 63, 'محمد عبدالرقيب صبيح ', 60, 1, 1, '0', '0', '2022-12-17', 'مصمم&amp;nbsp;', '', 1, '17-12-2022 10:29:36'),
(11, 142, 'الرياض - حي الروضة', 219, 1, 2, '0', '3', '2023-04-29', 'مطلوب مسوق احترافي بمجال تقنية المعلومات والبرامج المحاسبية وبرامج شؤون الموظفين ولدية معرفة بتقنية الذكاء الاصطناعي يجب ان يكون لديه شهادة البكالوريوس&amp;nbsp; ولديه خبرة لا تقل عن 3 سنوات في التسويق ولديه المعرفة بمدينة الرياض ولديه رخصة قيادة سارية والاولوية للسعوديين&amp;nbsp;', '', 1, '29-04-2023 04:26:30'),
(12, 142, 'الرياض - حي الروضة', 220, 1, 2, '0', '3', '2023-04-29', 'مطلوب مبرمج&amp;nbsp; بمجال تقنية المعلومات والبرامج المحاسبية وبرامج شؤون الموظفين وبرمجة التطبيقات ولدية معرفة بتقنية الذكاء الاصطناعي يجب ان يكون يحمل شهادة البكالوريوس او الماجستير&amp;nbsp; ولديه خبرة عمل لا تقل عن 3 سنوات والاولوية للسعوديين&amp;nbsp;', '', 1, '29-04-2023 04:31:33'),
(13, 724, 'PHP Developer', 235, 1, 5, '0', '0', '2025-11-30', 'Recent Graduate PHP Developer', 'Recent Graduate PHP Developer (Fresh Developer)', 1, '05-11-2025 10:47:07');

-- --------------------------------------------------------

--
-- Table structure for table `ci_resignations`
--

CREATE TABLE IF NOT EXISTS `ci_resignations` (
  `resignation_id` int NOT NULL AUTO_INCREMENT,
  `company_id` int NOT NULL,
  `employee_id` int NOT NULL,
  `notice_date` varchar(255) NOT NULL,
  `resignation_date` varchar(255) NOT NULL,
  `document_file` varchar(255) DEFAULT NULL,
  `is_signed` int NOT NULL,
  `signed_file` varchar(255) DEFAULT NULL,
  `signed_date` varchar(255) DEFAULT NULL,
  `reason` mediumtext NOT NULL,
  `added_by` int NOT NULL,
  `status` int NOT NULL,
  `notify_send_to` text,
  `created_at` varchar(255) NOT NULL,
  PRIMARY KEY (`resignation_id`)
) ENGINE=InnoDB AUTO_INCREMENT=7 DEFAULT CHARSET=utf8mb3;

--
-- Dumping data for table `ci_resignations`
--

INSERT INTO `ci_resignations` (`resignation_id`, `company_id`, `employee_id`, `notice_date`, `resignation_date`, `document_file`, `is_signed`, `signed_file`, `signed_date`, `reason`, `added_by`, `status`, `notify_send_to`, `created_at`) VALUES
(2, 2, 3, '2021-10-09', '2021-10-09', '1633727431_e9f59bf7b9755d389658.pdf', 1, '1633729428_55b01f8885d7728a5d23.pdf', '08-10-2021 05:43:48', 'Test res', 2, 0, NULL, '08-10-2021 05:10:31'),
(6, 724, 733, '2025-11-03', '2025-11-03', '1762172864_7b25a62d1c55efce1e7f.pdf', 0, '', '', 'بدون اسباب', 733, 1, '0,727', '03-11-2025 03:27:44');

-- --------------------------------------------------------

--
-- Table structure for table `ci_signature_documents`
--

CREATE TABLE IF NOT EXISTS `ci_signature_documents` (
  `document_id` int NOT NULL AUTO_INCREMENT,
  `company_id` int NOT NULL,
  `folder_id` int NOT NULL,
  `share_with_employees` int NOT NULL DEFAULT '1',
  `document_file` varchar(255) NOT NULL,
  `document_name` varchar(255) DEFAULT NULL,
  `document_size` varchar(100) DEFAULT NULL,
  `signature_task` int NOT NULL,
  `created_at` varchar(200) DEFAULT NULL,
  PRIMARY KEY (`document_id`)
) ENGINE=MyISAM AUTO_INCREMENT=15 DEFAULT CHARSET=utf8mb3;

--
-- Dumping data for table `ci_signature_documents`
--

INSERT INTO `ci_signature_documents` (`document_id`, `company_id`, `folder_id`, `share_with_employees`, `document_file`, `document_name`, `document_size`, `signature_task`, `created_at`) VALUES
(11, 2, 2, 3, '1633374747_2dd82cd39514d19a27bf.pdf', 'Doc File Testing', '41180', 1, '05-11-2021 03:00:00'),
(10, 2, 2, 0, '1633649999_7bf351b91ca153736907.pdf', 'Eagle Intake', '337748', 1, '07-10-2021 07:39:59'),
(12, 24, 24, 0, '1671040169_72e84d2d54cf84dd765a.pdf', 'ملف نقاط البيع', '1417249', 0, '14-12-2022 08:49:29'),
(13, 24, 24, 36, '1674416180_981449fab044f9299df4.pdf', 'hhh', '927751', 1, '22-01-2023 10:36:20'),
(14, 24, 24, 118, '1684818208_d7e66fa0d1ea83608fa5.pdf', 'تجريبي', '927751', 1, '23-05-2023 08:03:28');

-- --------------------------------------------------------

--
-- Table structure for table `ci_sms_template`
--

CREATE TABLE IF NOT EXISTS `ci_sms_template` (
  `template_id` int NOT NULL,
  `subject` varchar(255) DEFAULT NULL,
  `message` text,
  `created_at` varchar(255) DEFAULT NULL
) ENGINE=InnoDB DEFAULT CHARSET=utf8mb3;

--
-- Dumping data for table `ci_sms_template`
--

INSERT INTO `ci_sms_template` (`template_id`, `subject`, `message`, `created_at`) VALUES
(1, 'New Project Assigned', 'Hello {firstname}, you have been assigned a new project {project_name}', '2021-07-01'),
(2, 'New Task Assigned', 'Hello {firstname}, you have been assigned a new task {task_name}', '2021-07-01'),
(3, 'New Award', 'Hello {firstname}, you have been awarded with {award_name}', '2021-07-01'),
(4, 'Leave Approved', 'Hello {firstname}, you leave has been approved {leave_name}', '2021-07-01'),
(5, 'Leave Rejected', 'Hello {firstname}, you leave has been rejected {leave_name}', '2021-07-01'),
(6, 'Payslip Created', 'Hello {firstname}, your salary has been paid. Amount {salary_amount}', '2021-07-01'),
(1, 'New Project Assigned', 'Hello {firstname}, you have been assigned a new project {project_name}', '2021-07-01'),
(2, 'New Task Assigned', 'Hello {firstname}, you have been assigned a new task {task_name}', '2021-07-01'),
(3, 'New Award', 'Hello {firstname}, you have been awarded with {award_name}', '2021-07-01'),
(4, 'Leave Approved', 'Hello {firstname}, you leave has been approved {leave_name}', '2021-07-01'),
(5, 'Leave Rejected', 'Hello {firstname}, you leave has been rejected {leave_name}', '2021-07-01'),
(6, 'Payslip Created', 'Hello {firstname}, your salary has been paid. Amount {salary_amount}', '2021-07-01');

-- --------------------------------------------------------

--
-- Table structure for table `ci_staff_roles`
--

CREATE TABLE IF NOT EXISTS `ci_staff_roles` (
  `role_id` int NOT NULL AUTO_INCREMENT,
  `company_id` int NOT NULL,
  `role_name` varchar(200) NOT NULL,
  `role_access` varchar(200) NOT NULL,
  `role_resources` longtext NOT NULL,
  `created_at` varchar(200) NOT NULL,
  PRIMARY KEY (`role_id`)
) ENGINE=InnoDB AUTO_INCREMENT=42 DEFAULT CHARSET=utf8mb3;

--
-- Dumping data for table `ci_staff_roles`
--

INSERT INTO `ci_staff_roles` (`role_id`, `company_id`, `role_name`, `role_access`, `role_resources`, `created_at`) VALUES
(1, 2, 'Master Role', '1', '0,attendance,hr_projects,project1,project1,project2,project3,project4,project5,project6,project7,project8,project9,project10,project11,projects_calendar,projects_sboard,pay_history,hradvance_salary,advance_salary1,advance_salary2,advance_salary3,advance_salary4,hrloan,loan1,loan2,loan3,loan4,hr_assets,asset1,asset1,asset2,asset3,asset4,asset_cat1,asset_cat1,asset_cat2,asset_cat3,asset_cat4,asset_brand1,asset_brand1,asset_brand2,asset_brand3,asset_brand4,hr_awards,award1,award1,award2,award3,award4,award_type1,award_type1,award_type2,award_type3,award_type4,hr_travel,travel1,travel1,travel2,travel3,travel4,travel5,travel_type1,travel_type1,travel_type2,travel_type3,travel_type4,travel_calendar,hr_leave,leave1,leave2,leave3,leave4,leave6,leave7,leave_calendar,leave_type1,leave_type1,leave_type2,leave_type3,leave_type4,overtime_req1,overtime_req1,overtime_req2,overtime_req3,overtime_req4,disciplinary1,upattendance1,upattendance1,upattendance2,upattendance3,upattendance4,hr_leads,leads1,leads2,leads3,leads4,leads5,hr_events,hr_event1,hr_event1,hr_event2,hr_event3,hr_event4,events_calendar,hr_conference,conference1,conference1,conference2,conference3,conference4,conference_calendar,hr_holidays,holiday1,holiday1,holiday2,holiday3,holiday4,holidays_calendar,hr_visitors,visitor1,visitor2,visitor3,visitor4,todo_ist,system_calendar,system_reports', '15-05-2021 05:15:20'),
(2, 2, 'Normal Role', '2', '0,attendance,project1,project2,project3,project4,project5,project6,project7,project8,project9,project10,projects_calendar,projects_sboard,hr_tasks,task1,task1,task2,task3,task4,task5,task6,task7,task8,tasks_calendar,tasks_sboard,pay1,pay1,pay2,pay3,pay_history,hr_helpdesk,helpdesk1,helpdesk2,helpdesk3,helpdesk4,helpdesk5,helpdesk6,helpdesk7,helpdesk8,hr_training,training1,training2,training3,training4,training6,training5,training7,trainer1,trainer1,trainer2,trainer3,trainer4,training_skill1,training_skill1,training_skill2,training_skill3,training_skill4,training_calendar,hr_assets,asset1,asset1,asset2,asset3,asset4,asset_cat1,asset_cat1,asset_cat2,asset_cat3,asset_cat4,asset_brand1,asset_brand1,asset_brand2,asset_brand3,asset_brand4,hr_awards,award1,award1,award2,award3,award4,award_type1,award_type1,award_type2,award_type3,award_type4,hr_travel,travel1,travel1,travel2,travel3,travel4,travel5,travel_type1,travel_type1,travel_type2,travel_type3,travel_type4,travel_calendar,hr_leave,leave1,leave2,leave3,leave4,leave6,leave7,leave_calendar,leave_type1,leave_type1,leave_type2,leave_type3,leave_type4,overtime_req1,overtime_req1,overtime_req2,overtime_req3,overtime_req4,hr_complaints,complaint1,complaint2,complaint3,complaint4,hr_resignations,resignation1,resignation2,resignation3,resignation4,hr_disciplinary,disciplinary1,disciplinary1,disciplinary2,disciplinary3,disciplinary5,case_type1,case_type1,case_type2,case_type3,case_type4,hr_picture,hr_events,hr_event1,hr_event1,hr_event2,hr_event3,hr_event4,events_calendar,hr_visitors,visitor1,visitor2,visitor3,visitor4,hr_files,file1,file1,file2,file3,file4,officialfile1,officialfile1,officialfile2,officialfile3,officialfile4,todo_ist', '16-05-2021 01:00:04'),
(3, 2, 'Third Role', '1', '0,attendance,hr_projects,project1,project1,project2,project3,project4,project5,project6,project7,project8,project9,project10,projects_calendar,projects_sboard,hr_tasks,task1,task1,task2,task3,task4,task5,task6,task7,task8,tasks_calendar,tasks_sboard,hr_payroll,pay1,pay1,pay2,pay3,pay_history,hr_helpdesk,helpdesk1,helpdesk2,helpdesk3,helpdesk4,helpdesk5,helpdesk6,helpdesk7,helpdesk8,hr_training,training1,training2,training3,training4,training6,training5,training7,trainer1,trainer1,trainer2,trainer3,trainer4,training_skill1,training_skill1,training_skill2,training_skill3,training_skill4,training_calendar,hr_assets,asset1,asset1,asset2,asset3,asset4,asset_cat1,asset_cat1,asset_cat2,asset_cat3,asset_cat4,asset_brand1,asset_brand1,asset_brand2,asset_brand3,asset_brand4,hr_awards,award1,award1,award2,award3,award4,award_type1,award_type1,award_type2,award_type3,award_type4,hr_travel,travel1,travel1,travel2,travel3,travel4,travel5,travel_type1,travel_type1,travel_type2,travel_type3,travel_type4,travel_calendar,hr_leave,leave1,leave2,leave3,leave4,leave6,leave7,leave_calendar,leave_type1,leave_type1,leave_type2,leave_type3,leave_type4,overtime_req1,overtime_req1,overtime_req2,overtime_req3,overtime_req4,hr_complaints,complaint1,complaint2,complaint3,complaint4,hr_resignations,resignation1,resignation2,resignation3,resignation4,hr_disciplinary,disciplinary1,disciplinary1,disciplinary2,disciplinary3,disciplinary5,case_type1,case_type1,case_type2,case_type3,case_type4,hr_staff,staff2,staff2,staff3,staff4,staff5,shift1,shift1,shift2,shift3,shift4,staffexit1,staffexit1,staffexit2,staffexit3,staffexit4,exit_type1,exit_type1,exit_type2,exit_type3,exit_type4,hr_profile,hr_basic_info,hr_personal_info,hr_picture,account_info,hr_documents,change_password,hr_ats,ats2,ats2,ats3,ats4,ats5,candidate,interview,promotion,core_hr,news1,news1,news2,news3,news4,department1,department1,department2,department3,department4,designation1,designation1,designation2,designation3,designation4,policy1,policy1,policy2,policy3,policy4,policy5,timesheet,upattendance1,upattendance1,upattendance2,upattendance3,upattendance4,monthly_time,hr_finance,accounts1,accounts1,accounts2,accounts3,accounts4,deposit1,deposit1,deposit2,deposit3,deposit4,expense1,expense1,expense2,expense3,expense4,transaction1,dep_cat1,dep_cat1,dep_cat2,dep_cat3,dep_cat4,exp_cat1,exp_cat1,exp_cat2,exp_cat3,exp_cat4,hr_talent,indicator1,indicator1,indicator2,indicator3,indicator4,appraisal1,appraisal1,appraisal2,appraisal3,appraisal4,competency1,competency1,competency2,competency3,competency4,tracking1,tracking1,tracking2,tracking3,tracking4,tracking5,track_type1,track_type1,track_type2,track_type3,track_type4,track_calendar,hr_clients,client1,client2,client3,client4,hr_invoices,invoice1,invoice2,invoice3,invoice4,invoice5,invoice_payments,invoice_calendar,tax_type1,tax_type1,tax_type2,tax_type3,tax_type4,hr_events,hr_event1,hr_event1,hr_event2,hr_event3,hr_event4,events_calendar,hr_conference,conference1,conference1,conference2,conference3,conference4,conference_calendar,hr_holidays,holiday1,holiday1,holiday2,holiday3,holiday4,holidays_calendar,hr_visitors,visitor1,visitor2,visitor3,visitor4,hr_files,file1,file1,file2,file3,file4,officialfile1,officialfile1,officialfile2,officialfile3,officialfile4,todo_ist,system_calendar,system_reports', '16-05-2021 10:13:30'),
(4, 24, 'Manager', '1', '0,attendance,hr_projects,project1,project1,project2,project3,project4,project5,project6,project7,project8,project9,project10,project11,projects_calendar,projects_sboard,hr_tasks,task1,task1,task2,task3,task4,task5,task6,task7,task8,tasks_calendar,tasks_sboard,hr_payroll,pay1,pay1,pay2,pay3,pay_history,hradvance_salary,advance_salary1,advance_salary2,advance_salary3,advance_salary4,hrloan,loan1,loan2,loan3,loan4,hr_helpdesk,helpdesk1,helpdesk2,helpdesk3,helpdesk4,helpdesk5,helpdesk6,helpdesk7,helpdesk8,hr_training,training1,training2,training3,training4,training6,training5,training7,trainer1,trainer1,trainer2,trainer3,trainer4,training_skill1,training_skill1,training_skill2,training_skill3,training_skill4,training_calendar,hr_assets,asset1,asset1,asset2,asset3,asset4,asset_cat1,asset_cat1,asset_cat2,asset_cat3,asset_cat4,asset_brand1,asset_brand1,asset_brand2,asset_brand3,asset_brand4,hr_incidents,incident1,incident1,incident2,incident3,incident4,incident_type1,incident_type1,incident_type2,incident_type3,incident_type4,hr_awards,award1,award1,award2,award3,award4,award_type1,award_type1,award_type2,award_type3,award_type4,hr_travel,travel1,travel1,travel2,travel3,travel4,travel5,travel_type1,travel_type1,travel_type2,travel_type3,travel_type4,travel_calendar,hr_leave,leave1,leave2,leave3,leave4,leave6,leave7,leave_calendar,leave_adjustment,leave_adjustment,leave_adjustment1,leave_adjustment2,leave_adjustment3,leave_adjustment4,leave_type1,leave_type1,leave_type2,leave_type3,leave_type4,overtime_req1,overtime_req1,overtime_req2,overtime_req3,overtime_req4,hr_complaints,complaint1,complaint2,complaint3,complaint4,hr_resignations,resignation1,resignation2,resignation3,resignation4,hr_disciplinary,disciplinary1,disciplinary1,disciplinary2,disciplinary3,disciplinary5,case_type1,case_type1,case_type2,case_type3,case_type4,hr_transfers,transfers1,transfers2,transfers3,transfers4,hr_polls,polls1,polls2,polls3,polls4,hr_suggestions,suggestions1,suggestions2,suggestions3,suggestions4,hr_inventory_control,warehouse1,warehouse1,warehouse2,warehouse3,warehouse4,product1,product1,product2,product3,product4,out_of_stock,expired_product,product_category1,product_category1,product_category2,product_category3,product_category4,supplier1,supplier1,supplier2,supplier3,supplier4,purchases1,purchases1,purchases2,purchases3,purchases4,purchases5,sales_order1,sales_order1,sales_order2,sales_order3,sales_order4,quote_order1,quote_order1,quote_order2,quote_order3,quote_order4,paid_orders,unpaid_orders,packed_orders,delivered_orders,cancelled_orders,hr_staff,staff2,staff2,staff3,staff4,staff5,shift1,shift1,shift2,shift3,shift4,staffexit1,staffexit1,staffexit2,staffexit3,staffexit4,exit_type1,exit_type1,exit_type2,exit_type3,exit_type4,hr_profile,hr_basic_info,hr_personal_info,hr_picture,account_info,hr_documents,change_password,hr_ats,ats2,ats2,ats3,ats4,ats5,candidate,interview,promotion,core_hr,news1,news1,news2,news3,news4,department1,department1,department2,department3,department4,designation1,designation1,designation2,designation3,designation4,policy1,policy1,policy2,policy3,policy4,policy5,org_chart,timesheet,upattendance1,upattendance1,upattendance2,upattendance3,upattendance4,monthly_time,hr_finance,accounts1,accounts1,accounts2,accounts3,accounts4,deposit1,deposit1,deposit2,deposit3,deposit4,expense1,expense1,expense2,expense3,expense4,transaction1,dep_cat1,dep_cat1,dep_cat2,dep_cat3,dep_cat4,exp_cat1,exp_cat1,exp_cat2,exp_cat3,exp_cat4,hr_talent,indicator1,indicator1,indicator2,indicator3,indicator4,appraisal1,appraisal1,appraisal2,appraisal3,appraisal4,competency1,competency1,competency2,competency3,competency4,tracking1,tracking1,tracking2,tracking3,tracking4,tracking5,track_type1,track_type1,track_type2,track_type3,track_type4,track_calendar,hr_clients,client1,client2,client3,client4,hr_leads,leads1,leads2,leads3,leads4,leads5,hr_invoices,invoice1,invoice2,invoice3,invoice4,invoice5,invoice_payments,invoice_calendar,tax_type1,tax_type1,tax_type2,tax_type3,tax_type4,estimate1,estimate2,estimate3,estimate4,estimate5,estimate6,estimate7,estimates_calendar,hr_events,hr_event1,hr_event1,hr_event2,hr_event3,hr_event4,events_calendar,hr_conference,conference1,conference1,conference2,conference3,conference4,conference_calendar,hr_holidays,holiday1,holiday1,holiday2,holiday3,holiday4,holidays_calendar,hr_visitors,visitor1,visitor2,visitor3,visitor4,hr_files,file1,file1,file2,file3,file4,officialfile1,officialfile1,officialfile2,officialfile3,officialfile4,todo_ist,system_calendar,system_reports,system_import,forms_builder', '23-11-2021 09:19:33'),
(5, 24, 'Employee', '2', '0,hradvance_salary,advance_salary1,advance_salary2,advance_salary3,advance_salary4,hrloan,loan1,loan2,loan3,loan4,hr_training,training1,training2,training3,training4,training6,training5,training7,trainer1,trainer1,trainer2,trainer3,trainer4,training_skill1,training_skill1,training_skill2,training_skill3,training_skill4,training_calendar,hr_assets,asset1,asset1,asset2,asset3,asset4,asset_cat1,asset_cat1,asset_cat2,asset_cat3,asset_cat4,asset_brand1,asset_brand1,asset_brand2,asset_brand3,asset_brand4,hr_incidents,incident1,incident1,incident2,incident3,incident4,incident_type1,incident_type1,incident_type2,incident_type3,incident_type4,hr_travel,travel1,travel1,travel2,travel3,travel4,travel5,travel_type1,travel_type1,travel_type2,travel_type3,travel_type4,travel_calendar,hr_leave,leave1,leave2,leave3,leave4,leave6,leave7,leave_calendar,leave_adjustment,leave_adjustment,leave_adjustment1,leave_adjustment2,leave_adjustment3,leave_adjustment4,leave_type1,leave_type1,leave_type2,leave_type3,leave_type4,overtime_req1,overtime_req1,overtime_req2,overtime_req3,overtime_req4,hr_complaints,complaint1,complaint2,complaint3,complaint4,hr_resignations,resignation1,resignation2,resignation3,resignation4,hr_transfers,transfers1,transfers2,transfers3,transfers4,hr_suggestions,suggestions1,suggestions2,suggestions3,suggestions4,hr_events,hr_event1,hr_event1,hr_event2,hr_event3,hr_event4,events_calendar,hr_conference,conference1,conference1,conference2,conference3,conference4,conference_calendar,hr_holidays,holiday1,holiday1,holiday2,holiday3,holiday4,holidays_calendar,hr_files,file1,file1,file2,file3,file4,officialfile1,officialfile1,officialfile2,officialfile3,officialfile4', '23-11-2021 10:10:37'),
(6, 24, 'test1', '1', '0,attendance,hr_projects,project1,project1,project2,project3,project4,project5,project6,project7,project8,project9,project10,project11,projects_calendar,projects_sboard,hr_tasks,task1,task1,task2,task3,task4,task5,task6,task7,task8,tasks_calendar,tasks_sboard,hr_payroll,pay1,pay1,pay2,pay3,pay_history,hradvance_salary,advance_salary1,advance_salary2,advance_salary3,advance_salary4,hrloan,loan1,loan2,loan3,loan4,hr_helpdesk,helpdesk1,helpdesk2,helpdesk3,helpdesk4,helpdesk5,helpdesk6,helpdesk7,helpdesk8,hr_training,training1,training2,training3,training4,training6,trainer1,trainer1,trainer2,trainer3,trainer4,training_skill1,training_skill1,training_skill2,training_skill3,training_skill4,training_calendar,hr_assets,asset1,asset1,asset2,asset3,asset4,asset_cat1,asset_cat1,asset_cat2,asset_cat3,asset_cat4,asset_brand1,asset_brand1,asset_brand2,asset_brand3,asset_brand4,hr_incidents,incident1,incident1,incident2,incident3,incident4,incident_type1,incident_type1,incident_type2,incident_type3,incident_type4,hr_awards,award1,award1,award2,award3,award4,award_type1,award_type1,award_type2,award_type3,award_type4,hr_travel,travel1,travel1,travel2,travel3,travel4,travel5,travel_type1,travel_type1,travel_type2,travel_type3,travel_type4,travel_calendar,hr_leave,leave1,leave2,leave3,leave4,leave6,leave7,leave_calendar,leave_adjustment,leave_adjustment,leave_adjustment1,leave_adjustment2,leave_adjustment3,leave_type1,leave_type1,leave_type2,leave_type3,leave_type4,overtime_req1,overtime_req1,overtime_req2,overtime_req3,overtime_req4,hr_complaints,complaint1,complaint2,complaint3,complaint4,hr_resignations,resignation1,resignation2,resignation3,resignation4,hr_disciplinary,disciplinary1,disciplinary1,disciplinary2,disciplinary3,disciplinary5,case_type1,case_type1,case_type2,case_type3,case_type4,hr_transfers,transfers1,transfers2,transfers3,transfers4,hr_polls,polls1,polls2,polls3,polls4,hr_suggestions,suggestions1,suggestions2,suggestions3,suggestions4,hr_inventory_control,warehouse1,warehouse1,warehouse2,warehouse3,warehouse4,product1,product1,product2,product3,product4,out_of_stock,expired_product,product_category1,product_category1,product_category2,product_category3,product_category4,supplier1,supplier1,supplier2,supplier3,supplier4,purchases1,purchases1,purchases2,purchases3,purchases4,purchases5,sales_order1,sales_order1,sales_order2,sales_order3,sales_order4,quote_order1,quote_order1,quote_order2,quote_order3,quote_order4,paid_orders,unpaid_orders,packed_orders,delivered_orders,cancelled_orders,hr_staff,staff2,staff2,staff3,staff4,staff5,shift1,shift1,shift2,shift3,shift4,staffexit1,staffexit1,staffexit2,staffexit3,staffexit4,exit_type1,exit_type1,exit_type2,exit_type3,exit_type4,hr_profile,hr_basic_info,hr_personal_info,hr_picture,account_info,hr_documents,change_password,hr_ats,ats2,ats2,ats3,ats4,ats5,candidate,interview,promotion,core_hr,news1,news1,news2,news3,news4,department1,department1,department2,department3,department4,designation1,designation1,designation2,designation3,designation4,policy1,policy1,policy2,policy3,policy4,policy5,org_chart,timesheet,upattendance1,upattendance1,upattendance2,upattendance3,upattendance4,monthly_time,hr_finance,accounts1,accounts1,accounts2,accounts3,accounts4,deposit1,deposit1,deposit2,deposit3,deposit4,expense1,expense1,expense2,expense3,expense4,transaction1,dep_cat1,dep_cat1,dep_cat2,dep_cat3,dep_cat4,exp_cat1,exp_cat1,exp_cat2,exp_cat3,exp_cat4,hr_talent,indicator1,indicator1,indicator2,indicator3,indicator4,appraisal1,appraisal1,appraisal2,appraisal3,appraisal4,competency1,competency1,competency2,competency3,competency4,tracking1,tracking1,tracking2,tracking3,tracking4,tracking5,track_type1,track_type1,track_type2,track_type3,track_type4,track_calendar,hr_clients,client1,client2,client3,client4,hr_leads,leads1,leads2,leads3,leads4,leads5,hr_invoices,invoice1,invoice2,invoice3,invoice4,invoice5,invoice_payments,invoice_calendar,tax_type1,tax_type1,tax_type2,tax_type3,tax_type4,estimate1,estimate2,estimate3,estimate4,estimate5,estimate6,estimate7,estimates_calendar,hr_events,hr_event1,hr_event1,hr_event2,hr_event3,hr_event4,events_calendar,hr_conference,conference1,conference1,conference2,conference3,conference4,conference_calendar,hr_holidays,holiday1,holiday1,holiday2,holiday3,holiday4,holidays_calendar,hr_visitors,visitor1,visitor2,visitor3,visitor4,hr_files,file1,file1,file2,file3,file4,officialfile1,officialfile1,officialfile2,officialfile3,officialfile4,todo_ist,system_calendar,system_reports', '06-11-2022 10:02:01'),
(7, 42, 'شؤون الموظفين', '1', '0,attendance,hr_projects,project1,project1,project2,project3,project4,project5,project6,project7,project8,project9,project10,project11,projects_calendar,projects_sboard,hr_tasks,task1,task1,task2,task3,task4,task5,task6,task7,task8,tasks_calendar,tasks_sboard,hr_payroll,pay1,pay1,pay2,pay3,pay_history,hradvance_salary,advance_salary1,advance_salary2,advance_salary3,advance_salary4,hrloan,loan1,loan2,loan3,loan4,hr_helpdesk,helpdesk1,helpdesk2,helpdesk3,helpdesk4,helpdesk5,helpdesk6,helpdesk7,helpdesk8,hr_training,training1,training2,training3,training4,training6,training5,training7,trainer1,trainer1,trainer2,trainer3,trainer4,training_skill1,training_skill1,training_skill2,training_skill3,training_skill4,training_calendar,hr_assets,asset1,asset1,asset2,asset3,asset4,asset_cat1,asset_cat1,asset_cat2,asset_cat3,asset_cat4,asset_brand1,asset_brand1,asset_brand2,asset_brand3,asset_brand4,hr_incidents,incident1,incident1,incident2,incident3,incident4,incident_type1,incident_type1,incident_type2,incident_type3,incident_type4,hr_awards,award1,award1,award2,award3,award4,award_type1,award_type1,award_type2,award_type3,award_type4,hr_travel,travel1,travel1,travel2,travel3,travel4,travel5,travel_type1,travel_type1,travel_type2,travel_type3,travel_type4,travel_calendar,hr_leave,leave1,leave2,leave3,leave4,leave6,leave7,leave_calendar,leave_adjustment,leave_adjustment,leave_adjustment1,leave_adjustment2,leave_adjustment3,leave_adjustment4,leave_type1,leave_type1,leave_type2,leave_type3,leave_type4,overtime_req1,overtime_req1,overtime_req2,overtime_req3,overtime_req4,hr_complaints,complaint1,complaint2,complaint3,complaint4,hr_resignations,resignation1,resignation2,resignation3,resignation4,hr_disciplinary,disciplinary1,disciplinary1,disciplinary2,disciplinary3,disciplinary5,case_type1,case_type1,case_type2,case_type3,case_type4,hr_transfers,transfers1,transfers2,transfers3,transfers4,hr_polls,polls1,polls2,polls3,polls4,hr_suggestions,suggestions1,suggestions2,suggestions3,suggestions4,hr_inventory_control,warehouse1,warehouse1,warehouse2,warehouse3,warehouse4,product1,product1,product2,product3,product4,out_of_stock,expired_product,product_category1,product_category1,product_category2,product_category3,product_category4,supplier1,supplier1,supplier2,supplier3,supplier4,purchases1,purchases1,purchases2,purchases3,purchases4,purchases5,sales_order1,sales_order1,sales_order2,sales_order3,sales_order4,quote_order1,quote_order1,quote_order2,quote_order3,quote_order4,paid_orders,unpaid_orders,packed_orders,delivered_orders,cancelled_orders,hr_staff,staff2,staff2,staff3,staff4,staff5,shift1,shift1,shift2,shift3,shift4,staffexit1,staffexit1,staffexit2,staffexit3,staffexit4,exit_type1,exit_type1,exit_type2,exit_type3,exit_type4,hr_profile,hr_basic_info,hr_personal_info,hr_picture,account_info,hr_documents,change_password,hr_ats,ats2,ats2,ats3,ats4,ats5,candidate,interview,promotion,core_hr,news1,news1,news2,news3,news4,department1,department1,department2,department3,department4,designation1,designation1,designation2,designation3,designation4,policy1,policy1,policy2,policy3,policy4,policy5,org_chart,timesheet,upattendance1,upattendance1,upattendance2,upattendance3,upattendance4,monthly_time,hr_finance,accounts1,accounts1,accounts2,accounts3,accounts4,deposit1,deposit1,deposit2,deposit3,deposit4,expense1,expense1,expense2,expense3,expense4,transaction1,dep_cat1,dep_cat1,dep_cat2,dep_cat3,dep_cat4,exp_cat1,exp_cat1,exp_cat2,exp_cat3,exp_cat4,hr_talent,indicator1,indicator1,indicator2,indicator3,indicator4,appraisal1,appraisal1,appraisal2,appraisal3,appraisal4,competency1,competency1,competency2,competency3,competency4,tracking1,tracking1,tracking2,tracking3,tracking4,tracking5,track_type1,track_type1,track_type2,track_type3,track_type4,track_calendar,hr_clients,client1,client2,client3,client4,hr_leads,leads1,leads2,leads3,leads4,leads5,hr_invoices,invoice1,invoice2,invoice3,invoice4,invoice5,invoice_payments,invoice_calendar,tax_type1,tax_type1,tax_type2,tax_type3,tax_type4,estimate1,estimate2,estimate3,estimate4,estimate5,estimate6,estimate7,estimates_calendar,hr_events,hr_event1,hr_event1,hr_event2,hr_event3,hr_event4,events_calendar,hr_conference,conference1,conference1,conference2,conference3,conference4,conference_calendar,hr_holidays,holiday1,holiday1,holiday2,holiday3,holiday4,holidays_calendar,hr_visitors,visitor1,visitor2,visitor3,visitor4,hr_files,file1,file1,file2,file3,file4,officialfile1,officialfile1,officialfile2,officialfile3,officialfile4,todo_ist,system_calendar,system_reports,system_import,forms_builder', '06-11-2022 02:56:11'),
(8, 42, 'مدير النظام', '1', '0,attendance,hr_projects,project1,project1,project2,project3,project4,project5,project6,project7,project8,project9,project10,project11,projects_calendar,projects_sboard,hr_tasks,task1,task1,task2,task3,task4,task5,task6,task7,task8,tasks_calendar,tasks_sboard,hr_payroll,pay1,pay1,pay2,pay3,pay_history,hradvance_salary,advance_salary1,advance_salary2,advance_salary3,advance_salary4,hrloan,loan1,loan2,loan3,loan4,hr_helpdesk,helpdesk1,helpdesk2,helpdesk3,helpdesk4,helpdesk5,helpdesk6,helpdesk7,helpdesk8,hr_training,training1,training2,training3,training4,training6,training5,training7,trainer1,trainer1,trainer2,trainer3,trainer4,training_skill1,training_skill1,training_skill2,training_skill3,training_skill4,training_calendar,hr_assets,asset1,asset1,asset2,asset3,asset4,asset_cat1,asset_cat1,asset_cat2,asset_cat3,asset_cat4,asset_brand1,asset_brand1,asset_brand2,asset_brand3,asset_brand4,hr_incidents,incident1,incident1,incident2,incident3,incident4,incident_type1,incident_type1,incident_type2,incident_type3,incident_type4,hr_awards,award1,award1,award2,award3,award4,award_type1,award_type1,award_type2,award_type3,award_type4,hr_travel,travel1,travel1,travel2,travel3,travel4,travel5,travel_type1,travel_type1,travel_type2,travel_type3,travel_type4,travel_calendar,hr_leave,leave1,leave2,leave3,leave4,leave6,leave7,leave_calendar,leave_adjustment,leave_adjustment,leave_adjustment1,leave_adjustment2,leave_adjustment3,leave_adjustment4,leave_type1,leave_type1,leave_type2,leave_type3,leave_type4,overtime_req1,overtime_req1,overtime_req2,overtime_req3,overtime_req4,hr_complaints,complaint1,complaint2,complaint3,complaint4,hr_resignations,resignation1,resignation2,resignation3,resignation4,hr_disciplinary,disciplinary1,disciplinary1,disciplinary2,disciplinary3,disciplinary5,case_type1,case_type1,case_type2,case_type3,case_type4,hr_transfers,transfers1,transfers2,transfers3,transfers4,hr_polls,polls1,polls2,polls3,polls4,hr_suggestions,suggestions1,suggestions2,suggestions3,suggestions4,hr_inventory_control,warehouse1,warehouse1,warehouse2,warehouse3,warehouse4,product1,product1,product2,product3,product4,out_of_stock,expired_product,product_category1,product_category1,product_category2,product_category3,product_category4,supplier1,supplier1,supplier2,supplier3,supplier4,purchases1,purchases1,purchases2,purchases3,purchases4,purchases5,sales_order1,sales_order1,sales_order2,sales_order3,sales_order4,quote_order1,quote_order1,quote_order2,quote_order3,quote_order4,paid_orders,unpaid_orders,packed_orders,delivered_orders,cancelled_orders,hr_staff,staff2,staff2,staff3,staff4,staff5,shift1,shift1,shift2,shift3,shift4,staffexit1,staffexit1,staffexit2,staffexit3,staffexit4,exit_type1,exit_type1,exit_type2,exit_type3,exit_type4,hr_profile,hr_basic_info,hr_personal_info,hr_picture,account_info,hr_documents,change_password,hr_ats,ats2,ats2,ats3,ats4,ats5,candidate,interview,promotion,core_hr,news1,news1,news2,news3,news4,department1,department1,department2,department3,department4,designation1,designation1,designation2,designation3,designation4,policy1,policy1,policy2,policy3,policy4,policy5,org_chart,timesheet,upattendance1,upattendance1,upattendance2,upattendance3,upattendance4,monthly_time,hr_finance,accounts1,accounts1,accounts2,accounts3,accounts4,deposit1,deposit1,deposit2,deposit3,deposit4,expense1,expense1,expense2,expense3,expense4,transaction1,dep_cat1,dep_cat1,dep_cat2,dep_cat3,dep_cat4,exp_cat1,exp_cat1,exp_cat2,exp_cat3,exp_cat4,hr_talent,indicator1,indicator1,indicator2,indicator3,indicator4,appraisal1,appraisal1,appraisal2,appraisal3,appraisal4,competency1,competency1,competency2,competency3,competency4,tracking1,tracking1,tracking2,tracking3,tracking4,tracking5,track_type1,track_type1,track_type2,track_type3,track_type4,track_calendar,hr_clients,client1,client2,client3,client4,hr_leads,leads1,leads2,leads3,leads4,leads5,hr_invoices,invoice1,invoice2,invoice3,invoice4,invoice5,invoice_payments,invoice_calendar,tax_type1,tax_type1,tax_type2,tax_type3,tax_type4,estimate1,estimate2,estimate3,estimate4,estimate5,estimate6,estimate7,estimates_calendar,hr_events,hr_event1,hr_event1,hr_event2,hr_event3,hr_event4,events_calendar,hr_conference,conference1,conference1,conference2,conference3,conference4,conference_calendar,hr_holidays,holiday1,holiday1,holiday2,holiday3,holiday4,holidays_calendar,hr_visitors,visitor1,visitor2,visitor3,visitor4,hr_files,file1,file1,file2,file3,file4,officialfile1,officialfile1,officialfile2,officialfile3,officialfile4,todo_ist,system_calendar,system_reports,system_import,forms_builder', '06-11-2022 05:16:40'),
(9, 42, 'صلاحية وصول المحاسب', '1', '0,attendance,hr_projects,project1,project1,project2,project3,project4,project5,project6,project7,project8,project9,project10,project11,projects_calendar,projects_sboard,hr_tasks,task1,task1,task2,task3,task4,task5,task6,task7,task8,tasks_calendar,tasks_sboard,hr_payroll,pay1,pay1,pay2,pay3,pay_history,hradvance_salary,advance_salary1,advance_salary2,advance_salary3,advance_salary4,hrloan,loan1,loan2,loan3,loan4,hr_helpdesk,helpdesk1,helpdesk2,helpdesk3,helpdesk4,helpdesk5,helpdesk6,helpdesk7,helpdesk8,hr_training,training1,training2,training3,training4,training6,trainer1,trainer1,trainer2,trainer3,trainer4,training_skill1,training_skill1,training_skill2,training_skill3,training_skill4,training_calendar,hr_assets,asset1,asset1,asset2,asset3,asset4,asset_cat1,asset_cat1,asset_cat2,asset_cat3,asset_cat4,asset_brand1,asset_brand1,asset_brand2,asset_brand3,asset_brand4,hr_incidents,incident1,incident1,incident2,incident3,incident4,incident_type1,incident_type1,incident_type2,incident_type3,incident_type4,hr_awards,award1,award1,award2,award3,award4,award_type1,award_type1,award_type2,award_type3,award_type4,hr_travel,travel1,travel1,travel2,travel3,travel4,travel5,travel_type1,travel_type1,travel_type2,travel_type3,travel_type4,travel_calendar,hr_leave,leave1,leave2,leave3,leave4,leave6,leave7,leave_calendar,leave_adjustment,leave_adjustment,leave_adjustment1,leave_adjustment2,leave_adjustment3,leave_type1,leave_type1,leave_type2,leave_type3,leave_type4,overtime_req1,overtime_req1,overtime_req2,overtime_req3,overtime_req4,hr_complaints,complaint1,complaint2,complaint3,complaint4,hr_resignations,resignation1,resignation2,resignation3,resignation4,hr_disciplinary,disciplinary1,disciplinary1,disciplinary2,disciplinary3,disciplinary5,case_type1,case_type1,case_type2,case_type3,case_type4,hr_transfers,transfers1,transfers2,transfers3,transfers4,hr_polls,polls1,polls2,polls3,polls4,hr_suggestions,suggestions1,suggestions2,suggestions3,suggestions4,hr_inventory_control,warehouse1,warehouse1,warehouse2,warehouse3,warehouse4,product1,product1,product2,product3,product4,out_of_stock,expired_product,product_category1,product_category1,product_category2,product_category3,product_category4,supplier1,supplier1,supplier2,supplier3,supplier4,purchases1,purchases1,purchases2,purchases3,purchases4,purchases5,sales_order1,sales_order1,sales_order2,sales_order3,sales_order4,quote_order1,quote_order1,quote_order2,quote_order3,quote_order4,paid_orders,unpaid_orders,packed_orders,delivered_orders,cancelled_orders,hr_staff,staff2,staff2,staff3,staff4,staff5,shift1,shift1,shift2,shift3,shift4,staffexit1,staffexit1,staffexit2,staffexit3,staffexit4,exit_type1,exit_type1,exit_type2,exit_type3,exit_type4,hr_profile,hr_basic_info,hr_personal_info,hr_picture,account_info,hr_documents,change_password,hr_ats,ats2,ats2,ats3,ats4,ats5,candidate,interview,promotion,core_hr,news1,news1,news2,news3,news4,department1,department1,department2,department3,department4,designation1,designation1,designation2,designation3,designation4,policy1,policy1,policy2,policy3,policy4,policy5,org_chart,timesheet,upattendance1,upattendance1,upattendance2,upattendance3,upattendance4,monthly_time,hr_finance,accounts1,accounts1,accounts2,accounts3,accounts4,deposit1,deposit1,deposit2,deposit3,deposit4,expense1,expense1,expense2,expense3,expense4,transaction1,dep_cat1,dep_cat1,dep_cat2,dep_cat3,dep_cat4,exp_cat1,exp_cat1,exp_cat2,exp_cat3,exp_cat4,hr_talent,indicator1,indicator1,indicator2,indicator3,indicator4,appraisal1,appraisal1,appraisal2,appraisal3,appraisal4,competency1,competency1,competency2,competency3,competency4,tracking1,tracking1,tracking2,tracking3,tracking4,tracking5,track_type1,track_type1,track_type2,track_type3,track_type4,track_calendar,hr_clients,client1,client2,client3,client4,hr_leads,leads1,leads2,leads3,leads4,leads5,hr_invoices,invoice1,invoice2,invoice3,invoice4,invoice5,invoice_payments,invoice_calendar,tax_type1,tax_type1,tax_type2,tax_type3,tax_type4,estimate1,estimate2,estimate3,estimate4,estimate5,estimate6,estimate7,estimates_calendar,hr_events,hr_event1,hr_event1,hr_event2,hr_event3,hr_event4,events_calendar,hr_conference,conference1,conference1,conference2,conference3,conference4,conference_calendar,hr_holidays,holiday1,holiday1,holiday2,holiday3,holiday4,holidays_calendar,hr_visitors,visitor1,visitor2,visitor3,visitor4,hr_files,file1,file1,file2,file3,file4,officialfile1,officialfile1,officialfile2,officialfile3,officialfile4,todo_ist,system_calendar,system_reports', '12-11-2022 01:55:08'),
(10, 50, 'admin', '1', '0,attendance,hr_projects,project1,project1,project2,project3,project4,project5,project6,project7,project8,project9,project10,project11,projects_calendar,projects_sboard,hr_tasks,task1,task1,task2,task3,task4,task5,task6,task7,task8,tasks_calendar,tasks_sboard,hr_payroll,pay1,pay1,pay2,pay3,pay_history,hradvance_salary,advance_salary1,advance_salary2,advance_salary3,advance_salary4,hrloan,loan1,loan2,loan3,loan4,hr_helpdesk,helpdesk1,helpdesk2,helpdesk3,helpdesk4,helpdesk5,helpdesk6,helpdesk7,helpdesk8,hr_training,training1,training2,training3,training4,training6,training5,training7,trainer1,trainer1,trainer2,trainer3,trainer4,training_skill1,training_skill1,training_skill2,training_skill3,training_skill4,training_calendar,hr_assets,asset1,asset1,asset2,asset3,asset4,asset_cat1,asset_cat1,asset_cat2,asset_cat3,asset_cat4,asset_brand1,asset_brand1,asset_brand2,asset_brand3,asset_brand4,hr_incidents,incident1,incident1,incident2,incident3,incident4,incident_type1,incident_type1,incident_type2,incident_type3,incident_type4,hr_awards,award1,award1,award2,award3,award4,award_type1,award_type1,award_type2,award_type3,award_type4,hr_travel,travel1,travel1,travel2,travel3,travel4,travel5,travel_type1,travel_type1,travel_type2,travel_type3,travel_type4,travel_calendar,hr_leave,leave1,leave2,leave3,leave4,leave6,leave7,leave_calendar,leave_adjustment,leave_adjustment,leave_adjustment1,leave_adjustment2,leave_adjustment3,leave_adjustment4,leave_type1,leave_type1,leave_type2,leave_type3,leave_type4,overtime_req1,overtime_req1,overtime_req2,overtime_req3,overtime_req4,hr_complaints,complaint1,complaint2,complaint3,complaint4,hr_resignations,resignation1,resignation2,resignation3,resignation4,hr_disciplinary,disciplinary1,disciplinary1,disciplinary2,disciplinary3,disciplinary5,case_type1,case_type1,case_type2,case_type3,case_type4,hr_transfers,transfers1,transfers2,transfers3,transfers4,hr_polls,polls1,polls2,polls3,polls4,hr_suggestions,suggestions1,suggestions2,suggestions3,suggestions4,hr_inventory_control,warehouse1,warehouse1,warehouse2,warehouse3,warehouse4,product1,product1,product2,product3,product4,out_of_stock,expired_product,product_category1,product_category1,product_category2,product_category3,product_category4,supplier1,supplier1,supplier2,supplier3,supplier4,purchases1,purchases1,purchases2,purchases3,purchases4,purchases5,sales_order1,sales_order1,sales_order2,sales_order3,sales_order4,quote_order1,quote_order1,quote_order2,quote_order3,quote_order4,paid_orders,unpaid_orders,packed_orders,delivered_orders,cancelled_orders,hr_staff,staff2,staff2,staff3,staff4,staff5,shift1,shift1,shift2,shift3,shift4,staffexit1,staffexit1,staffexit2,staffexit3,staffexit4,exit_type1,exit_type1,exit_type2,exit_type3,exit_type4,hr_profile,hr_basic_info,hr_personal_info,hr_picture,account_info,hr_documents,change_password,hr_ats,ats2,ats2,ats3,ats4,ats5,candidate,interview,promotion,core_hr,news1,news1,news2,news3,news4,department1,department1,department2,department3,department4,designation1,designation1,designation2,designation3,designation4,policy1,policy1,policy2,policy3,policy4,policy5,org_chart,timesheet,upattendance1,upattendance1,upattendance2,upattendance3,upattendance4,monthly_time,hr_finance,accounts1,accounts1,accounts2,accounts3,accounts4,deposit1,deposit1,deposit2,deposit3,deposit4,expense1,expense1,expense2,expense3,expense4,transaction1,dep_cat1,dep_cat1,dep_cat2,dep_cat3,dep_cat4,exp_cat1,exp_cat1,exp_cat2,exp_cat3,exp_cat4,hr_talent,indicator1,indicator1,indicator2,indicator3,indicator4,appraisal1,appraisal1,appraisal2,appraisal3,appraisal4,competency1,competency1,competency2,competency3,competency4,tracking1,tracking1,tracking2,tracking3,tracking4,tracking5,track_type1,track_type1,track_type2,track_type3,track_type4,track_calendar,hr_clients,client1,client2,client3,client4,hr_leads,leads1,leads2,leads3,leads4,leads5,hr_invoices,invoice1,invoice2,invoice3,invoice4,invoice5,invoice_payments,invoice_calendar,tax_type1,tax_type1,tax_type2,tax_type3,tax_type4,estimate1,estimate2,estimate3,estimate4,estimate5,estimate6,estimate7,estimates_calendar,hr_events,hr_event1,hr_event1,hr_event2,hr_event3,hr_event4,events_calendar,hr_conference,conference1,conference1,conference2,conference3,conference4,conference_calendar,hr_holidays,holiday1,holiday1,holiday2,holiday3,holiday4,holidays_calendar,hr_visitors,visitor1,visitor2,visitor3,visitor4,hr_files,file1,file1,file2,file3,file4,officialfile1,officialfile1,officialfile2,officialfile3,officialfile4,todo_ist,system_calendar,system_reports,system_import,forms_builder', '14-11-2022 08:29:57'),
(11, 63, 'مدير النظام', '1', '0,attendance,hr_projects,project1,project1,project2,project3,project4,project5,project6,project7,project8,project9,project10,project11,projects_calendar,projects_sboard,hr_tasks,task1,task1,task2,task3,task4,task5,task6,task7,task8,tasks_calendar,tasks_sboard,hr_payroll,pay1,pay1,pay2,pay3,pay_history,hradvance_salary,advance_salary1,advance_salary2,advance_salary3,advance_salary4,hrloan,loan1,loan2,loan3,loan4,hr_helpdesk,helpdesk1,helpdesk2,helpdesk3,helpdesk4,helpdesk5,helpdesk6,helpdesk7,helpdesk8,hr_training,training1,training2,training3,training4,training6,training5,training7,trainer1,trainer1,trainer2,trainer3,trainer4,training_skill1,training_skill1,training_skill2,training_skill3,training_skill4,training_calendar,hr_assets,asset1,asset1,asset2,asset3,asset4,asset_cat1,asset_cat1,asset_cat2,asset_cat3,asset_cat4,asset_brand1,asset_brand1,asset_brand2,asset_brand3,asset_brand4,hr_incidents,incident1,incident1,incident2,incident3,incident4,incident_type1,incident_type1,incident_type2,incident_type3,incident_type4,hr_awards,award1,award1,award2,award3,award4,award_type1,award_type1,award_type2,award_type3,award_type4,hr_travel,travel1,travel1,travel2,travel3,travel4,travel5,travel_type1,travel_type1,travel_type2,travel_type3,travel_type4,travel_calendar,hr_leave,leave1,leave2,leave3,leave4,leave6,leave7,leave_calendar,leave_adjustment,leave_adjustment,leave_adjustment1,leave_adjustment2,leave_adjustment3,leave_adjustment4,leave_type1,leave_type1,leave_type2,leave_type3,leave_type4,overtime_req1,overtime_req1,overtime_req2,overtime_req3,overtime_req4,hr_complaints,complaint1,complaint2,complaint3,complaint4,hr_resignations,resignation1,resignation2,resignation3,resignation4,hr_disciplinary,disciplinary1,disciplinary1,disciplinary2,disciplinary3,disciplinary5,case_type1,case_type1,case_type2,case_type3,case_type4,hr_transfers,transfers1,transfers2,transfers3,transfers4,hr_polls,polls1,polls2,polls3,polls4,hr_suggestions,suggestions1,suggestions2,suggestions3,suggestions4,hr_inventory_control,warehouse1,warehouse1,warehouse2,warehouse3,warehouse4,product1,product1,product2,product3,product4,out_of_stock,expired_product,product_category1,product_category1,product_category2,product_category3,product_category4,supplier1,supplier1,supplier2,supplier3,supplier4,purchases1,purchases1,purchases2,purchases3,purchases4,purchases5,sales_order1,sales_order1,sales_order2,sales_order3,sales_order4,quote_order1,quote_order1,quote_order2,quote_order3,quote_order4,paid_orders,unpaid_orders,packed_orders,delivered_orders,cancelled_orders,hr_staff,staff2,staff2,staff3,staff4,staff5,shift1,shift1,shift2,shift3,shift4,staffexit1,staffexit1,staffexit2,staffexit3,staffexit4,exit_type1,exit_type1,exit_type2,exit_type3,exit_type4,hr_profile,hr_basic_info,hr_personal_info,hr_picture,account_info,hr_documents,change_password,hr_ats,ats2,ats2,ats3,ats4,ats5,candidate,interview,promotion,core_hr,news1,news1,news2,news3,news4,department1,department1,department2,department3,department4,designation1,designation1,designation2,designation3,designation4,policy1,policy1,policy2,policy3,policy4,policy5,org_chart,timesheet,upattendance1,upattendance1,upattendance2,upattendance3,upattendance4,monthly_time,hr_finance,accounts1,accounts1,accounts2,accounts3,accounts4,deposit1,deposit1,deposit2,deposit3,deposit4,expense1,expense1,expense2,expense3,expense4,transaction1,dep_cat1,dep_cat1,dep_cat2,dep_cat3,dep_cat4,exp_cat1,exp_cat1,exp_cat2,exp_cat3,exp_cat4,hr_talent,indicator1,indicator1,indicator2,indicator3,indicator4,appraisal1,appraisal1,appraisal2,appraisal3,appraisal4,competency1,competency1,competency2,competency3,competency4,tracking1,tracking1,tracking2,tracking3,tracking4,tracking5,track_type1,track_type1,track_type2,track_type3,track_type4,track_calendar,hr_clients,client1,client2,client3,client4,hr_leads,leads1,leads2,leads3,leads4,leads5,hr_invoices,invoice1,invoice2,invoice3,invoice4,invoice5,invoice_payments,invoice_calendar,tax_type1,tax_type1,tax_type2,tax_type3,tax_type4,estimate1,estimate2,estimate3,estimate4,estimate5,estimate6,estimate7,estimates_calendar,hr_events,hr_event1,hr_event1,hr_event2,hr_event3,hr_event4,events_calendar,hr_conference,conference1,conference1,conference2,conference3,conference4,conference_calendar,hr_holidays,holiday1,holiday1,holiday2,holiday3,holiday4,holidays_calendar,hr_visitors,visitor1,visitor2,visitor3,visitor4,hr_files,file1,file1,file2,file3,file4,officialfile1,officialfile1,officialfile2,officialfile3,officialfile4,todo_ist,system_calendar,system_reports,system_import,forms_builder', '16-11-2022 09:47:30'),
(12, 63, 'الحسابات', '2', '0,attendance,hr_projects,project1,project1,project2,project3,project4,project5,project6,project7,project8,project9,project10,project11,projects_calendar,projects_sboard,hr_tasks,task1,task1,task2,task3,task4,task5,task6,task7,task8,tasks_calendar,tasks_sboard,hr_payroll,pay1,pay1,pay2,pay3,pay_history,hradvance_salary,advance_salary1,advance_salary2,advance_salary3,advance_salary4,hrloan,loan1,loan2,loan3,loan4,hr_helpdesk,helpdesk1,helpdesk2,helpdesk3,helpdesk4,helpdesk5,helpdesk6,helpdesk7,helpdesk8,hr_training,training1,training2,training3,training4,training6,training5,training7,trainer1,trainer1,trainer2,trainer3,trainer4,training_skill1,training_skill1,training_skill2,training_skill3,training_skill4,training_calendar,hr_assets,asset1,asset1,asset2,asset3,asset4,asset_cat1,asset_cat1,asset_cat2,asset_cat3,asset_cat4,asset_brand1,asset_brand1,asset_brand2,asset_brand3,asset_brand4,hr_incidents,incident1,incident1,incident2,incident3,incident4,incident_type1,incident_type1,incident_type2,incident_type3,incident_type4,hr_awards,award1,award1,award2,award3,award4,award_type1,award_type1,award_type2,award_type3,award_type4,hr_travel,travel1,travel1,travel2,travel3,travel4,travel5,travel_type1,travel_type1,travel_type2,travel_type3,travel_type4,travel_calendar,hr_leave,leave1,leave2,leave3,leave4,leave6,leave7,leave_calendar,leave_adjustment,leave_adjustment,leave_adjustment1,leave_adjustment2,leave_adjustment3,leave_adjustment4,leave_type1,leave_type1,leave_type2,leave_type3,leave_type4,overtime_req1,overtime_req1,overtime_req2,overtime_req3,overtime_req4,hr_complaints,complaint1,complaint2,complaint3,complaint4,hr_resignations,resignation1,resignation2,resignation3,resignation4,hr_disciplinary,disciplinary1,disciplinary1,disciplinary2,disciplinary3,disciplinary5,case_type1,case_type1,case_type2,case_type3,case_type4,hr_transfers,transfers1,transfers2,transfers3,transfers4,hr_polls,polls1,polls2,polls3,polls4,hr_suggestions,suggestions1,suggestions2,suggestions3,suggestions4,hr_inventory_control,warehouse1,warehouse1,warehouse2,warehouse3,warehouse4,product1,product1,product2,product3,product4,out_of_stock,expired_product,product_category1,product_category1,product_category2,product_category3,product_category4,supplier1,supplier1,supplier2,supplier3,supplier4,purchases1,purchases1,purchases2,purchases3,purchases4,purchases5,sales_order1,sales_order1,sales_order2,sales_order3,sales_order4,quote_order1,quote_order1,quote_order2,quote_order3,quote_order4,paid_orders,unpaid_orders,packed_orders,delivered_orders,cancelled_orders,hr_staff,staff2,staff2,staff3,staff4,staff5,shift1,shift1,shift2,shift3,shift4,staffexit1,staffexit1,staffexit2,staffexit3,staffexit4,exit_type1,exit_type1,exit_type2,exit_type3,exit_type4,hr_profile,hr_basic_info,hr_personal_info,hr_picture,account_info,hr_documents,change_password,hr_ats,ats2,ats2,ats3,ats4,ats5,candidate,interview,promotion,core_hr,news1,news1,news2,news3,news4,department1,department1,department2,department3,department4,designation1,designation1,designation2,designation3,designation4,policy1,policy1,policy2,policy3,policy4,policy5,org_chart,timesheet,upattendance1,upattendance1,upattendance2,upattendance3,upattendance4,monthly_time,hr_finance,accounts1,accounts1,accounts2,accounts3,accounts4,deposit1,deposit1,deposit2,deposit3,deposit4,expense1,expense1,expense2,expense3,expense4,transaction1,dep_cat1,dep_cat1,dep_cat2,dep_cat3,dep_cat4,exp_cat1,exp_cat1,exp_cat2,exp_cat3,exp_cat4,hr_talent,indicator1,indicator1,indicator2,indicator3,indicator4,appraisal1,appraisal1,appraisal2,appraisal3,appraisal4,competency1,competency1,competency2,competency3,competency4,tracking1,tracking1,tracking2,tracking3,tracking4,tracking5,track_type1,track_type1,track_type2,track_type3,track_type4,track_calendar,hr_clients,client1,client2,client3,client4,hr_leads,leads1,leads2,leads3,leads4,leads5,hr_invoices,invoice1,invoice2,invoice3,invoice4,invoice5,invoice_payments,invoice_calendar,tax_type1,tax_type1,tax_type2,tax_type3,tax_type4,estimate1,estimate2,estimate3,estimate4,estimate5,estimate6,estimate7,estimates_calendar,hr_events,hr_event1,hr_event1,hr_event2,hr_event3,hr_event4,events_calendar,hr_conference,conference1,conference1,conference2,conference3,conference4,conference_calendar,hr_holidays,holiday1,holiday1,holiday2,holiday3,holiday4,holidays_calendar,hr_visitors,visitor1,visitor2,visitor3,visitor4,hr_files,file1,file1,file2,file3,file4,officialfile1,officialfile1,officialfile2,officialfile3,officialfile4,todo_ist,system_calendar,system_reports,system_import', '16-11-2022 09:50:10'),
(13, 63, 'مشرف النظام', '1', '0,attendance,hr_projects,project1,project1,project2,project3,project4,project5,project6,project7,project8,project9,project10,project11,projects_calendar,projects_sboard,hr_tasks,task1,task1,task2,task3,task4,task5,task6,task7,task8,tasks_calendar,tasks_sboard,hr_payroll,pay1,pay1,pay2,pay3,pay_history,hradvance_salary,advance_salary1,advance_salary2,advance_salary3,advance_salary4,hrloan,loan1,loan2,loan3,loan4,hr_helpdesk,helpdesk1,helpdesk2,helpdesk3,helpdesk4,helpdesk5,helpdesk6,helpdesk7,helpdesk8,hr_training,training1,training2,training3,training4,training6,training5,training7,trainer1,trainer1,trainer2,trainer3,trainer4,training_skill1,training_skill1,training_skill2,training_skill3,training_skill4,training_calendar,hr_assets,asset1,asset1,asset2,asset3,asset4,asset_cat1,asset_cat1,asset_cat2,asset_cat3,asset_cat4,asset_brand1,asset_brand1,asset_brand2,asset_brand3,asset_brand4,hr_incidents,incident1,incident1,incident2,incident3,incident4,incident_type1,incident_type1,incident_type2,incident_type3,incident_type4,hr_awards,award1,award1,award2,award3,award4,award_type1,award_type1,award_type2,award_type3,award_type4,hr_travel,travel1,travel1,travel2,travel3,travel4,travel5,travel_type1,travel_type1,travel_type2,travel_type3,travel_type4,travel_calendar,hr_leave,leave1,leave2,leave3,leave4,leave6,leave7,leave_calendar,leave_adjustment,leave_adjustment,leave_adjustment1,leave_adjustment2,leave_adjustment3,leave_adjustment4,leave_type1,leave_type1,leave_type2,leave_type3,leave_type4,overtime_req1,overtime_req1,overtime_req2,overtime_req3,overtime_req4,hr_complaints,complaint1,complaint2,complaint3,complaint4,hr_resignations,resignation1,resignation2,resignation3,resignation4,hr_disciplinary,disciplinary1,disciplinary1,disciplinary2,disciplinary3,disciplinary5,case_type1,case_type1,case_type2,case_type3,case_type4,hr_transfers,transfers1,transfers2,transfers3,transfers4,hr_polls,polls1,polls2,polls3,polls4,hr_suggestions,suggestions1,suggestions2,suggestions3,suggestions4,hr_inventory_control,warehouse1,warehouse1,warehouse2,warehouse3,warehouse4,product1,product1,product2,product3,product4,out_of_stock,expired_product,product_category1,product_category1,product_category2,product_category3,product_category4,supplier1,supplier1,supplier2,supplier3,supplier4,purchases1,purchases1,purchases2,purchases3,purchases4,purchases5,sales_order1,sales_order1,sales_order2,sales_order3,sales_order4,quote_order1,quote_order1,quote_order2,quote_order3,quote_order4,paid_orders,unpaid_orders,packed_orders,delivered_orders,cancelled_orders,hr_staff,staff2,staff2,staff3,staff4,staff5,shift1,shift1,shift2,shift3,shift4,staffexit1,staffexit1,staffexit2,staffexit3,staffexit4,exit_type1,exit_type1,exit_type2,exit_type3,exit_type4,hr_profile,hr_basic_info,hr_personal_info,hr_picture,account_info,hr_documents,change_password,hr_ats,ats2,ats2,ats3,ats4,ats5,candidate,interview,promotion,core_hr,news1,news1,news2,news3,news4,department1,department1,department2,department3,department4,designation1,designation1,designation2,designation3,designation4,policy1,policy1,policy2,policy3,policy4,policy5,org_chart,timesheet,upattendance1,upattendance1,upattendance2,upattendance3,upattendance4,monthly_time,hr_finance,accounts1,accounts1,accounts2,accounts3,accounts4,deposit1,deposit1,deposit2,deposit3,deposit4,expense1,expense1,expense2,expense3,expense4,transaction1,dep_cat1,dep_cat1,dep_cat2,dep_cat3,dep_cat4,exp_cat1,exp_cat1,exp_cat2,exp_cat3,exp_cat4,hr_talent,indicator1,indicator1,indicator2,indicator3,indicator4,appraisal1,appraisal1,appraisal2,appraisal3,appraisal4,competency1,competency1,competency2,competency3,competency4,tracking1,tracking1,tracking2,tracking3,tracking4,tracking5,track_type1,track_type1,track_type2,track_type3,track_type4,track_calendar,hr_clients,client1,client2,client3,client4,hr_leads,leads1,leads2,leads3,leads4,leads5,hr_invoices,invoice1,invoice2,invoice3,invoice4,invoice5,invoice_payments,invoice_calendar,tax_type1,tax_type1,tax_type2,tax_type3,tax_type4,estimate1,estimate2,estimate3,estimate4,estimate5,estimate6,estimate7,estimates_calendar,hr_events,hr_event1,hr_event1,hr_event2,hr_event3,hr_event4,events_calendar,hr_conference,conference1,conference1,conference2,conference3,conference4,conference_calendar,hr_holidays,holiday1,holiday1,holiday2,holiday3,holiday4,holidays_calendar,hr_visitors,visitor1,visitor2,visitor3,visitor4,hr_files,file1,file1,file2,file3,file4,officialfile1,officialfile1,officialfile2,officialfile3,officialfile4,todo_ist,system_calendar,system_reports,system_import,forms_builder', '16-11-2022 09:52:37');
INSERT INTO `ci_staff_roles` (`role_id`, `company_id`, `role_name`, `role_access`, `role_resources`, `created_at`) VALUES
(14, 63, 'مستخدم', '2', '0,attendance,project1,project2,project3,project5,project6,project7,project8,project9,project10,project11,projects_calendar,projects_sboard,hr_tasks,task1,task1,task2,task3,task4,task5,task6,task7,task8,tasks_calendar,tasks_sboard,hrloan,loan1,loan2,loan3,loan4,hr_helpdesk,helpdesk1,helpdesk2,helpdesk3,helpdesk4,helpdesk5,helpdesk6,helpdesk7,helpdesk8,hr_training,training1,training2,training3,training4,training6,training5,training7,trainer1,trainer1,trainer2,trainer3,trainer4,training_skill1,training_skill1,training_skill2,training_skill3,training_skill4,training_calendar,hr_assets,asset1,asset1,asset2,asset3,asset4,asset_cat1,asset_cat1,asset_cat2,asset_cat3,asset_cat4,asset_brand1,asset_brand1,asset_brand2,asset_brand3,asset_brand4,hr_incidents,incident1,incident1,incident2,incident3,incident4,incident_type1,incident_type1,incident_type2,incident_type3,incident_type4,hr_travel,travel1,travel1,travel2,travel3,travel4,travel5,travel_type1,travel_type1,travel_type2,travel_type3,travel_type4,travel_calendar,hr_leave,leave1,leave2,leave3,leave4,leave6,leave7,leave_calendar,leave_adjustment,leave_adjustment,leave_adjustment1,leave_adjustment2,leave_adjustment3,leave_adjustment4,leave_type1,leave_type1,leave_type2,leave_type3,leave_type4,overtime_req1,overtime_req1,overtime_req2,overtime_req3,overtime_req4,hr_complaints,complaint1,complaint2,complaint3,complaint4,hr_resignations,resignation1,resignation2,resignation3,resignation4,disciplinary1,case_type1,hr_transfers,transfers1,transfers2,transfers3,transfers4,polls1,polls2,polls3,suggestions1,suggestions2,suggestions3,hr_events,hr_event1,hr_event1,hr_event2,hr_event3,hr_event4,events_calendar,hr_conference,conference1,conference1,conference2,conference3,conference4,conference_calendar,hr_holidays,holiday1,holiday1,holiday2,holiday3,holiday4,holidays_calendar,visitor1,visitor2,visitor3,file1,file1,file2,file3,file4', '16-11-2022 09:54:43'),
(15, 81, 'مدير النظام ', '2', '0,attendance,hr_projects,project1,project1,project2,project3,project4,project5,project6,project7,project8,project9,project10,project11,projects_calendar,projects_sboard,hr_tasks,task1,task1,task2,task3,task4,task5,task6,task7,task8,tasks_calendar,tasks_sboard,hr_payroll,pay1,pay1,pay2,pay3,pay_history,hradvance_salary,advance_salary1,advance_salary2,advance_salary3,advance_salary4,hrloan,loan1,loan2,loan3,loan4,hr_helpdesk,helpdesk1,helpdesk2,helpdesk3,helpdesk4,helpdesk5,helpdesk6,helpdesk7,helpdesk8,hr_training,training1,training2,training3,training4,training6,training5,training7,trainer1,trainer1,trainer2,trainer3,trainer4,training_skill1,training_skill1,training_skill2,training_skill3,training_skill4,training_calendar,hr_assets,asset1,asset1,asset2,asset3,asset4,asset_cat1,asset_cat1,asset_cat2,asset_cat3,asset_cat4,asset_brand1,asset_brand1,asset_brand2,asset_brand3,asset_brand4,hr_incidents,incident1,incident1,incident2,incident3,incident4,incident_type1,incident_type1,incident_type2,incident_type3,incident_type4,hr_awards,award1,award1,award2,award3,award4,award_type1,award_type1,award_type2,award_type3,award_type4,hr_travel,travel1,travel1,travel2,travel3,travel4,travel5,travel_type1,travel_type1,travel_type2,travel_type3,travel_type4,travel_calendar,hr_leave,leave1,leave2,leave3,leave4,leave6,leave7,leave_calendar,leave_adjustment,leave_adjustment,leave_adjustment1,leave_adjustment2,leave_adjustment3,leave_adjustment4,leave_type1,leave_type1,leave_type2,leave_type3,leave_type4,overtime_req1,overtime_req1,overtime_req2,overtime_req3,overtime_req4,hr_complaints,complaint1,complaint2,complaint3,complaint4,hr_resignations,resignation1,resignation2,resignation3,resignation4,hr_disciplinary,disciplinary1,disciplinary1,disciplinary2,disciplinary3,disciplinary5,case_type1,case_type1,case_type2,case_type3,case_type4,hr_transfers,transfers1,transfers2,transfers3,transfers4,hr_polls,polls1,polls2,polls3,polls4,hr_suggestions,suggestions1,suggestions2,suggestions3,suggestions4,hr_inventory_control,warehouse1,warehouse1,warehouse2,warehouse3,warehouse4,product1,product1,product2,product3,product4,out_of_stock,expired_product,product_category1,product_category1,product_category2,product_category3,product_category4,supplier1,supplier1,supplier2,supplier3,supplier4,purchases1,purchases1,purchases2,purchases3,purchases4,purchases5,sales_order1,sales_order1,sales_order2,sales_order3,sales_order4,quote_order1,quote_order1,quote_order2,quote_order3,quote_order4,paid_orders,unpaid_orders,packed_orders,delivered_orders,cancelled_orders,hr_staff,staff2,staff2,staff3,staff4,staff5,shift1,shift1,shift2,shift3,shift4,staffexit1,staffexit1,staffexit2,staffexit3,staffexit4,exit_type1,exit_type1,exit_type2,exit_type3,exit_type4,hr_profile,hr_basic_info,hr_personal_info,hr_picture,account_info,hr_documents,change_password,hr_ats,ats2,ats2,ats3,ats4,ats5,candidate,interview,promotion,core_hr,news1,news1,news2,news3,news4,department1,department1,department2,department3,department4,designation1,designation1,designation2,designation3,designation4,policy1,policy1,policy2,policy3,policy4,policy5,org_chart,timesheet,upattendance1,upattendance1,upattendance2,upattendance3,upattendance4,monthly_time,hr_finance,accounts1,accounts1,accounts2,accounts3,accounts4,deposit1,deposit1,deposit2,deposit3,deposit4,expense1,expense1,expense2,expense3,expense4,transaction1,dep_cat1,dep_cat1,dep_cat2,dep_cat3,dep_cat4,exp_cat1,exp_cat1,exp_cat2,exp_cat3,exp_cat4,hr_talent,indicator1,indicator1,indicator2,indicator3,indicator4,appraisal1,appraisal1,appraisal2,appraisal3,appraisal4,competency1,competency1,competency2,competency3,competency4,tracking1,tracking1,tracking2,tracking3,tracking4,tracking5,track_type1,track_type1,track_type2,track_type3,track_type4,track_calendar,hr_clients,client1,client2,client3,client4,hr_leads,leads1,leads2,leads3,leads4,leads5,hr_invoices,invoice1,invoice2,invoice3,invoice4,invoice5,invoice_payments,invoice_calendar,tax_type1,tax_type1,tax_type2,tax_type3,tax_type4,estimate1,estimate2,estimate3,estimate4,estimate5,estimate6,estimate7,estimates_calendar,hr_events,hr_event1,hr_event1,hr_event2,hr_event3,hr_event4,events_calendar,hr_conference,conference1,conference1,conference2,conference3,conference4,conference_calendar,hr_holidays,holiday1,holiday1,holiday2,holiday3,holiday4,holidays_calendar,hr_visitors,visitor1,visitor2,visitor3,visitor4,hr_files,file1,file1,file2,file3,file4,officialfile1,officialfile1,officialfile2,officialfile3,officialfile4,todo_ist,system_calendar,system_reports,system_import,forms_builder', '16-11-2022 02:03:00'),
(16, 86, 'مدير النظام', '1', '0,attendance,hr_projects,project1,project1,project2,project3,project4,project5,project6,project7,project8,project9,project10,project11,projects_calendar,projects_sboard,hr_tasks,task1,task1,task2,task3,task4,task5,task6,task7,task8,tasks_calendar,tasks_sboard,hr_payroll,pay1,pay1,pay2,pay3,pay_history,hradvance_salary,advance_salary1,advance_salary2,advance_salary3,advance_salary4,hrloan,loan1,loan2,loan3,loan4,hr_helpdesk,helpdesk1,helpdesk2,helpdesk3,helpdesk4,helpdesk5,helpdesk6,helpdesk7,helpdesk8,hr_training,training1,training2,training3,training4,training6,training5,training7,trainer1,trainer1,trainer2,trainer3,trainer4,training_skill1,training_skill1,training_skill2,training_skill3,training_skill4,training_calendar,hr_assets,asset1,asset1,asset2,asset3,asset4,asset_cat1,asset_cat1,asset_cat2,asset_cat3,asset_cat4,asset_brand1,asset_brand1,asset_brand2,asset_brand3,asset_brand4,hr_incidents,incident1,incident1,incident2,incident3,incident4,incident_type1,incident_type1,incident_type2,incident_type3,incident_type4,hr_awards,award1,award1,award2,award3,award4,award_type1,award_type1,award_type2,award_type3,award_type4,hr_travel,travel1,travel1,travel2,travel3,travel4,travel5,travel_type1,travel_type1,travel_type2,travel_type3,travel_type4,travel_calendar,hr_leave,leave1,leave2,leave3,leave4,leave6,leave7,leave_calendar,leave_adjustment,leave_adjustment,leave_adjustment1,leave_adjustment2,leave_adjustment3,leave_adjustment4,leave_type1,leave_type1,leave_type2,leave_type3,leave_type4,overtime_req1,overtime_req1,overtime_req2,overtime_req3,overtime_req4,hr_complaints,complaint1,complaint2,complaint3,complaint4,hr_resignations,resignation1,resignation2,resignation3,resignation4,hr_disciplinary,disciplinary1,disciplinary1,disciplinary2,disciplinary3,disciplinary5,case_type1,case_type1,case_type2,case_type3,case_type4,hr_transfers,transfers1,transfers2,transfers3,transfers4,hr_polls,polls1,polls2,polls3,polls4,hr_suggestions,suggestions1,suggestions2,suggestions3,suggestions4,hr_inventory_control,warehouse1,warehouse1,warehouse2,warehouse3,warehouse4,product1,product1,product2,product3,product4,out_of_stock,expired_product,product_category1,product_category1,product_category2,product_category3,product_category4,supplier1,supplier1,supplier2,supplier3,supplier4,purchases1,purchases1,purchases2,purchases3,purchases4,purchases5,sales_order1,sales_order1,sales_order2,sales_order3,sales_order4,quote_order1,quote_order1,quote_order2,quote_order3,quote_order4,paid_orders,unpaid_orders,packed_orders,delivered_orders,cancelled_orders,hr_staff,staff2,staff2,staff3,staff4,staff5,shift1,shift1,shift2,shift3,shift4,staffexit1,staffexit1,staffexit2,staffexit3,staffexit4,exit_type1,exit_type1,exit_type2,exit_type3,exit_type4,hr_profile,hr_basic_info,hr_personal_info,hr_picture,account_info,hr_documents,change_password,hr_ats,ats2,ats2,ats3,ats4,ats5,candidate,interview,promotion,core_hr,news1,news1,news2,news3,news4,department1,department1,department2,department3,department4,designation1,designation1,designation2,designation3,designation4,policy1,policy1,policy2,policy3,policy4,policy5,org_chart,timesheet,upattendance1,upattendance1,upattendance2,upattendance3,upattendance4,monthly_time,hr_finance,accounts1,accounts1,accounts2,accounts3,accounts4,deposit1,deposit1,deposit2,deposit3,deposit4,expense1,expense1,expense2,expense3,expense4,transaction1,dep_cat1,dep_cat1,dep_cat2,dep_cat3,dep_cat4,exp_cat1,exp_cat1,exp_cat2,exp_cat3,exp_cat4,hr_talent,indicator1,indicator1,indicator2,indicator3,indicator4,appraisal1,appraisal1,appraisal2,appraisal3,appraisal4,competency1,competency1,competency2,competency3,competency4,tracking1,tracking1,tracking2,tracking3,tracking4,tracking5,track_type1,track_type1,track_type2,track_type3,track_type4,track_calendar,hr_clients,client1,client2,client3,client4,hr_leads,leads1,leads2,leads3,leads4,leads5,hr_invoices,invoice1,invoice2,invoice3,invoice4,invoice5,invoice_payments,invoice_calendar,tax_type1,tax_type1,tax_type2,tax_type3,tax_type4,estimate1,estimate2,estimate3,estimate4,estimate5,estimate6,estimate7,estimates_calendar,hr_events,hr_event1,hr_event1,hr_event2,hr_event3,hr_event4,events_calendar,hr_conference,conference1,conference1,conference2,conference3,conference4,conference_calendar,hr_holidays,holiday1,holiday1,holiday2,holiday3,holiday4,holidays_calendar,hr_visitors,visitor1,visitor2,visitor3,visitor4,hr_files,file1,file1,file2,file3,file4,officialfile1,officialfile1,officialfile2,officialfile3,officialfile4,todo_ist,system_calendar,system_reports,system_import,forms_builder', '17-11-2022 08:55:36'),
(17, 86, 'مشرف النظام', '1', '0,attendance,hr_projects,project1,project1,project2,project3,project4,project5,project6,project7,project8,project9,project10,project11,projects_calendar,projects_sboard,hr_tasks,task1,task1,task2,task3,task4,task5,task6,task7,task8,tasks_calendar,tasks_sboard,hr_payroll,pay1,pay1,pay2,pay3,pay_history,hradvance_salary,advance_salary1,advance_salary2,advance_salary3,advance_salary4,hrloan,loan1,loan2,loan3,loan4,hr_helpdesk,helpdesk1,helpdesk2,helpdesk3,helpdesk4,helpdesk5,helpdesk6,helpdesk7,helpdesk8,hr_training,training1,training2,training3,training4,training6,training5,training7,trainer1,trainer1,trainer2,trainer3,trainer4,training_skill1,training_skill1,training_skill2,training_skill3,training_skill4,training_calendar,hr_assets,asset1,asset1,asset2,asset3,asset4,asset_cat1,asset_cat1,asset_cat2,asset_cat3,asset_cat4,asset_brand1,asset_brand1,asset_brand2,asset_brand3,asset_brand4,hr_incidents,incident1,incident1,incident2,incident3,incident4,incident_type1,incident_type1,incident_type2,incident_type3,incident_type4,hr_awards,award1,award1,award2,award3,award4,award_type1,award_type1,award_type2,award_type3,award_type4,hr_travel,travel1,travel1,travel2,travel3,travel4,travel5,travel_type1,travel_type1,travel_type2,travel_type3,travel_type4,travel_calendar,hr_leave,leave1,leave2,leave3,leave4,leave6,leave7,leave_calendar,leave_adjustment,leave_adjustment,leave_adjustment1,leave_adjustment2,leave_adjustment3,leave_adjustment4,leave_type1,leave_type1,leave_type2,leave_type3,leave_type4,overtime_req1,overtime_req1,overtime_req2,overtime_req3,overtime_req4,hr_complaints,complaint1,complaint2,complaint3,complaint4,hr_resignations,resignation1,resignation2,resignation3,resignation4,hr_disciplinary,disciplinary1,disciplinary1,disciplinary2,disciplinary3,disciplinary5,case_type1,case_type1,case_type2,case_type3,case_type4,hr_transfers,transfers1,transfers2,transfers3,transfers4,hr_polls,polls1,polls2,polls3,polls4,hr_suggestions,suggestions1,suggestions2,suggestions3,suggestions4,hr_inventory_control,warehouse1,warehouse1,warehouse2,warehouse3,warehouse4,product1,product1,product2,product3,product4,out_of_stock,expired_product,product_category1,product_category1,product_category2,product_category3,product_category4,supplier1,supplier1,supplier2,supplier3,supplier4,purchases1,purchases1,purchases2,purchases3,purchases4,purchases5,sales_order1,sales_order1,sales_order2,sales_order3,sales_order4,quote_order1,quote_order1,quote_order2,quote_order3,quote_order4,paid_orders,unpaid_orders,packed_orders,delivered_orders,cancelled_orders,hr_staff,staff2,staff2,staff3,staff4,staff5,shift1,shift1,shift2,shift3,shift4,staffexit1,staffexit1,staffexit2,staffexit3,staffexit4,exit_type1,exit_type1,exit_type2,exit_type3,exit_type4,hr_profile,hr_basic_info,hr_personal_info,hr_picture,account_info,hr_documents,change_password,hr_ats,ats2,ats2,ats3,ats4,ats5,candidate,interview,promotion,core_hr,news1,news1,news2,news3,news4,department1,department1,department2,department3,department4,designation1,designation1,designation2,designation3,designation4,policy1,policy1,policy2,policy3,policy4,policy5,org_chart,timesheet,upattendance1,upattendance1,upattendance2,upattendance3,upattendance4,monthly_time,hr_finance,accounts1,accounts1,accounts2,accounts3,accounts4,deposit1,deposit1,deposit2,deposit3,deposit4,expense1,expense1,expense2,expense3,expense4,transaction1,dep_cat1,dep_cat1,dep_cat2,dep_cat3,dep_cat4,exp_cat1,exp_cat1,exp_cat2,exp_cat3,exp_cat4,hr_talent,indicator1,indicator1,indicator2,indicator3,indicator4,appraisal1,appraisal1,appraisal2,appraisal3,appraisal4,competency1,competency1,competency2,competency3,competency4,tracking1,tracking1,tracking2,tracking3,tracking4,tracking5,track_type1,track_type1,track_type2,track_type3,track_type4,track_calendar,hr_clients,client1,client2,client3,client4,hr_leads,leads1,leads2,leads3,leads4,leads5,hr_invoices,invoice1,invoice2,invoice3,invoice4,invoice5,invoice_payments,invoice_calendar,tax_type1,tax_type1,tax_type2,tax_type3,tax_type4,estimate1,estimate2,estimate3,estimate4,estimate5,estimate6,estimate7,estimates_calendar,hr_events,hr_event1,hr_event1,hr_event2,hr_event3,hr_event4,events_calendar,hr_conference,conference1,conference1,conference2,conference3,conference4,conference_calendar,hr_holidays,holiday1,holiday1,holiday2,holiday3,holiday4,holidays_calendar,hr_visitors,visitor1,visitor2,visitor3,visitor4,hr_files,file1,file1,file2,file3,file4,officialfile1,officialfile1,officialfile2,officialfile3,officialfile4,todo_ist', '17-11-2022 08:56:50'),
(18, 86, 'مستخدم', '2', '0,attendance,hr_projects,project1,project1,project2,project3,project4,project5,project6,project7,project8,project9,project10,project11,projects_calendar,projects_sboard,hr_tasks,task1,task1,task2,task3,task4,task5,task6,task7,task8,tasks_calendar,tasks_sboard,hr_helpdesk,helpdesk1,helpdesk2,helpdesk3,helpdesk4,helpdesk5,helpdesk6,helpdesk7,helpdesk8,hr_training,training1,training2,training3,training4,training6,training5,training7,trainer1,trainer1,trainer2,trainer3,trainer4,training_skill1,training_skill1,training_skill2,training_skill3,training_skill4,training_calendar,hr_assets,asset1,asset1,asset2,asset3,asset4,asset_cat1,asset_cat1,asset_cat2,asset_cat3,asset_cat4,asset_brand1,asset_brand1,asset_brand2,asset_brand3,asset_brand4,hr_incidents,incident1,incident1,incident2,incident3,incident4,incident_type1,incident_type1,incident_type2,incident_type3,incident_type4,hr_travel,travel1,travel1,travel2,travel3,travel4,travel5,travel_type1,travel_type1,travel_type2,travel_type3,travel_type4,travel_calendar,hr_leave,leave1,leave2,leave3,leave4,leave6,leave7,leave_calendar,leave_adjustment,leave_adjustment,leave_adjustment1,leave_adjustment2,leave_adjustment3,leave_adjustment4,leave_type1,leave_type1,leave_type2,leave_type3,leave_type4,overtime_req1,overtime_req1,overtime_req2,overtime_req3,overtime_req4,hr_complaints,complaint1,complaint2,complaint3,complaint4,hr_resignations,resignation1,resignation2,resignation3,resignation4,hr_disciplinary,disciplinary1,disciplinary1,disciplinary2,disciplinary3,disciplinary5,case_type1,case_type1,case_type2,case_type3,case_type4,hr_transfers,transfers1,transfers2,transfers3,transfers4,hr_polls,polls1,polls2,polls3,polls4,hr_suggestions,suggestions1,suggestions2,suggestions3,suggestions4,hr_inventory_control,warehouse1,warehouse1,warehouse2,warehouse3,warehouse4,product1,product1,product2,product3,product4,out_of_stock,expired_product,product_category1,product_category1,product_category2,product_category3,product_category4,supplier1,supplier1,supplier2,supplier3,supplier4,purchases1,purchases1,purchases2,purchases3,purchases4,purchases5,sales_order1,sales_order1,sales_order2,sales_order3,sales_order4,quote_order1,quote_order1,quote_order2,quote_order3,quote_order4,paid_orders,unpaid_orders,packed_orders,delivered_orders,cancelled_orders,hr_ats,ats2,ats2,ats3,ats4,ats5,candidate,interview,promotion,hr_clients,client1,client2,client3,client4,hr_leads,leads1,leads2,leads3,leads4,leads5,hr_invoices,invoice1,invoice2,invoice3,invoice4,invoice5,invoice_payments,invoice_calendar,tax_type1,tax_type1,tax_type2,tax_type3,tax_type4,estimate1,estimate2,estimate3,estimate4,estimate5,estimate6,estimate7,estimates_calendar,hr_events,hr_event1,hr_event1,hr_event2,hr_event3,hr_event4,events_calendar,hr_conference,conference1,conference1,conference2,conference3,conference4,conference_calendar,hr_holidays,holiday1,holiday1,holiday2,holiday3,holiday4,holidays_calendar,hr_visitors,visitor1,visitor2,visitor3,visitor4,hr_files,file1,file1,file2,file3,file4,officialfile1,officialfile1,officialfile2,officialfile3,officialfile4,todo_ist', '17-11-2022 08:57:55'),
(19, 114, 'الموارد البشرية', '1', '0,attendance,hr_projects,project1,project1,project2,project3,project4,project5,project6,project7,project8,project9,project10,project11,projects_calendar,projects_sboard,hr_tasks,task1,task1,task2,task3,task4,task5,task6,task7,task8,tasks_calendar,tasks_sboard,hr_payroll,pay1,pay1,pay2,pay3,pay_history,hradvance_salary,advance_salary1,advance_salary2,advance_salary3,advance_salary4,hrloan,loan1,loan2,loan3,loan4,hr_helpdesk,helpdesk1,helpdesk2,helpdesk3,helpdesk4,helpdesk5,helpdesk6,helpdesk7,helpdesk8,hr_training,training1,training2,training3,training4,training6,training5,training7,trainer1,trainer1,trainer2,trainer3,trainer4,training_skill1,training_skill1,training_skill2,training_skill3,training_skill4,training_calendar,hr_assets,asset1,asset1,asset2,asset3,asset4,asset_cat1,asset_cat1,asset_cat2,asset_cat3,asset_cat4,asset_brand1,asset_brand1,asset_brand2,asset_brand3,asset_brand4,hr_incidents,incident1,incident1,incident2,incident3,incident4,incident_type1,incident_type1,incident_type2,incident_type3,incident_type4,hr_awards,award1,award1,award2,award3,award4,award_type1,award_type1,award_type2,award_type3,award_type4,hr_travel,travel1,travel1,travel2,travel3,travel4,travel5,travel_type1,travel_type1,travel_type2,travel_type3,travel_type4,travel_calendar,hr_leave,leave1,leave2,leave3,leave4,leave6,leave7,leave_calendar,leave_adjustment,leave_adjustment,leave_adjustment1,leave_adjustment2,leave_adjustment3,leave_adjustment4,leave_type1,leave_type1,leave_type2,leave_type3,leave_type4,overtime_req1,overtime_req1,overtime_req2,overtime_req3,overtime_req4,hr_complaints,complaint1,complaint2,complaint3,complaint4,hr_resignations,resignation1,resignation2,resignation3,resignation4,hr_disciplinary,disciplinary1,disciplinary1,disciplinary2,disciplinary3,disciplinary5,case_type1,case_type1,case_type2,case_type3,case_type4,hr_transfers,transfers1,transfers2,transfers3,transfers4,hr_polls,polls1,polls2,polls3,polls4,hr_suggestions,suggestions1,suggestions2,suggestions3,suggestions4,hr_inventory_control,warehouse1,warehouse1,warehouse2,warehouse3,warehouse4,product1,product1,product2,product3,product4,out_of_stock,expired_product,product_category1,product_category1,product_category2,product_category3,product_category4,supplier1,supplier1,supplier2,supplier3,supplier4,purchases1,purchases1,purchases2,purchases3,purchases4,purchases5,sales_order1,sales_order1,sales_order2,sales_order3,sales_order4,quote_order1,quote_order1,quote_order2,quote_order3,quote_order4,paid_orders,unpaid_orders,packed_orders,delivered_orders,cancelled_orders,hr_staff,staff2,staff2,staff3,staff4,staff5,shift1,shift1,shift2,shift3,shift4,staffexit1,staffexit1,staffexit2,staffexit3,staffexit4,exit_type1,exit_type1,exit_type2,exit_type3,exit_type4,hr_profile,hr_basic_info,hr_personal_info,hr_picture,account_info,hr_documents,change_password,hr_ats,ats2,ats2,ats3,ats4,ats5,candidate,interview,promotion,core_hr,news1,news1,news2,news3,news4,department1,department1,department2,department3,department4,designation1,designation1,designation2,designation3,designation4,policy1,policy1,policy2,policy3,policy4,policy5,org_chart,timesheet,upattendance1,upattendance1,upattendance2,upattendance3,upattendance4,monthly_time,hr_finance,accounts1,accounts1,accounts2,accounts3,accounts4,deposit1,deposit1,deposit2,deposit3,deposit4,expense1,expense1,expense2,expense3,expense4,transaction1,dep_cat1,dep_cat1,dep_cat2,dep_cat3,dep_cat4,exp_cat1,exp_cat1,exp_cat2,exp_cat3,exp_cat4,hr_talent,indicator1,indicator1,indicator2,indicator3,indicator4,appraisal1,appraisal1,appraisal2,appraisal3,appraisal4,competency1,competency1,competency2,competency3,competency4,tracking1,tracking1,tracking2,tracking3,tracking4,tracking5,track_type1,track_type1,track_type2,track_type3,track_type4,track_calendar,hr_clients,client1,client2,client3,client4,hr_leads,leads1,leads2,leads3,leads4,leads5,hr_invoices,invoice1,invoice2,invoice3,invoice4,invoice5,invoice_payments,invoice_calendar,tax_type1,tax_type1,tax_type2,tax_type3,tax_type4,estimate1,estimate2,estimate3,estimate4,estimate5,estimate6,estimate7,estimates_calendar,hr_events,hr_event1,hr_event1,hr_event2,hr_event3,hr_event4,events_calendar,hr_conference,conference1,conference1,conference2,conference3,conference4,conference_calendar,hr_holidays,holiday1,holiday1,holiday2,holiday3,holiday4,holidays_calendar,hr_visitors,visitor1,visitor2,visitor3,visitor4,hr_files,file1,file1,file2,file3,file4,officialfile1,officialfile1,officialfile2,officialfile3,officialfile4,todo_ist,system_calendar,system_reports,system_import,forms_builder', '16-12-2022 12:33:08'),
(20, 114, 'المالية', '2', '0,hr_payroll,pay1,pay1,pay2,pay3,pay_history,hradvance_salary,advance_salary1,advance_salary2,advance_salary3,advance_salary4,hrloan,loan1,loan2,loan3,loan4', '16-12-2022 12:34:40'),
(21, 42, 'مستخدم', '1', '0,attendance,hr_projects,project1,project1,project2,project3,project4,project5,project6,project7,project8,project9,project10,project11,projects_calendar,projects_sboard,hr_tasks,task1,task1,task2,task3,task4,task5,task6,task7,task8,tasks_calendar,tasks_sboard,hr_helpdesk,helpdesk1,helpdesk2,helpdesk3,helpdesk4,helpdesk5,helpdesk6,helpdesk7,helpdesk8,hr_training,training1,training2,training3,training4,training6,training5,training7,trainer1,trainer1,trainer2,trainer3,trainer4,training_skill1,training_skill1,training_skill2,training_skill3,training_skill4,training_calendar,hr_assets,asset1,asset1,asset2,asset3,asset4,asset_cat1,asset_cat1,asset_cat2,asset_cat3,asset_cat4,asset_brand1,asset_brand1,asset_brand2,asset_brand3,asset_brand4,hr_incidents,incident1,incident1,incident2,incident3,incident4,incident_type1,incident_type1,incident_type2,incident_type3,incident_type4,hr_awards,award1,award1,award2,award3,award4,award_type1,award_type1,award_type2,award_type3,award_type4,hr_travel,travel1,travel1,travel2,travel3,travel4,travel5,travel_type1,travel_type1,travel_type2,travel_type3,travel_type4,travel_calendar,hr_leave,leave1,leave2,leave3,leave4,leave6,leave7,leave_calendar,leave_adjustment,leave_adjustment,leave_adjustment1,leave_adjustment2,leave_adjustment3,leave_adjustment4,leave_type1,leave_type1,leave_type2,leave_type3,leave_type4,overtime_req1,overtime_req1,overtime_req2,overtime_req3,overtime_req4,hr_complaints,complaint1,complaint2,complaint3,complaint4,hr_resignations,resignation1,resignation2,resignation3,resignation4,hr_disciplinary,disciplinary1,disciplinary1,disciplinary2,disciplinary3,disciplinary5,case_type1,case_type1,case_type2,case_type3,case_type4,hr_transfers,transfers1,transfers2,transfers3,transfers4,hr_polls,polls1,polls2,polls3,polls4,hr_suggestions,suggestions1,suggestions2,suggestions3,suggestions4,hr_inventory_control,warehouse1,warehouse1,warehouse2,warehouse3,warehouse4,product1,product1,product2,product3,product4,out_of_stock,expired_product,product_category1,product_category1,product_category2,product_category3,product_category4,supplier1,supplier1,supplier2,supplier3,supplier4,purchases1,purchases1,purchases2,purchases3,purchases4,purchases5,sales_order1,sales_order1,sales_order2,sales_order3,sales_order4,quote_order1,quote_order1,quote_order2,quote_order3,quote_order4,paid_orders,unpaid_orders,packed_orders,delivered_orders,cancelled_orders,hr_ats,ats2,ats2,ats3,ats4,ats5,candidate,interview,promotion,hr_talent,indicator1,indicator1,indicator2,indicator3,indicator4,appraisal1,appraisal1,appraisal2,appraisal3,appraisal4,competency1,competency1,competency2,competency3,competency4,tracking1,tracking1,tracking2,tracking3,tracking4,tracking5,track_type1,track_type1,track_type2,track_type3,track_type4,track_calendar,hr_clients,client1,client2,client3,client4,hr_leads,leads1,leads2,leads3,leads4,leads5,hr_invoices,invoice1,invoice2,invoice3,invoice4,invoice5,invoice_payments,invoice_calendar,tax_type1,tax_type1,tax_type2,tax_type3,tax_type4,estimate1,estimate2,estimate3,estimate4,estimate5,estimate6,estimate7,estimates_calendar,hr_events,hr_event1,hr_event1,hr_event2,hr_event3,hr_event4,events_calendar,hr_conference,conference1,conference1,conference2,conference3,conference4,conference_calendar,hr_holidays,holiday1,holiday1,holiday2,holiday3,holiday4,holidays_calendar,hr_visitors,visitor1,visitor2,visitor3,visitor4,hr_files,file1,file1,file2,file3,file4,officialfile1,officialfile1,officialfile2,officialfile3,officialfile4', '27-12-2022 02:27:28'),
(22, 63, 'مشرف قرع', '2', '0,attendance,hr_projects,project1,project1,project2,project3,project4,project5,project6,project7,project8,project9,project10,project11,projects_calendar,projects_sboard,hr_tasks,task1,task1,task2,task3,task4,task5,task6,task7,task8,tasks_calendar,tasks_sboard,hr_helpdesk,helpdesk1,helpdesk2,helpdesk3,helpdesk4,helpdesk5,helpdesk6,helpdesk7,helpdesk8,hr_training,training1,training2,training3,training4,training6,training5,training7,trainer1,trainer1,trainer2,trainer3,trainer4,training_skill1,training_skill1,training_skill2,training_skill3,training_skill4,training_calendar,hr_assets,asset1,asset1,asset2,asset3,asset4,asset_cat1,asset_cat1,asset_cat2,asset_cat3,asset_cat4,asset_brand1,asset_brand1,asset_brand2,asset_brand3,asset_brand4,hr_incidents,incident1,incident1,incident2,incident3,incident4,incident_type1,incident_type1,incident_type2,incident_type3,incident_type4,hr_awards,award1,award1,award2,award3,award4,award_type1,award_type1,award_type2,award_type3,award_type4,hr_travel,travel1,travel1,travel2,travel3,travel4,travel5,travel_type1,travel_type1,travel_type2,travel_type3,travel_type4,travel_calendar,hr_leave,leave1,leave2,leave3,leave4,leave6,leave7,leave_calendar,leave_adjustment,leave_adjustment,leave_adjustment1,leave_adjustment2,leave_adjustment3,leave_adjustment4,leave_type1,leave_type1,leave_type2,leave_type3,leave_type4,hr_complaints,complaint1,complaint2,complaint3,complaint4,hr_resignations,resignation1,resignation2,resignation3,resignation4,hr_disciplinary,disciplinary1,disciplinary1,disciplinary2,disciplinary3,disciplinary5,case_type1,case_type1,case_type2,case_type3,case_type4,hr_transfers,transfers1,transfers2,transfers3,transfers4,hr_polls,polls1,polls2,polls3,polls4,hr_suggestions,suggestions1,suggestions2,suggestions3,suggestions4,hr_leads,leads1,leads2,leads3,leads4,leads5,hr_invoices,invoice1,invoice2,invoice3,invoice4,invoice5,invoice_payments,invoice_calendar,tax_type1,tax_type1,tax_type2,tax_type3,tax_type4,estimate1,estimate2,estimate3,estimate4,estimate5,estimate6,estimate7,estimates_calendar,hr_events,hr_event1,hr_event1,hr_event2,hr_event3,hr_event4,events_calendar,hr_conference,conference1,conference1,conference2,conference3,conference4,conference_calendar,hr_holidays,holiday1,holiday1,holiday2,holiday3,holiday4,holidays_calendar,hr_visitors,visitor1,visitor2,visitor3,visitor4,file1,file1,file2,file3,file4,todo_ist', '27-12-2022 12:07:15'),
(23, 63, 'التسويق ', '2', '0,hr_polls,polls1,polls2,polls3,polls4', '03-01-2023 02:04:43'),
(24, 63, 'إدارة المتابعة ', '2', '0', '04-01-2023 11:53:11'),
(25, 63, 'السوشل ميديا ', '2', '0,hr_polls,polls1,polls2,polls3,polls4,hr_suggestions,suggestions1,suggestions2,suggestions3,suggestions4,hr_visitors,visitor1,visitor2,visitor3,visitor4', '10-01-2023 10:29:34'),
(26, 42, 'مدخل بيانات ', '2', '0', '21-01-2023 02:30:38'),
(27, 133, 'مراقب دوام', '2', '0,attendance,hr_leave,leave1,leave2,leave3,leave4,leave6,leave7,leave_calendar,leave_adjustment,leave_adjustment,leave_adjustment1,leave_adjustment2,leave_adjustment3,leave_adjustment4,leave_type1,leave_type1,leave_type2,leave_type3,leave_type4,overtime_req1,overtime_req1,overtime_req2,overtime_req3,overtime_req4,hr_complaints,complaint1,complaint2,complaint3,complaint4,upattendance1,upattendance1,upattendance2,upattendance3,upattendance4', '22-01-2023 09:25:37'),
(28, 133, 'مدير', '1', '0,attendance,hr_projects,project1,project1,project2,project3,project4,project5,project6,project7,project8,project9,project10,project11,projects_calendar,projects_sboard,hr_tasks,task1,task1,task2,task3,task4,task5,task6,task7,task8,tasks_calendar,tasks_sboard,hr_payroll,pay1,pay1,pay2,pay3,pay_history,hradvance_salary,advance_salary1,advance_salary2,advance_salary3,advance_salary4,hrloan,loan1,loan2,loan3,loan4,hr_helpdesk,helpdesk1,helpdesk2,helpdesk3,helpdesk4,helpdesk5,helpdesk6,helpdesk7,helpdesk8,hr_training,training1,training2,training3,training4,training6,training5,training7,trainer1,trainer1,trainer2,trainer3,trainer4,training_skill1,training_skill1,training_skill2,training_skill3,training_skill4,training_calendar,hr_assets,asset1,asset1,asset2,asset3,asset4,asset_cat1,asset_cat1,asset_cat2,asset_cat3,asset_cat4,asset_brand1,asset_brand1,asset_brand2,asset_brand3,asset_brand4,hr_incidents,incident1,incident1,incident2,incident3,incident4,incident_type1,incident_type1,incident_type2,incident_type3,incident_type4,hr_awards,award1,award1,award2,award3,award4,award_type1,award_type1,award_type2,award_type3,award_type4,hr_travel,travel1,travel1,travel2,travel3,travel4,travel5,travel_type1,travel_type1,travel_type2,travel_type3,travel_type4,travel_calendar,hr_leave,leave1,leave2,leave3,leave4,leave6,leave7,leave_calendar,leave_adjustment,leave_adjustment,leave_adjustment1,leave_adjustment2,leave_adjustment3,leave_adjustment4,leave_type1,leave_type1,leave_type2,leave_type3,leave_type4,overtime_req1,overtime_req1,overtime_req2,overtime_req3,overtime_req4,hr_complaints,complaint1,complaint2,complaint3,complaint4,hr_resignations,resignation1,resignation2,resignation3,resignation4,hr_disciplinary,disciplinary1,disciplinary1,disciplinary2,disciplinary3,disciplinary5,case_type1,case_type1,case_type2,case_type3,case_type4,hr_transfers,transfers1,transfers2,transfers3,transfers4,hr_polls,polls1,polls2,polls3,polls4,hr_suggestions,suggestions1,suggestions2,suggestions3,suggestions4,hr_inventory_control,warehouse1,warehouse1,warehouse2,warehouse3,warehouse4,product1,product1,product2,product3,product4,out_of_stock,expired_product,product_category1,product_category1,product_category2,product_category3,product_category4,supplier1,supplier1,supplier2,supplier3,supplier4,purchases1,purchases1,purchases2,purchases3,purchases4,purchases5,sales_order1,sales_order1,sales_order2,sales_order3,sales_order4,quote_order1,quote_order1,quote_order2,quote_order3,quote_order4,paid_orders,unpaid_orders,packed_orders,delivered_orders,cancelled_orders,hr_staff,staff2,staff2,staff3,staff4,staff5,shift1,shift1,shift2,shift3,shift4,staffexit1,staffexit1,staffexit2,staffexit3,staffexit4,exit_type1,exit_type1,exit_type2,exit_type3,exit_type4,hr_profile,hr_basic_info,hr_personal_info,hr_picture,account_info,hr_documents,change_password,hr_ats,ats2,ats2,ats3,ats4,ats5,candidate,interview,promotion,core_hr,news1,news1,news2,news3,news4,department1,department1,department2,department3,department4,designation1,designation1,designation2,designation3,designation4,policy1,policy1,policy2,policy3,policy4,policy5,org_chart,timesheet,upattendance1,upattendance1,upattendance2,upattendance3,upattendance4,monthly_time,hr_finance,accounts1,accounts1,accounts2,accounts3,accounts4,deposit1,deposit1,deposit2,deposit3,deposit4,expense1,expense1,expense2,expense3,expense4,transaction1,dep_cat1,dep_cat1,dep_cat2,dep_cat3,dep_cat4,exp_cat1,exp_cat1,exp_cat2,exp_cat3,exp_cat4,hr_talent,indicator1,indicator1,indicator2,indicator3,indicator4,appraisal1,appraisal1,appraisal2,appraisal3,appraisal4,competency1,competency1,competency2,competency3,competency4,tracking1,tracking1,tracking2,tracking3,tracking4,tracking5,track_type1,track_type1,track_type2,track_type3,track_type4,track_calendar,hr_clients,client1,client2,client3,client4,hr_leads,leads1,leads2,leads3,leads4,leads5,hr_invoices,invoice1,invoice2,invoice3,invoice4,invoice5,invoice_payments,invoice_calendar,tax_type1,tax_type1,tax_type2,tax_type3,tax_type4,estimate1,estimate2,estimate3,estimate4,estimate5,estimate6,estimate7,estimates_calendar,hr_events,hr_event1,hr_event1,hr_event2,hr_event3,hr_event4,events_calendar,hr_conference,conference1,conference1,conference2,conference3,conference4,conference_calendar,hr_holidays,holiday1,holiday1,holiday2,holiday3,holiday4,holidays_calendar,hr_visitors,visitor1,visitor2,visitor3,visitor4,hr_files,file1,file1,file2,file3,file4,officialfile1,officialfile1,officialfile2,officialfile3,officialfile4,todo_ist,system_calendar,system_reports,system_import,forms_builder', '22-01-2023 09:27:38'),
(29, 133, 'موظف', '2', '0,attendance,hr_helpdesk,helpdesk1,helpdesk2,helpdesk3,helpdesk4,helpdesk5,helpdesk6,helpdesk7,helpdesk8,hr_training,training1,training2,training3,training4,training6,training5,training7,trainer1,trainer1,trainer2,trainer3,trainer4,training_skill1,training_skill1,training_skill2,training_skill3,training_skill4,training_calendar,hr_assets,asset1,asset1,asset2,asset3,asset4,asset_cat1,asset_cat1,asset_cat2,asset_cat3,asset_cat4,asset_brand1,asset_brand1,asset_brand2,asset_brand3,asset_brand4,hr_incidents,incident1,incident1,incident2,incident3,incident4,incident_type1,incident_type1,incident_type2,incident_type3,incident_type4,hr_awards,award1,award1,award2,award3,award4,award_type1,award_type1,award_type2,award_type3,award_type4,hr_travel,travel1,travel1,travel2,travel3,travel4,travel5,travel_type1,travel_type1,travel_type2,travel_type3,travel_type4,travel_calendar,leave2,leave3,leave4,leave6,leave_calendar,hr_complaints,complaint1,complaint2,complaint3,complaint4,hr_resignations,resignation1,resignation2,resignation3,resignation4,hr_disciplinary,disciplinary1,disciplinary1,disciplinary2,disciplinary3,disciplinary5,case_type1,case_type1,case_type2,case_type3,case_type4,hr_transfers,transfers1,transfers2,transfers3,transfers4,hr_polls,polls1,polls2,polls3,polls4,hr_suggestions,suggestions1,suggestions2,suggestions3,suggestions4', '22-01-2023 09:29:39'),
(30, 145, 'Managment ', '2', '0,hr_projects,project1,project1,project2,project3,project4,project5,project6,project7,project8,project9,project10,project11,projects_calendar,projects_sboard,hr_tasks,task1,task1,task2,task3,task4,task5,task6,task7,task8,tasks_calendar,tasks_sboard,hr_helpdesk,helpdesk1,helpdesk2,helpdesk3,helpdesk4,helpdesk5,helpdesk6,helpdesk7,helpdesk8,hr_training,training1,training2,training3,training4,training6,training5,training7,trainer1,trainer1,trainer2,trainer3,trainer4,training_skill1,training_skill1,training_skill2,training_skill3,training_skill4,training_calendar,hr_assets,asset1,asset1,asset2,asset3,asset4,asset_cat1,asset_cat1,asset_cat2,asset_cat3,asset_cat4,asset_brand1,asset_brand1,asset_brand2,asset_brand3,asset_brand4,hr_complaints,complaint1,complaint2,complaint3,complaint4,hr_resignations,resignation1,resignation2,resignation3,resignation4,hr_disciplinary,disciplinary1,disciplinary1,disciplinary2,disciplinary3,disciplinary5,case_type1,case_type1,case_type2,case_type3,case_type4,hr_transfers,transfers1,transfers2,transfers3,transfers4,hr_polls,polls1,polls2,polls3,polls4,hr_suggestions,suggestions1,suggestions2,suggestions3,suggestions4,hr_inventory_control,warehouse1,warehouse1,warehouse2,warehouse3,warehouse4,product1,product1,product2,product3,product4,out_of_stock,expired_product,product_category1,product_category1,product_category2,product_category3,product_category4,supplier1,supplier1,supplier2,supplier3,supplier4,purchases1,purchases1,purchases2,purchases3,purchases4,purchases5,sales_order1,sales_order1,sales_order2,sales_order3,sales_order4,quote_order1,quote_order1,quote_order2,quote_order3,quote_order4,paid_orders,unpaid_orders,packed_orders,delivered_orders,cancelled_orders,hr_staff,staff2,staff2,staff3,staff4,staff5,shift1,shift1,shift2,shift3,shift4,staffexit1,staffexit1,staffexit2,staffexit3,staffexit4,exit_type1,exit_type1,exit_type2,exit_type3,exit_type4,hr_profile,hr_basic_info,hr_personal_info,hr_picture,account_info,hr_documents,change_password,hr_ats,ats2,ats2,ats3,ats4,ats5,candidate,interview,promotion,core_hr,news1,news1,news2,news3,news4,department1,department1,department2,department3,department4,designation1,designation1,designation2,designation3,designation4,policy1,policy1,policy2,policy3,policy4,policy5,org_chart,hr_talent,indicator1,indicator1,indicator2,indicator3,indicator4,appraisal1,appraisal1,appraisal2,appraisal3,appraisal4,competency1,competency1,competency2,competency3,competency4,tracking1,tracking1,tracking2,tracking3,tracking4,tracking5,track_type1,track_type1,track_type2,track_type3,track_type4,track_calendar,hr_clients,client1,client2,client3,client4,hr_leads,leads1,leads2,leads3,leads4,leads5,hr_invoices,invoice1,invoice2,invoice3,invoice4,invoice5,invoice_payments,invoice_calendar,tax_type1,tax_type1,tax_type2,tax_type3,tax_type4,estimate1,estimate2,estimate3,estimate4,estimate5,estimate6,estimate7,estimates_calendar,hr_events,hr_event1,hr_event1,hr_event2,hr_event3,hr_event4,events_calendar,hr_conference,conference1,conference1,conference2,conference3,conference4,conference_calendar,hr_holidays,holiday1,holiday1,holiday2,holiday3,holiday4,holidays_calendar,hr_visitors,visitor1,visitor2,visitor3,visitor4,hr_files,file1,file1,file2,file3,file4,officialfile1,officialfile1,officialfile2,officialfile3,officialfile4,todo_ist,system_calendar,system_reports,forms_builder', '03-02-2023 05:44:56'),
(31, 53, 'صلاحية المدير العام', '1', '0,attendance,hr_projects,project1,project1,project2,project3,project4,project5,project6,project7,project8,project9,project10,project11,projects_calendar,projects_sboard,hr_tasks,task1,task1,task2,task3,task4,task5,task6,task7,task8,tasks_calendar,tasks_sboard,hr_payroll,pay1,pay1,pay2,pay3,pay_history,hradvance_salary,advance_salary1,advance_salary2,advance_salary3,advance_salary4,hrloan,loan1,loan2,loan3,loan4,hr_helpdesk,helpdesk1,helpdesk2,helpdesk3,helpdesk4,helpdesk5,helpdesk6,helpdesk7,helpdesk8,hr_training,training1,training2,training3,training4,training6,training5,training7,trainer1,trainer1,trainer2,trainer3,trainer4,training_skill1,training_skill1,training_skill2,training_skill3,training_skill4,training_calendar,hr_assets,asset1,asset1,asset2,asset3,asset4,asset_cat1,asset_cat1,asset_cat2,asset_cat3,asset_cat4,asset_brand1,asset_brand1,asset_brand2,asset_brand3,asset_brand4,hr_incidents,incident1,incident1,incident2,incident3,incident4,incident_type1,incident_type1,incident_type2,incident_type3,incident_type4,hr_awards,award1,award1,award2,award3,award4,award_type1,award_type1,award_type2,award_type3,award_type4,hr_travel,travel1,travel1,travel2,travel3,travel4,travel5,travel_type1,travel_type1,travel_type2,travel_type3,travel_type4,travel_calendar,hr_leave,leave1,leave2,leave3,leave4,leave6,leave7,leave_calendar,leave_adjustment,leave_adjustment,leave_adjustment1,leave_adjustment2,leave_adjustment3,leave_adjustment4,leave_type1,leave_type1,leave_type2,leave_type3,leave_type4,overtime_req1,overtime_req1,overtime_req2,overtime_req3,overtime_req4,hr_complaints,complaint1,complaint2,complaint3,complaint4,hr_resignations,resignation1,resignation2,resignation3,resignation4,hr_disciplinary,disciplinary1,disciplinary1,disciplinary2,disciplinary3,disciplinary5,case_type1,case_type1,case_type2,case_type3,case_type4,hr_transfers,transfers1,transfers2,transfers3,transfers4,hr_polls,polls1,polls2,polls3,polls4,hr_suggestions,suggestions1,suggestions2,suggestions3,suggestions4,hr_inventory_control,warehouse1,warehouse1,warehouse2,warehouse3,warehouse4,product1,product1,product2,product3,product4,out_of_stock,expired_product,product_category1,product_category1,product_category2,product_category3,product_category4,supplier1,supplier1,supplier2,supplier3,supplier4,purchases1,purchases1,purchases2,purchases3,purchases4,purchases5,sales_order1,sales_order1,sales_order2,sales_order3,sales_order4,quote_order1,quote_order1,quote_order2,quote_order3,quote_order4,paid_orders,unpaid_orders,packed_orders,delivered_orders,cancelled_orders,hr_staff,staff2,staff2,staff3,staff4,staff5,shift1,shift1,shift2,shift3,shift4,staffexit1,staffexit1,staffexit2,staffexit3,staffexit4,exit_type1,exit_type1,exit_type2,exit_type3,exit_type4,hr_profile,hr_basic_info,hr_personal_info,hr_picture,account_info,hr_documents,change_password,hr_ats,ats2,ats2,ats3,ats4,ats5,candidate,interview,promotion,core_hr,news1,news1,news2,news3,news4,department1,department1,department2,department3,department4,designation1,designation1,designation2,designation3,designation4,policy1,policy1,policy2,policy3,policy4,policy5,org_chart,timesheet,upattendance1,upattendance1,upattendance2,upattendance3,upattendance4,monthly_time,hr_finance,accounts1,accounts1,accounts2,accounts3,accounts4,deposit1,deposit1,deposit2,deposit3,deposit4,expense1,expense1,expense2,expense3,expense4,transaction1,dep_cat1,dep_cat1,dep_cat2,dep_cat3,dep_cat4,exp_cat1,exp_cat1,exp_cat2,exp_cat3,exp_cat4,hr_talent,indicator1,indicator1,indicator2,indicator3,indicator4,appraisal1,appraisal1,appraisal2,appraisal3,appraisal4,competency1,competency1,competency2,competency3,competency4,tracking1,tracking1,tracking2,tracking3,tracking4,tracking5,track_type1,track_type1,track_type2,track_type3,track_type4,track_calendar,hr_clients,client1,client2,client3,client4,hr_leads,leads1,leads2,leads3,leads4,leads5,hr_invoices,invoice1,invoice2,invoice3,invoice4,invoice5,invoice_payments,invoice_calendar,tax_type1,tax_type1,tax_type2,tax_type3,tax_type4,estimate1,estimate2,estimate3,estimate4,estimate5,estimate6,estimate7,estimates_calendar,hr_events,hr_event1,hr_event1,hr_event2,hr_event3,hr_event4,events_calendar,hr_conference,conference1,conference1,conference2,conference3,conference4,conference_calendar,hr_holidays,holiday1,holiday1,holiday2,holiday3,holiday4,holidays_calendar,hr_visitors,visitor1,visitor2,visitor3,visitor4,hr_files,file1,file1,file2,file3,file4,officialfile1,officialfile1,officialfile2,officialfile3,officialfile4,todo_ist,system_calendar,system_reports,system_import,forms_builder', '14-02-2023 11:17:25'),
(32, 53, 'صلاحيات ادارة الأقسام', '1', '0,attendance,hr_projects,project1,project1,project2,project3,project4,project5,project6,project7,project8,project9,project10,project11,projects_calendar,projects_sboard,hr_tasks,task1,task1,task2,task3,task4,task5,task6,task7,task8,tasks_calendar,tasks_sboard,hr_payroll,pay1,pay1,pay2,pay3,pay_history,hradvance_salary,advance_salary1,advance_salary2,advance_salary3,advance_salary4,hrloan,loan1,loan2,loan3,loan4,hr_helpdesk,helpdesk1,helpdesk2,helpdesk3,helpdesk4,helpdesk5,helpdesk6,helpdesk7,helpdesk8,hr_training,training1,training2,training3,training4,training6,training5,training7,trainer1,trainer1,trainer2,trainer3,trainer4,training_skill1,training_skill1,training_skill2,training_skill3,training_skill4,training_calendar,hr_assets,asset1,asset1,asset2,asset3,asset4,asset_cat1,asset_cat1,asset_cat2,asset_cat3,asset_cat4,asset_brand1,asset_brand1,asset_brand2,asset_brand3,asset_brand4,hr_incidents,incident1,incident1,incident2,incident3,incident4,incident_type1,incident_type1,incident_type2,incident_type3,incident_type4,hr_awards,award1,award1,award2,award3,award4,award_type1,award_type1,award_type2,award_type3,award_type4,hr_travel,travel1,travel1,travel2,travel3,travel4,travel5,travel_type1,travel_type1,travel_type2,travel_type3,travel_type4,travel_calendar,hr_leave,leave1,leave2,leave3,leave4,leave6,leave7,leave_calendar,leave_adjustment,leave_adjustment,leave_adjustment1,leave_adjustment2,leave_adjustment3,leave_adjustment4,leave_type1,leave_type1,leave_type2,leave_type3,leave_type4,overtime_req1,overtime_req1,overtime_req2,overtime_req3,overtime_req4,hr_complaints,complaint1,complaint2,complaint3,complaint4,hr_resignations,resignation1,resignation2,resignation3,resignation4,hr_disciplinary,disciplinary1,disciplinary1,disciplinary2,disciplinary3,disciplinary5,case_type1,case_type1,case_type2,case_type3,case_type4,hr_transfers,transfers1,transfers2,transfers3,transfers4,hr_polls,polls1,polls2,polls3,polls4,hr_suggestions,suggestions1,suggestions2,suggestions3,suggestions4,hr_inventory_control,warehouse1,warehouse1,warehouse2,warehouse3,warehouse4,product1,product1,product2,product3,product4,out_of_stock,expired_product,product_category1,product_category1,product_category2,product_category3,product_category4,supplier1,supplier1,supplier2,supplier3,supplier4,purchases1,purchases1,purchases2,purchases3,purchases4,purchases5,sales_order1,sales_order1,sales_order2,sales_order3,sales_order4,quote_order1,quote_order1,quote_order2,quote_order3,quote_order4,paid_orders,unpaid_orders,packed_orders,delivered_orders,cancelled_orders,hr_staff,staff2,staff2,staff3,staff4,staff5,shift1,shift1,shift2,shift3,shift4,staffexit1,staffexit1,staffexit2,staffexit3,staffexit4,exit_type1,exit_type1,exit_type2,exit_type3,exit_type4,hr_profile,hr_basic_info,hr_personal_info,hr_picture,account_info,hr_documents,change_password,hr_ats,ats2,ats2,ats3,ats4,ats5,candidate,interview,promotion,core_hr,news1,news1,news2,news3,news4,department1,department1,department2,department3,department4,designation1,designation1,designation2,designation3,designation4,policy1,policy1,policy2,policy3,policy4,policy5,org_chart,timesheet,upattendance1,upattendance1,upattendance2,upattendance3,upattendance4,monthly_time,hr_finance,accounts1,accounts1,accounts2,accounts3,accounts4,deposit1,deposit1,deposit2,deposit3,deposit4,expense1,expense1,expense2,expense3,expense4,transaction1,dep_cat1,dep_cat1,dep_cat2,dep_cat3,dep_cat4,exp_cat1,exp_cat1,exp_cat2,exp_cat3,exp_cat4,hr_talent,indicator1,indicator1,indicator2,indicator3,indicator4,appraisal1,appraisal1,appraisal2,appraisal3,appraisal4,competency1,competency1,competency2,competency3,competency4,tracking1,tracking1,tracking2,tracking3,tracking4,tracking5,track_type1,track_type1,track_type2,track_type3,track_type4,track_calendar,hr_clients,client1,client2,client3,client4,hr_leads,leads1,leads2,leads3,leads4,leads5,hr_invoices,invoice1,invoice2,invoice3,invoice4,invoice5,invoice_payments,invoice_calendar,tax_type1,tax_type1,tax_type2,tax_type3,tax_type4,estimate1,estimate2,estimate3,estimate4,estimate5,estimate6,estimate7,estimates_calendar,hr_events,hr_event1,hr_event1,hr_event2,hr_event3,hr_event4,events_calendar,hr_conference,conference1,conference1,conference2,conference3,conference4,conference_calendar,hr_holidays,holiday1,holiday1,holiday2,holiday3,holiday4,holidays_calendar,hr_visitors,visitor1,visitor2,visitor3,visitor4,hr_files,file1,file1,file2,file3,file4,officialfile1,officialfile1,officialfile2,officialfile3,officialfile4,todo_ist,system_calendar,system_reports,system_import,forms_builder', '14-02-2023 11:29:48');
INSERT INTO `ci_staff_roles` (`role_id`, `company_id`, `role_name`, `role_access`, `role_resources`, `created_at`) VALUES
(33, 142, 'ادارة الموارد البشرية', '1', '0,attendance,hr_projects,project1,project1,project2,project3,project4,project5,project6,project7,project8,project9,project10,project11,projects_calendar,projects_sboard,hr_tasks,task1,task1,task2,task3,task4,task5,task6,task7,task8,tasks_calendar,tasks_sboard,hr_payroll,pay1,pay1,pay2,pay3,pay_history,hradvance_salary,advance_salary1,advance_salary2,advance_salary3,advance_salary4,hrloan,loan1,loan2,loan3,loan4,hr_helpdesk,helpdesk1,helpdesk2,helpdesk3,helpdesk4,helpdesk5,helpdesk6,helpdesk7,helpdesk8,hr_training,training1,training2,training3,training4,training6,training5,training7,trainer1,trainer1,trainer2,trainer3,trainer4,training_skill1,training_skill1,training_skill2,training_skill3,training_skill4,training_calendar,hr_assets,asset1,asset1,asset2,asset3,asset4,asset_cat1,asset_cat1,asset_cat2,asset_cat3,asset_cat4,asset_brand1,asset_brand1,asset_brand2,asset_brand3,asset_brand4,hr_incidents,incident1,incident1,incident2,incident3,incident4,incident_type1,incident_type1,incident_type2,incident_type3,incident_type4,hr_awards,award1,award1,award2,award3,award4,award_type1,award_type1,award_type2,award_type3,award_type4,hr_travel,travel1,travel1,travel2,travel3,travel4,travel5,travel_type1,travel_type1,travel_type2,travel_type3,travel_type4,travel_calendar,hr_leave,leave1,leave2,leave3,leave4,leave6,leave7,leave_calendar,leave_adjustment,leave_adjustment,leave_adjustment1,leave_adjustment2,leave_adjustment3,leave_adjustment4,leave_type1,leave_type1,leave_type2,leave_type3,leave_type4,overtime_req1,overtime_req1,overtime_req2,overtime_req3,overtime_req4,hr_complaints,complaint1,complaint2,complaint3,complaint4,hr_resignations,resignation1,resignation2,resignation3,resignation4,hr_disciplinary,disciplinary1,disciplinary1,disciplinary2,disciplinary3,disciplinary5,case_type1,case_type1,case_type2,case_type3,case_type4,hr_transfers,transfers1,transfers2,transfers3,transfers4,hr_polls,polls1,polls2,polls3,polls4,hr_suggestions,suggestions1,suggestions2,suggestions3,suggestions4,hr_inventory_control,warehouse1,warehouse1,warehouse2,warehouse3,warehouse4,product1,product1,product2,product3,product4,out_of_stock,expired_product,product_category1,product_category1,product_category2,product_category3,product_category4,supplier1,supplier1,supplier2,supplier3,supplier4,purchases1,purchases1,purchases2,purchases3,purchases4,purchases5,sales_order1,sales_order1,sales_order2,sales_order3,sales_order4,quote_order1,quote_order1,quote_order2,quote_order3,quote_order4,paid_orders,unpaid_orders,packed_orders,delivered_orders,cancelled_orders,hr_staff,staff2,staff2,staff3,staff4,staff5,shift1,shift1,shift2,shift3,shift4,staffexit1,staffexit1,staffexit2,staffexit3,staffexit4,exit_type1,exit_type1,exit_type2,exit_type3,exit_type4,hr_profile,hr_basic_info,hr_personal_info,hr_picture,account_info,hr_documents,change_password,hr_ats,ats2,ats2,ats3,ats4,ats5,candidate,interview,promotion,core_hr,news1,news1,news2,news3,news4,department1,department1,department2,department3,department4,designation1,designation1,designation2,designation3,designation4,policy1,policy1,policy2,policy3,policy4,policy5,org_chart,timesheet,upattendance1,upattendance1,upattendance2,upattendance3,upattendance4,monthly_time,hr_finance,accounts1,accounts1,accounts2,accounts3,accounts4,deposit1,deposit1,deposit2,deposit3,deposit4,expense1,expense1,expense2,expense3,expense4,transaction1,dep_cat1,dep_cat1,dep_cat2,dep_cat3,dep_cat4,exp_cat1,exp_cat1,exp_cat2,exp_cat3,exp_cat4,hr_talent,indicator1,indicator1,indicator2,indicator3,indicator4,appraisal1,appraisal1,appraisal2,appraisal3,appraisal4,competency1,competency1,competency2,competency3,competency4,tracking1,tracking1,tracking2,tracking3,tracking4,tracking5,track_type1,track_type1,track_type2,track_type3,track_type4,track_calendar,hr_clients,client1,client2,client3,client4,hr_leads,leads1,leads2,leads3,leads4,leads5,hr_invoices,invoice1,invoice2,invoice3,invoice4,invoice5,invoice_payments,invoice_calendar,tax_type1,tax_type1,tax_type2,tax_type3,tax_type4,estimate1,estimate2,estimate3,estimate4,estimate5,estimate6,estimate7,estimates_calendar,hr_events,hr_event1,hr_event1,hr_event2,hr_event3,hr_event4,events_calendar,hr_conference,conference1,conference1,conference2,conference3,conference4,conference_calendar,hr_holidays,holiday1,holiday1,holiday2,holiday3,holiday4,holidays_calendar,hr_visitors,visitor1,visitor2,visitor3,visitor4,hr_files,file1,file1,file2,file3,file4,officialfile1,officialfile1,officialfile2,officialfile3,officialfile4,todo_ist,system_calendar,system_reports,system_import,forms_builder', '09-03-2023 03:08:22'),
(34, 142, 'موظف', '2', '0,attendance,hr_tasks,task1,task1,task2,task3,task4,task5,task6,task7,task8,tasks_calendar,tasks_sboard,advance_salary1,advance_salary2,loan1,loan2,helpdesk1,helpdesk2,helpdesk4,helpdesk7,helpdesk8,training2,training7,trainer1,training_skill1,training_calendar,asset1,travel1,travel2,travel5,leave2,leave3,overtime_req1,overtime_req2,complaint1,complaint2,resignation1,resignation2,disciplinary1,disciplinary2,suggestions1,suggestions2,change_password,hr_event1,conference1,conference_calendar,todo_ist', '09-03-2023 03:13:52'),
(35, 348, 'المدراء', '1', '0,attendance,hr_projects,project1,project1,project2,project3,project4,project5,project6,project7,project8,project9,project10,project11,projects_calendar,projects_sboard,hr_tasks,task1,task1,task2,task3,task4,task5,task6,task7,task8,tasks_calendar,tasks_sboard,hr_payroll,pay1,pay1,pay2,pay3,pay_history,hradvance_salary,advance_salary1,advance_salary2,advance_salary3,advance_salary4,hrloan,loan1,loan2,loan3,loan4,hr_helpdesk,helpdesk1,helpdesk2,helpdesk3,helpdesk4,helpdesk5,helpdesk6,helpdesk7,helpdesk8,hr_training,training1,training2,training3,training4,training6,training5,training7,trainer1,trainer1,trainer2,trainer3,trainer4,training_skill1,training_skill1,training_skill2,training_skill3,training_skill4,training_calendar,hr_assets,asset1,asset1,asset2,asset3,asset4,asset_cat1,asset_cat1,asset_cat2,asset_cat3,asset_cat4,asset_brand1,asset_brand1,asset_brand2,asset_brand3,asset_brand4,hr_incidents,incident1,incident1,incident2,incident3,incident4,incident_type1,incident_type1,incident_type2,incident_type3,incident_type4,hr_awards,award1,award1,award2,award3,award4,award_type1,award_type1,award_type2,award_type3,award_type4,hr_travel,travel1,travel1,travel2,travel3,travel4,travel5,travel_type1,travel_type1,travel_type2,travel_type3,travel_type4,travel_calendar,hr_leave,leave1,leave2,leave3,leave4,leave6,leave7,leave_calendar,leave_adjustment,leave_adjustment,leave_adjustment1,leave_adjustment2,leave_adjustment3,leave_adjustment4,leave_type1,leave_type1,leave_type2,leave_type3,leave_type4,overtime_req1,overtime_req1,overtime_req2,overtime_req3,overtime_req4,hr_complaints,complaint1,complaint2,complaint3,complaint4,hr_resignations,resignation1,resignation2,resignation3,resignation4,hr_disciplinary,disciplinary1,disciplinary1,disciplinary2,disciplinary3,disciplinary5,case_type1,case_type1,case_type2,case_type3,case_type4,hr_transfers,transfers1,transfers2,transfers3,transfers4,hr_polls,polls1,polls2,polls3,polls4,hr_suggestions,suggestions1,suggestions2,suggestions3,suggestions4,hr_inventory_control,warehouse1,warehouse1,warehouse2,warehouse3,warehouse4,product1,product1,product2,product3,product4,out_of_stock,expired_product,product_category1,product_category1,product_category2,product_category3,product_category4,supplier1,supplier1,supplier2,supplier3,supplier4,purchases1,purchases1,purchases2,purchases3,purchases4,purchases5,sales_order1,sales_order1,sales_order2,sales_order3,sales_order4,quote_order1,quote_order1,quote_order2,quote_order3,quote_order4,paid_orders,unpaid_orders,packed_orders,delivered_orders,cancelled_orders,hr_staff,staff2,staff2,staff3,staff4,staff5,shift1,shift1,shift2,shift3,shift4,staffexit1,staffexit1,staffexit2,staffexit3,staffexit4,exit_type1,exit_type1,exit_type2,exit_type3,exit_type4,hr_profile,hr_basic_info,hr_personal_info,hr_picture,account_info,hr_documents,change_password,hr_ats,ats2,ats2,ats3,ats4,ats5,candidate,interview,promotion,core_hr,news1,news1,news2,news3,news4,department1,department1,department2,department3,department4,designation1,designation1,designation2,designation3,designation4,policy1,policy1,policy2,policy3,policy4,policy5,org_chart,timesheet,upattendance1,upattendance1,upattendance2,upattendance3,upattendance4,monthly_time,hr_finance,accounts1,accounts1,accounts2,accounts3,accounts4,deposit1,deposit1,deposit2,deposit3,deposit4,expense1,expense1,expense2,expense3,expense4,transaction1,dep_cat1,dep_cat1,dep_cat2,dep_cat3,dep_cat4,exp_cat1,exp_cat1,exp_cat2,exp_cat3,exp_cat4,hr_talent,indicator1,indicator1,indicator2,indicator3,indicator4,appraisal1,appraisal1,appraisal2,appraisal3,appraisal4,competency1,competency1,competency2,competency3,competency4,tracking1,tracking1,tracking2,tracking3,tracking4,tracking5,track_type1,track_type1,track_type2,track_type3,track_type4,track_calendar,hr_clients,client1,client2,client3,client4,hr_leads,leads1,leads2,leads3,leads4,leads5,hr_invoices,invoice1,invoice2,invoice3,invoice4,invoice5,invoice_payments,invoice_calendar,tax_type1,tax_type1,tax_type2,tax_type3,tax_type4,estimate1,estimate2,estimate3,estimate4,estimate5,estimate6,estimate7,estimates_calendar,hr_events,hr_event1,hr_event1,hr_event2,hr_event3,hr_event4,events_calendar,hr_conference,conference1,conference1,conference2,conference3,conference4,conference_calendar,hr_holidays,holiday1,holiday1,holiday2,holiday3,holiday4,holidays_calendar,hr_visitors,visitor1,visitor2,visitor3,visitor4,hr_files,file1,file1,file2,file3,file4,officialfile1,officialfile1,officialfile2,officialfile3,officialfile4,todo_ist,system_calendar,system_reports,system_import,forms_builder', '27-04-2023 10:35:25'),
(36, 348, 'الموظفين', '2', '0,attendance,leave2,leave3,leave4,leave_calendar,complaint1,complaint2,complaint3', '27-04-2023 10:36:45'),
(37, 142, 'الوصول للاشعارات', '2', '0,attendance,hr_tasks,task1,task1,task2,task3,task4,task5,task6,task7,task8,tasks_calendar,tasks_sboard,advance_salary2,hrloan,loan1,loan2,loan3,loan4,helpdesk7,training2,training5,trainer1,training_skill1,training_skill2,training_calendar,asset1,asset2,incident1,incident2,incident_type1,incident_type2,award1,award2,award_type2,travel1,travel2,travel_type1,travel_calendar,leave2,leave3,leave7,leave_calendar,leave_adjustment,leave_adjustment1,leave_adjustment4,leave_type1,leave_type2,overtime_req1,overtime_req2,complaint1,complaint2,resignation1,resignation2,disciplinary1,disciplinary2,case_type1,case_type2,transfers1,transfers2,polls1,polls2,suggestions1,warehouse1,product1,out_of_stock,expired_product,product_category1,purchases1,purchases2,hr_staff,staff2,staff2,staff3,staff4,staff5,shift1,shift1,shift2,shift3,shift4,staffexit1,staffexit1,staffexit2,staffexit3,staffexit4,exit_type1,exit_type1,exit_type2,exit_type3,exit_type4,hr_profile,hr_basic_info,hr_personal_info,hr_picture,account_info,hr_documents,change_password,hr_ats,ats2,ats2,ats3,ats4,ats5,candidate,interview,promotion,core_hr,news1,news1,news2,news3,news4,department1,department1,department2,department3,department4,designation1,designation1,designation2,designation3,designation4,policy1,policy1,policy2,policy3,policy4,policy5,org_chart,timesheet,upattendance1,upattendance1,upattendance2,upattendance3,upattendance4,monthly_time,hr_finance,accounts1,accounts1,accounts2,accounts3,accounts4,deposit1,deposit1,deposit2,deposit3,deposit4,expense1,expense1,expense2,expense3,expense4,transaction1,dep_cat1,dep_cat1,dep_cat2,dep_cat3,dep_cat4,exp_cat1,exp_cat1,exp_cat2,exp_cat3,exp_cat4,hr_talent,indicator1,indicator1,indicator2,indicator3,indicator4,appraisal1,appraisal1,appraisal2,appraisal3,appraisal4,competency1,competency1,competency2,competency3,competency4,tracking1,tracking1,tracking2,tracking3,tracking4,tracking5,track_type1,track_type1,track_type2,track_type3,track_type4,track_calendar,hr_clients,client1,client2,client3,client4,hr_leads,leads1,leads2,leads3,leads4,leads5,hr_invoices,invoice1,invoice2,invoice3,invoice4,invoice5,invoice_payments,invoice_calendar,tax_type1,tax_type1,tax_type2,tax_type3,tax_type4,estimate1,estimate2,estimate3,estimate4,estimate5,estimate6,estimate7,estimates_calendar,hr_events,hr_event1,hr_event1,hr_event2,hr_event3,hr_event4,events_calendar,hr_conference,conference1,conference1,conference2,conference3,conference4,conference_calendar,hr_holidays,holiday1,holiday1,holiday2,holiday3,holiday4,holidays_calendar,hr_visitors,visitor1,visitor2,visitor3,visitor4,hr_files,file1,file1,file2,file3,file4,officialfile1,officialfile1,officialfile2,officialfile3,officialfile4,todo_ist,system_calendar,system_reports,system_import,forms_builder', '02-05-2023 02:21:42'),
(38, 713, 'ادارة المبيعات', '1', '0,attendance,hr_projects,project1,project1,project2,project3,project4,project5,project6,project7,project8,project9,project10,project11,projects_calendar,projects_sboard,hr_tasks,task1,task1,task2,task3,task4,task5,task6,task7,task8,tasks_calendar,tasks_sboard,hr_payroll,pay1,pay1,pay2,pay3,pay_history,hradvance_salary,advance_salary1,advance_salary2,advance_salary3,advance_salary4,hrloan,loan1,loan2,loan3,loan4,hr_helpdesk,helpdesk1,helpdesk2,helpdesk3,helpdesk4,helpdesk5,helpdesk6,helpdesk7,helpdesk8,hr_training,training1,training2,training3,training4,training6,training5,training7,trainer1,trainer1,trainer2,trainer3,trainer4,training_skill1,training_skill1,training_skill2,training_skill3,training_skill4,training_calendar,hr_assets,asset1,asset1,asset2,asset3,asset4,asset_cat1,asset_cat1,asset_cat2,asset_cat3,asset_cat4,asset_brand1,asset_brand1,asset_brand2,asset_brand3,asset_brand4,hr_incidents,incident1,incident1,incident2,incident3,incident4,incident_type1,incident_type1,incident_type2,incident_type3,incident_type4,hr_awards,award1,award1,award2,award3,award4,award_type1,award_type1,award_type2,award_type3,award_type4,hr_travel,travel1,travel1,travel2,travel3,travel4,travel5,travel_type1,travel_type1,travel_type2,travel_type3,travel_type4,travel_calendar,hr_leave,leave1,leave2,leave3,leave4,leave6,leave7,leave_calendar,leave_adjustment,leave_adjustment,leave_adjustment1,leave_adjustment2,leave_adjustment3,leave_adjustment4,leave_type1,leave_type1,leave_type2,leave_type3,leave_type4,overtime_req1,overtime_req1,overtime_req2,overtime_req3,overtime_req4,hr_complaints,complaint1,complaint2,complaint3,complaint4,hr_resignations,resignation1,resignation2,resignation3,resignation4,hr_disciplinary,disciplinary1,disciplinary1,disciplinary2,disciplinary3,disciplinary5,case_type1,case_type1,case_type2,case_type3,case_type4,hr_transfers,transfers1,transfers2,transfers3,transfers4,hr_polls,polls1,polls2,polls3,polls4,hr_suggestions,suggestions1,suggestions2,suggestions3,suggestions4,hr_inventory_control,warehouse1,warehouse1,warehouse2,warehouse3,warehouse4,product1,product1,product2,product3,product4,out_of_stock,expired_product,product_category1,product_category1,product_category2,product_category3,product_category4,supplier1,supplier1,supplier2,supplier3,supplier4,purchases1,purchases1,purchases2,purchases3,purchases4,purchases5,sales_order1,sales_order1,sales_order2,sales_order3,sales_order4,quote_order1,quote_order1,quote_order2,quote_order3,quote_order4,paid_orders,unpaid_orders,packed_orders,delivered_orders,cancelled_orders,hr_staff,staff2,staff2,staff3,staff4,staff5,shift1,shift1,shift2,shift3,shift4,staffexit1,staffexit1,staffexit2,staffexit3,staffexit4,exit_type1,exit_type1,exit_type2,exit_type3,exit_type4,hr_profile,hr_basic_info,hr_personal_info,hr_picture,account_info,hr_documents,change_password,hr_ats,ats2,ats2,ats3,ats4,ats5,candidate,interview,promotion,core_hr,news1,news1,news2,news3,news4,department1,department1,department2,department3,department4,designation1,designation1,designation2,designation3,designation4,policy1,policy1,policy2,policy3,policy4,policy5,org_chart,timesheet,upattendance1,upattendance1,upattendance2,upattendance3,upattendance4,monthly_time,hr_finance,accounts1,accounts1,accounts2,accounts3,accounts4,deposit1,deposit1,deposit2,deposit3,deposit4,expense1,expense1,expense2,expense3,expense4,transaction1,dep_cat1,dep_cat1,dep_cat2,dep_cat3,dep_cat4,exp_cat1,exp_cat1,exp_cat2,exp_cat3,exp_cat4,hr_talent,indicator1,indicator1,indicator2,indicator3,indicator4,appraisal1,appraisal1,appraisal2,appraisal3,appraisal4,competency1,competency1,competency2,competency3,competency4,tracking1,tracking1,tracking2,tracking3,tracking4,tracking5,track_type1,track_type1,track_type2,track_type3,track_type4,track_calendar,hr_clients,client1,client2,client3,client4,hr_leads,leads1,leads2,leads3,leads4,leads5,hr_invoices,invoice1,invoice2,invoice3,invoice4,invoice5,invoice_payments,invoice_calendar,tax_type1,tax_type1,tax_type2,tax_type3,tax_type4,estimate1,estimate2,estimate3,estimate4,estimate5,estimate6,estimate7,estimates_calendar,hr_events,hr_event1,hr_event1,hr_event2,hr_event3,hr_event4,events_calendar,hr_conference,conference1,conference1,conference2,conference3,conference4,conference_calendar,hr_holidays,holiday1,holiday1,holiday2,holiday3,holiday4,holidays_calendar,hr_visitors,visitor1,visitor2,visitor3,visitor4,hr_files,file1,file1,file2,file3,file4,officialfile1,officialfile1,officialfile2,officialfile3,officialfile4,todo_ist,system_calendar,system_reports,system_import,forms_builder', '10-11-2023 06:28:04'),
(39, 724, 'الاساسية', '1', '0,attendance,hr_projects,project1,project1,project2,project3,project4,project5,project6,project7,project8,project9,project10,project11,projects_calendar,projects_sboard,hr_tasks,task1,task1,task2,task3,task4,task5,task6,task7,task8,tasks_calendar,tasks_sboard,hr_payroll,pay1,pay1,payroll_approve_list,pay2,pay3,payroll_approve,payroll_approve_cancel,pay_history,hradvance_salary,advance_salary1,advance_salary2,advance_salary3,advance_salary4,hrloan,loan1,loan2,loan3,loan4,hr_allowances_and_deductions,allowances_and_deductions1,allowances_and_deductions2,allowances_and_deductions3,allowances_and_deductions4,hr_helpdesk,helpdesk1,helpdesk2,helpdesk3,helpdesk4,helpdesk5,helpdesk6,helpdesk7,helpdesk8,hr_training,training1,training2,training3,training4,training6,training5,training7,trainer1,trainer1,trainer2,trainer3,trainer4,training_skill1,training_skill1,training_skill2,training_skill3,training_skill4,training_calendar,hr_assets,asset1,asset1,asset2,asset3,asset4,asset_cat1,asset_cat1,asset_cat2,asset_cat3,asset_cat4,asset_brand1,asset_brand1,asset_brand2,asset_brand3,asset_brand4,hr_incidents,incident1,incident1,incident2,incident3,incident4,incident_type1,incident_type1,incident_type2,incident_type3,incident_type4,hr_awards,award1,award1,award2,award3,award4,award_type1,award_type1,award_type2,award_type3,award_type4,hr_travel,travel1,travel1,travel2,travel3,travel4,travel5,travel_type1,travel_type1,travel_type2,travel_type3,travel_type4,travel_calendar,hr_leave,leave1,leave2,leave3,leave4,leave6,leave7,leave_calendar,leave_adjustment,leave_adjustment,leave_adjustment1,leave_adjustment2,leave_adjustment3,leave_adjustment4,leave_type1,leave_type1,leave_type2,leave_type3,leave_type4,overtime_req1,overtime_req1,overtime_req2,overtime_req3,overtime_req4,hr_complaints,complaint1,complaint2,complaint3,complaint4,hr_resignations,resignation1,resignation2,resignation3,resignation4,hr_disciplinary,disciplinary1,disciplinary1,disciplinary2,disciplinary3,disciplinary5,case_type1,case_type1,case_type2,case_type3,case_type4,hr_transfers,transfers1,transfers2,transfers3,transfers4,hr_custody_clearance,custody_clearance1,custody_clearance2,custody_clearance3,custody_clearance4,custody_clearance5,hr_polls,polls1,polls2,polls3,polls4,hr_suggestions,suggestions1,suggestions2,suggestions3,suggestions4,hr_inventory_control,warehouse1,warehouse1,warehouse2,warehouse3,warehouse4,product1,product1,product2,product3,product4,out_of_stock,expired_product,product_category1,product_category1,product_category2,product_category3,product_category4,supplier1,supplier1,supplier2,supplier3,supplier4,purchases1,purchases1,purchases2,purchases3,purchases4,purchases5,sales_order1,sales_order1,sales_order2,sales_order3,sales_order4,quote_order1,quote_order1,quote_order2,quote_order3,quote_order4,paid_orders,unpaid_orders,packed_orders,delivered_orders,cancelled_orders,hr_staff,staff2,staff2,staff3,staff4,staff5,shift1,shift1,shift2,shift3,shift4,staffexit1,staffexit1,staffexit2,staffexit3,staffexit4,exit_type1,exit_type1,exit_type2,exit_type3,exit_type4,hr_profile,hr_basic_info,hr_personal_info,hr_picture,account_info,hr_documents,change_password,hr_ats,ats2,ats2,ats3,ats4,ats5,candidate,interview,promotion,promotion1,promotion2,promotion3,promotion4,core_hr,news1,news1,news2,news3,news4,department1,department1,department2,department3,department4,designation1,designation1,designation2,designation3,designation4,policy1,policy1,policy2,policy3,policy4,policy5,org_chart,timesheet,upattendance1,upattendance1,upattendance2,upattendance3,upattendance4,monthly_time,hr_finance,accounts1,accounts1,accounts2,accounts3,accounts4,deposit1,deposit1,deposit2,deposit3,deposit4,expense1,expense1,expense2,expense3,expense4,transaction1,dep_cat1,dep_cat1,dep_cat2,dep_cat3,dep_cat4,exp_cat1,exp_cat1,exp_cat2,exp_cat3,exp_cat4,hr_talent,indicator1,indicator1,indicator2,indicator3,indicator4,appraisal1,appraisal1,appraisal2,appraisal3,appraisal4,competency1,competency1,competency2,competency3,competency4,tracking1,tracking1,tracking2,tracking3,tracking4,tracking5,track_type1,track_type1,track_type2,track_type3,track_type4,track_calendar,hr_clients,client1,client2,client3,client4,hr_leads,leads1,leads2,leads3,leads4,leads5,hr_invoices,invoice1,invoice2,invoice3,invoice4,invoice5,invoice_payments,invoice_calendar,tax_type1,tax_type1,tax_type2,tax_type3,tax_type4,estimate1,estimate2,estimate3,estimate4,estimate5,estimate6,estimate7,estimates_calendar,hr_events,hr_event1,hr_event1,hr_event2,hr_event3,hr_event4,events_calendar,hr_conference,conference1,conference1,conference2,conference3,conference4,conference_calendar,hr_holidays,holiday1,holiday1,holiday2,holiday3,holiday4,holidays_calendar,hr_visitors,visitor1,visitor2,visitor3,visitor4,hr_files,file1,file1,file2,file3,file4,officialfile1,officialfile1,officialfile2,officialfile3,officialfile4,todo_ist,system_calendar,system_reports,system_import,forms_builder', '25-10-2025 06:08:10'),
(40, 723, 'المطلقة', '1', '0,attendance,hr_projects,project1,project1,project2,project3,project4,project5,project6,project7,project8,project9,project10,project11,projects_calendar,projects_sboard,hr_tasks,task1,task1,task2,task3,task4,task5,task6,task7,task8,tasks_calendar,tasks_sboard,hr_payroll,pay1,pay1,pay2,pay3,pay_history,hradvance_salary,advance_salary1,advance_salary2,advance_salary3,advance_salary4,hrloan,loan1,loan2,loan3,loan4,hr_helpdesk,helpdesk1,helpdesk2,helpdesk3,helpdesk4,helpdesk5,helpdesk6,helpdesk7,helpdesk8,hr_training,training1,training2,training3,training4,training6,training5,training7,trainer1,trainer1,trainer2,trainer3,trainer4,training_skill1,training_skill1,training_skill2,training_skill3,training_skill4,training_calendar,hr_assets,asset1,asset1,asset2,asset3,asset4,asset_cat1,asset_cat1,asset_cat2,asset_cat3,asset_cat4,asset_brand1,asset_brand1,asset_brand2,asset_brand3,asset_brand4,hr_incidents,incident1,incident1,incident2,incident3,incident4,incident_type1,incident_type1,incident_type2,incident_type3,incident_type4,hr_awards,award1,award1,award2,award3,award4,award_type1,award_type1,award_type2,award_type3,award_type4,hr_travel,travel1,travel1,travel2,travel3,travel4,travel5,travel_type1,travel_type1,travel_type2,travel_type3,travel_type4,travel_calendar,hr_leave,leave1,leave2,leave3,leave4,leave6,leave7,leave_calendar,leave_adjustment,leave_adjustment,leave_adjustment1,leave_adjustment2,leave_adjustment3,leave_adjustment4,leave_type1,leave_type1,leave_type2,leave_type3,leave_type4,overtime_req1,overtime_req1,overtime_req2,overtime_req3,overtime_req4,hr_complaints,complaint1,complaint2,complaint3,complaint4,hr_resignations,resignation1,resignation2,resignation3,resignation4,hr_disciplinary,disciplinary1,disciplinary1,disciplinary2,disciplinary3,disciplinary5,case_type1,case_type1,case_type2,case_type3,case_type4,hr_transfers,transfers1,transfers2,transfers3,transfers4,hr_polls,polls1,polls2,polls3,polls4,hr_suggestions,suggestions1,suggestions2,suggestions3,suggestions4,hr_inventory_control,warehouse1,warehouse1,warehouse2,warehouse3,warehouse4,product1,product1,product2,product3,product4,out_of_stock,expired_product,product_category1,product_category1,product_category2,product_category3,product_category4,supplier1,supplier1,supplier2,supplier3,supplier4,purchases1,purchases1,purchases2,purchases3,purchases4,purchases5,sales_order1,sales_order1,sales_order2,sales_order3,sales_order4,quote_order1,quote_order1,quote_order2,quote_order3,quote_order4,paid_orders,unpaid_orders,packed_orders,delivered_orders,cancelled_orders,hr_staff,staff2,staff2,staff3,staff4,staff5,shift1,shift1,shift2,shift3,shift4,staffexit1,staffexit1,staffexit2,staffexit3,staffexit4,exit_type1,exit_type1,exit_type2,exit_type3,exit_type4,hr_profile,hr_basic_info,hr_personal_info,hr_picture,account_info,hr_documents,change_password,hr_ats,ats2,ats2,ats3,ats4,ats5,candidate,interview,promotion,core_hr,news1,news1,news2,news3,news4,department1,department1,department2,department3,department4,designation1,designation1,designation2,designation3,designation4,policy1,policy1,policy2,policy3,policy4,policy5,org_chart,timesheet,upattendance1,upattendance1,upattendance2,upattendance3,upattendance4,monthly_time,hr_finance,accounts1,accounts1,accounts2,accounts3,accounts4,deposit1,deposit1,deposit2,deposit3,deposit4,expense1,expense1,expense2,expense3,expense4,transaction1,dep_cat1,dep_cat1,dep_cat2,dep_cat3,dep_cat4,exp_cat1,exp_cat1,exp_cat2,exp_cat3,exp_cat4,hr_talent,indicator1,indicator1,indicator2,indicator3,indicator4,appraisal1,appraisal1,appraisal2,appraisal3,appraisal4,competency1,competency1,competency2,competency3,competency4,tracking1,tracking1,tracking2,tracking3,tracking4,tracking5,track_type1,track_type1,track_type2,track_type3,track_type4,track_calendar,hr_clients,client1,client2,client3,client4,hr_leads,leads1,leads2,leads3,leads4,leads5,hr_invoices,invoice1,invoice2,invoice3,invoice4,invoice5,invoice_payments,invoice_calendar,tax_type1,tax_type1,tax_type2,tax_type3,tax_type4,estimate1,estimate2,estimate3,estimate4,estimate5,estimate6,estimate7,estimates_calendar,hr_events,hr_event1,hr_event1,hr_event2,hr_event3,hr_event4,events_calendar,hr_conference,conference1,conference1,conference2,conference3,conference4,conference_calendar,hr_holidays,holiday1,holiday1,holiday2,holiday3,holiday4,holidays_calendar,hr_visitors,visitor1,visitor2,visitor3,visitor4,hr_files,file1,file1,file2,file3,file4,officialfile1,officialfile1,officialfile2,officialfile3,officialfile4,todo_ist,system_calendar,system_reports,system_import,forms_builder', '26-10-2025 09:04:09'),
(41, 724, 'بدون موظفين', '1', '0,attendance,hr_projects,project1,project1,project2,project3,project4,project5,project6,project7,project8,project9,project10,project11,projects_calendar,projects_sboard,hr_tasks,task1,task1,task2,task3,task4,task5,task6,task7,task8,tasks_calendar,tasks_sboard,hr_payroll,pay1,pay1,pay2,pay3,pay_history,hradvance_salary,advance_salary1,advance_salary2,advance_salary3,advance_salary4,hrloan,loan1,loan2,loan3,loan4,hr_helpdesk,helpdesk1,helpdesk2,helpdesk3,helpdesk4,helpdesk5,helpdesk6,helpdesk7,helpdesk8,hr_training,training1,training2,training3,training4,training6,training5,training7,trainer1,trainer1,trainer2,trainer3,trainer4,training_skill1,training_skill1,training_skill2,training_skill3,training_skill4,training_calendar,hr_assets,asset1,asset1,asset2,asset3,asset4,asset_cat1,asset_cat1,asset_cat2,asset_cat3,asset_cat4,asset_brand1,asset_brand1,asset_brand2,asset_brand3,asset_brand4,hr_incidents,incident1,incident1,incident2,incident3,incident4,incident_type1,incident_type1,incident_type2,incident_type3,incident_type4,hr_awards,award1,award1,award2,award3,award4,award_type1,award_type1,award_type2,award_type3,award_type4,hr_travel,travel1,travel1,travel2,travel3,travel4,travel5,travel_type1,travel_type1,travel_type2,travel_type3,travel_type4,travel_calendar,hr_leave,leave1,leave2,leave3,leave4,leave6,leave7,leave_calendar,leave_adjustment,leave_adjustment,leave_adjustment1,leave_adjustment2,leave_adjustment3,leave_adjustment4,leave_type1,leave_type1,leave_type2,leave_type3,leave_type4,overtime_req1,overtime_req1,overtime_req2,overtime_req3,overtime_req4,hr_complaints,complaint1,complaint2,complaint3,complaint4,hr_resignations,resignation1,resignation2,resignation3,resignation4,hr_disciplinary,disciplinary1,disciplinary1,disciplinary2,disciplinary3,disciplinary5,case_type1,case_type1,case_type2,case_type3,case_type4,hr_transfers,transfers1,transfers2,transfers3,transfers4,hr_polls,polls1,polls2,polls3,polls4,hr_suggestions,suggestions1,suggestions2,suggestions3,suggestions4,hr_inventory_control,warehouse1,warehouse1,warehouse2,warehouse3,warehouse4,product1,product1,product2,product3,product4,out_of_stock,expired_product,product_category1,product_category1,product_category2,product_category3,product_category4,supplier1,supplier1,supplier2,supplier3,supplier4,purchases1,purchases1,purchases2,purchases3,purchases4,purchases5,sales_order1,sales_order1,sales_order2,sales_order3,sales_order4,quote_order1,quote_order1,quote_order2,quote_order3,quote_order4,paid_orders,unpaid_orders,packed_orders,delivered_orders,cancelled_orders,hr_ats,ats2,ats2,ats3,ats4,ats5,candidate,interview,promotion,core_hr,news1,news1,news2,news3,news4,department1,department1,department2,department3,department4,designation1,designation1,designation2,designation3,designation4,policy1,policy1,policy2,policy3,policy4,policy5,org_chart,timesheet,upattendance1,upattendance1,upattendance2,upattendance3,upattendance4,monthly_time,hr_finance,accounts1,accounts1,accounts2,accounts3,accounts4,deposit1,deposit1,deposit2,deposit3,deposit4,expense1,expense1,expense2,expense3,expense4,transaction1,dep_cat1,dep_cat1,dep_cat2,dep_cat3,dep_cat4,exp_cat1,exp_cat1,exp_cat2,exp_cat3,exp_cat4,hr_talent,indicator1,indicator1,indicator2,indicator3,indicator4,appraisal1,appraisal1,appraisal2,appraisal3,appraisal4,competency1,competency1,competency2,competency3,competency4,tracking1,tracking1,tracking2,tracking3,tracking4,tracking5,track_type1,track_type1,track_type2,track_type3,track_type4,track_calendar,hr_clients,client1,client2,client3,client4,hr_leads,leads1,leads2,leads3,leads4,leads5,hr_invoices,invoice1,invoice2,invoice3,invoice4,invoice5,invoice_payments,invoice_calendar,tax_type1,tax_type1,tax_type2,tax_type3,tax_type4,estimate1,estimate2,estimate3,estimate4,estimate5,estimate6,estimate7,estimates_calendar,hr_events,hr_event1,hr_event1,hr_event2,hr_event3,hr_event4,events_calendar,hr_conference,conference1,conference1,conference2,conference3,conference4,conference_calendar,hr_holidays,holiday1,holiday1,holiday2,holiday3,holiday4,holidays_calendar,hr_visitors,visitor1,visitor2,visitor3,visitor4,hr_files,file1,file1,file2,file3,file4,officialfile1,officialfile1,officialfile2,officialfile3,officialfile4,todo_ist,system_calendar,system_reports,system_import,forms_builder', '01-11-2025 11:18:28');

-- --------------------------------------------------------

--
